{"id":2192,"date":"2017-12-17T22:41:33","date_gmt":"2017-12-17T22:41:33","guid":{"rendered":"http:\/\/apacame.org.br\/site\/?page_id=2192"},"modified":"2017-12-17T22:41:33","modified_gmt":"2017-12-17T22:41:33","slug":"editorial","status":"publish","type":"page","link":"https:\/\/apacame.org.br\/site\/revista\/mensagem-doce-n-144-novembro-de-2017\/editorial\/","title":{"rendered":"Editorial"},"content":{"rendered":"<h1 style=\"text-align: center;\">EXISTEM CONGRESSOS E CONGRESSOS<\/h1>\n<p><span style=\"font-size: large;\">Nesta edi\u00e7\u00e3o estamos dando \u00eanfase ao 45\u00ba Congresso Internacional de Apicultura, promovido pela APIMONDIA e pela ASSOCIA\u00c7\u00c3O TURCA DE APICULTURA.<\/span><\/p>\n<p><span style=\"font-size: large;\">Al\u00e9m da parte cient\u00edfica, com a apresenta\u00e7\u00e3o de mais de 600 trabalhos na forma de comunica\u00e7\u00e3o oral, simp\u00f3sios, mesa redonda e p\u00f4steres.<\/span><\/p>\n<p><span style=\"font-size: large;\">A ApiExpo esplendorosa ocupando mais de 1.500 m2 de \u00e1rea atendeu plenamente aos anseios dos milhares de congressistas com equipamentos e utens\u00edlio ap\u00edcolas que encheram os olhos de todos os que a visitaram.<\/span><\/p>\n<p><span style=\"font-size: large;\">Tivemos a oportunidade de visitar um dos maiores e bem estruturado Entreposto de Mel do mundo, com capacidade para processar 32.000 toneladas de mel por ano e visitar uma Cooperativa de produtores que participa da produ\u00e7\u00e3o das 94.000 toneladas ano de mel, elevando a Turquia ao posto de 2\u00ba maior produtor de mel do mundo. <\/span><\/p>\n<p><span style=\"font-size: large;\">Considerando as dificuldades por que passa a Turquia, ficamos surpresos e impressionados pela organiza\u00e7\u00e3o profissional impec\u00e1vel e pela qualidade das instala\u00e7\u00f5es do \u201cIstanbul Congress Center\u201d<\/span><\/p>\n<p><span style=\"font-size: large;\">Outro fato que chamou a nossa aten\u00e7\u00e3o foi a organiza\u00e7\u00e3o da apicultura turca onde pudemos sentir a exist\u00eancia de uma pol\u00edtica ap\u00edcola implantada para apoiar os apicultores nas suas atividades, quer nas universidades, com pesquisas, como pelo Minist\u00e9rio da Agricultura no registro dos apicultores turcos.<\/span><\/p>\n<p><span style=\"font-size: large;\">Podemos afirmar sem sombra de d\u00favida que participamos do melhor congresso internacional de apicultura promovido pela APIMONDIA, nos \u00faltimos tempos.<\/span><\/p>\n<p><span style=\"font-size: large;\">De outro lado, o brasileiro, estamos divulgando a realiza\u00e7\u00e3o do 22\u00ba Congresso Brasileiro de Apicultura e o 8\u00ba Congresso Brasileiro de Meliponicultura, os quais ser\u00e3o realizados no per\u00edodo de 16 a 19 de maio de 2018, na cidade de Joinville \u2013 SC.<\/span><\/p>\n<p><span style=\"font-size: large;\">Estes eventos ser\u00e3o a vitrine atual do segmento ap\u00edcola e meliponicula do Brasil e esperamos que os congressos sejam organizados com profissionalismo para se obter o sucesso que eles merecem.<\/span><\/p>\n<p><span style=\"font-size: large;\">Afinal, existem congressos e congressos.<\/span><\/p>\n<p><span style=\"font-size: large;\"><i><b>Constantino Zara Filho \u2013 Presidente Executivo<\/b><\/i><\/span><\/p>\n","protected":false},"excerpt":{"rendered":"<p>EXISTEM CONGRESSOS E CONGRESSOS Nesta edi\u00e7\u00e3o estamos dando \u00eanfase ao 45\u00ba Congresso Internacional de Apicultura, promovido pela APIMONDIA e pela ASSOCIA\u00c7\u00c3O TURCA DE APICULTURA. Al\u00e9m da parte cient\u00edfica, com a [&hellip;]<\/p>\n","protected":false},"author":1,"featured_media":0,"parent":2188,"menu_order":0,"comment_status":"open","ping_status":"open","template":"","meta":{"pmpro_default_level":"","_price":"","_stock":"","_tribe_ticket_header":"","_tribe_default_ticket_provider":"","_tribe_ticket_capacity":"0","_ticket_start_date":"","_ticket_end_date":"","_tribe_ticket_show_description":"","_tribe_ticket_show_not_going":false,"_tribe_ticket_use_global_stock":"","_tribe_ticket_global_stock_level":"","_global_stock_mode":"","_global_stock_cap":"","_tribe_rsvp_for_event":"","_tribe_ticket_going_count":"","_tribe_ticket_not_going_count":"","_tribe_tickets_list":"[]","_tribe_ticket_has_attendee_info_fields":false,"cybocfi_hide_featured_image":"","footnotes":""},"class_list":["post-2192","page","type-page","status-publish","hentry","pmpro-has-access"],"_links":{"self":[{"href":"https:\/\/apacame.org.br\/site\/wp-json\/wp\/v2\/pages\/2192"}],"collection":[{"href":"https:\/\/apacame.org.br\/site\/wp-json\/wp\/v2\/pages"}],"about":[{"href":"https:\/\/apacame.org.br\/site\/wp-json\/wp\/v2\/types\/page"}],"author":[{"embeddable":true,"href":"https:\/\/apacame.org.br\/site\/wp-json\/wp\/v2\/users\/1"}],"replies":[{"embeddable":true,"href":"https:\/\/apacame.org.br\/site\/wp-json\/wp\/v2\/comments?post=2192"}],"version-history":[{"count":1,"href":"https:\/\/apacame.org.br\/site\/wp-json\/wp\/v2\/pages\/2192\/revisions"}],"predecessor-version":[{"id":2193,"href":"https:\/\/apacame.org.br\/site\/wp-json\/wp\/v2\/pages\/2192\/revisions\/2193"}],"up":[{"embeddable":true,"href":"https:\/\/apacame.org.br\/site\/wp-json\/wp\/v2\/pages\/2188"}],"wp:attachment":[{"href":"https:\/\/apacame.org.br\/site\/wp-json\/wp\/v2\/media?parent=2192"}],"curies":[{"name":"wp","href":"https:\/\/api.w.org\/{rel}","templated":true}]}}

<h1 style="text-align: center;">EXISTEM CONGRESSOS E CONGRESSOS</h1>
<p><span style="font-size: large;">Nesta edição estamos dando ênfase ao 45º Congresso Internacional de Apicultura, promovido pela APIMONDIA e pela ASSOCIAÇÃO TURCA DE APICULTURA.</span></p>
<p><span style="font-size: large;">Além da parte científica, com a apresentação de mais de 600 trabalhos na forma de comunicação oral, simpósios, mesa redonda e pôsteres.</span></p>
<p><span style="font-size: large;">A ApiExpo esplendorosa ocupando mais de 1.500 m2 de área atendeu plenamente aos anseios dos milhares de congressistas com equipamentos e utensílio apícolas que encheram os olhos de todos os que a visitaram.</span></p>
<p><span style="font-size: large;">Tivemos a oportunidade de visitar um dos maiores e bem estruturado Entreposto de Mel do mundo, com capacidade para processar 32.000 toneladas de mel por ano e visitar uma Cooperativa de produtores que participa da produção das 94.000 toneladas ano de mel, elevando a Turquia ao posto de 2º maior produtor de mel do mundo. </span></p>
<p><span style="font-size: large;">Considerando as dificuldades por que passa a Turquia, ficamos surpresos e impressionados pela organização profissional impecável e pela qualidade das instalações do “Istanbul Congress Center”</span></p>
<p><span style="font-size: large;">Outro fato que chamou a nossa atenção foi a organização da apicultura turca onde pudemos sentir a existência de uma política apícola implantada para apoiar os apicultores nas suas atividades, quer nas universidades, com pesquisas, como pelo Ministério da Agricultura no registro dos apicultores turcos.</span></p>
<p><span style="font-size: large;">Podemos afirmar sem sombra de dúvida que participamos do melhor congresso internacional de apicultura promovido pela APIMONDIA, nos últimos tempos.</span></p>
<p><span style="font-size: large;">De outro lado, o brasileiro, estamos divulgando a realização do 22º Congresso Brasileiro de Apicultura e o 8º Congresso Brasileiro de Meliponicultura, os quais serão realizados no período de 16 a 19 de maio de 2018, na cidade de Joinville – SC.</span></p>
<p><span style="font-size: large;">Estes eventos serão a vitrine atual do segmento apícola e meliponicula do Brasil e esperamos que os congressos sejam organizados com profissionalismo para se obter o sucesso que eles merecem.</span></p>
<p><span style="font-size: large;">Afinal, existem congressos e congressos.</span></p>
<p><span style="font-size: large;"><i><b>Constantino Zara Filho – Presidente Executivo</b></i></span></p>

<p>EXISTEM CONGRESSOS E CONGRESSOS Nesta edição estamos dando ênfase ao 45º Congresso Internacional de Apicultura, promovido pela APIMONDIA e pela ASSOCIAÇÃO TURCA DE APICULTURA. Além da parte científica, com a [&hellip;]</p>
