{"id":2124,"date":"2017-11-03T12:28:56","date_gmt":"2017-11-03T12:28:56","guid":{"rendered":"http:\/\/apacame.org.br\/site\/?page_id=2124"},"modified":"2017-11-03T12:28:56","modified_gmt":"2017-11-03T12:28:56","slug":"opiniao","status":"publish","type":"page","link":"https:\/\/apacame.org.br\/site\/revista\/mensagem-doce-n-143-setembro-de-2017\/opiniao\/","title":{"rendered":"Opini\u00e3o"},"content":{"rendered":"<h1 style=\"text-align: center;\">TURBUL\u00caNCIAS ENTRE<br \/>\nABELHAS x AGR\u00d3TOXICOS<\/h1>\n<blockquote><p>Eloi Viana da Silva<\/p><\/blockquote>\n<figure id=\"attachment_2125\" aria-describedby=\"caption-attachment-2125\" style=\"width: 300px\" class=\"wp-caption alignright\"><a href=\"https:\/\/apacame.org.br\/site\/wp-content\/uploads\/2017\/11\/esqueceram-de-avisar.jpg\"><img fetchpriority=\"high\" decoding=\"async\" class=\"size-medium wp-image-2125\" src=\"https:\/\/apacame.org.br\/site\/wp-content\/uploads\/2017\/11\/esqueceram-de-avisar-300x225.jpg\" alt=\"Os projetos de lei PL 405 e PL 406, do Deputado Padre Afonso Lobato do PV, que pro\u00edbem a pulveriza\u00e7\u00e3o a\u00e9rea e os efeitos dos agrot\u00f3xicos na apicultura.\" width=\"300\" height=\"225\" srcset=\"https:\/\/apacame.org.br\/site\/wp-content\/uploads\/2017\/11\/esqueceram-de-avisar-300x225.jpg 300w, https:\/\/apacame.org.br\/site\/wp-content\/uploads\/2017\/11\/esqueceram-de-avisar-150x112.jpg 150w, https:\/\/apacame.org.br\/site\/wp-content\/uploads\/2017\/11\/esqueceram-de-avisar-500x374.jpg 500w, https:\/\/apacame.org.br\/site\/wp-content\/uploads\/2017\/11\/esqueceram-de-avisar.jpg 748w\" sizes=\"(max-width: 300px) 100vw, 300px\" \/><\/a><figcaption id=\"caption-attachment-2125\" class=\"wp-caption-text\">Os projetos de lei PL 405 e PL 406, do Deputado Padre Afonso Lobato do PV, que pro\u00edbem a<br \/>pulveriza\u00e7\u00e3o a\u00e9rea e os efeitos dos agrot\u00f3xicos na apicultura.<\/figcaption><\/figure>\n<p><span style=\"font-size: large;\">Mais uma reuni\u00e3o desta vez na C\u00e2mara Municipal de Catanduva no interior de S\u00e3o Paulo, para debater os projetos de lei PL 405 e PL 406, do Deputado Padre Afonso Lobato do PV, em 22 de maio de 2017 data que comemora se o dia do Apicultor e de Santa Rita protetora dos mesmos. Projetos esses que pro\u00edbem a pulveriza\u00e7\u00e3o a\u00e9rea e os efeitos dos agrot\u00f3xicos na apicultura, onde tamb\u00e9m atinge todos os insetos, aves, animais e at\u00e9 o Homem. Programa que estamos debatendo aqui no Estado de S\u00e3o Paulo, Brasil. A pulveriza\u00e7\u00e3o j\u00e1 \u00e9 proibida na Fran\u00e7a, Estados Unidos da Am\u00e9rica (EUA), em boa parte da Europa e mais recentemente na Argentina.<\/span><\/p>\n<p><span style=\"font-size: large;\">Nessa reuni\u00e3o comandada pelo deputado Padre Afonso, onde tivemos as palavras do advogado do sindicato das aeronaves defendendo a classe, e Dona Silvia do sindicato dos produtores de venenos, em seguida o Dr. Ricardo da c\u00e2mera setorial falando sobre a defesa da vida dos insetos, dos p\u00e1ssaros e das pessoas tamb\u00e9m. O Sr. Wilson fez um trabalho muito serio sobre a mortalidade das abelhas na regi\u00e3o com fotos e filmes sobre as abelhas mortas, impressionantes, e distribuiu um informativo (cartilha) (abelhas X agrot\u00f3xicos) aos apicultores e meliponicultores e por fim o Sr. Radam\u00e9s Zovaro diretor t\u00e9cnico da APACAME, fez uma explana\u00e7\u00e3o em defesa das Abelhas e dos apicultores, mais uma vez defendendo a vida.<\/span><\/p>\n<figure id=\"attachment_2126\" aria-describedby=\"caption-attachment-2126\" style=\"width: 300px\" class=\"wp-caption alignleft\"><a href=\"https:\/\/apacame.org.br\/site\/wp-content\/uploads\/2017\/11\/Padre-Lovato.jpg\"><img decoding=\"async\" class=\"size-medium wp-image-2126\" src=\"https:\/\/apacame.org.br\/site\/wp-content\/uploads\/2017\/11\/Padre-Lovato-300x200.jpg\" alt=\"Deputado Padre Afonso Lobato, autor dos Projetos de Lei em discuss\u00e3o.\" width=\"300\" height=\"200\" srcset=\"https:\/\/apacame.org.br\/site\/wp-content\/uploads\/2017\/11\/Padre-Lovato-300x200.jpg 300w, https:\/\/apacame.org.br\/site\/wp-content\/uploads\/2017\/11\/Padre-Lovato-150x100.jpg 150w, https:\/\/apacame.org.br\/site\/wp-content\/uploads\/2017\/11\/Padre-Lovato-500x334.jpg 500w, https:\/\/apacame.org.br\/site\/wp-content\/uploads\/2017\/11\/Padre-Lovato.jpg 748w\" sizes=\"(max-width: 300px) 100vw, 300px\" \/><\/a><figcaption id=\"caption-attachment-2126\" class=\"wp-caption-text\">Deputado Padre Afonso Lobato, autor dos<br \/>Projetos de Lei em discuss\u00e3o.<\/figcaption><\/figure>\n<p><span style=\"font-size: large;\">Ap\u00f3s tudo isso houve a participa\u00e7\u00e3o dos presentes. Havia mais de 100 pessoas, o audit\u00f3rio estava completamente lotado. Com a palavra o Sr. Vanderlei, o mesmo perdeu mais de 1.200 colmeias, mostrou filme e fotos e uma reportagem da TV Tem (local), um filme tamb\u00e9m mostrando o Avi\u00e3o passando v\u00e1rias vezes por cima das casas. O Sr. Vanderlei falou que j\u00e1 est\u00e1 com C\u00e2ncer pelo excesso de venenos, na sua regi\u00e3o. Muito chocante ver tantas Abelhas mortas e a falta de respeito aos moradores do local. Em seguida o Sr. Jo\u00e3o Seabra de Rio Claro contando que perdeu 1.752 Colmeias por causa do veneno, em aplica\u00e7\u00e3o a\u00e9rea e dizendo que agora n\u00e3o tem mais problema, pois n\u00e3o tem mais Abelhas, para serem envenenadas. Em seguida o Sr. Mauricio contando-nos sobre as perdas de todas suas colmeias. Vieram outros defendo a morte o que n\u00e3o vale apena contar. <\/span><\/p>\n<p><span style=\"font-size: large;\">Finalmente o Prof. Espencer da USP Ribeir\u00e3o Preto, tirando o chap\u00e9u para os projetos do deputado Padre Afonso, e fazendo uma explana\u00e7\u00e3o em defesa da vida acima de tudo, e criticando veemente as grandes corpora\u00e7\u00f5es multinacionais que s\u00f3 pensam nos lucros violentamente n\u00e3o se importando com o ecossistema. No local tinha muitos apicultores da regi\u00e3o protestando contra os abusos cometidos por esse Senhor Lucro a qualquer pre\u00e7o. <\/span><\/p>\n<figure id=\"attachment_2127\" aria-describedby=\"caption-attachment-2127\" style=\"width: 300px\" class=\"wp-caption alignright\"><a href=\"https:\/\/apacame.org.br\/site\/wp-content\/uploads\/2017\/11\/Eloi.jpg\"><img decoding=\"async\" class=\"size-medium wp-image-2127\" src=\"https:\/\/apacame.org.br\/site\/wp-content\/uploads\/2017\/11\/Eloi-300x200.jpg\" alt=\"Eloi Viana da Silva em entrevista a TV TEM, diretor da APACAME.\" width=\"300\" height=\"200\" srcset=\"https:\/\/apacame.org.br\/site\/wp-content\/uploads\/2017\/11\/Eloi-300x200.jpg 300w, https:\/\/apacame.org.br\/site\/wp-content\/uploads\/2017\/11\/Eloi-150x100.jpg 150w, https:\/\/apacame.org.br\/site\/wp-content\/uploads\/2017\/11\/Eloi-500x333.jpg 500w, https:\/\/apacame.org.br\/site\/wp-content\/uploads\/2017\/11\/Eloi.jpg 531w\" sizes=\"(max-width: 300px) 100vw, 300px\" \/><\/a><figcaption id=\"caption-attachment-2127\" class=\"wp-caption-text\">Eloi Viana da Silva em entrevista a TV TEM,<br \/>diretor da APACAME.<\/figcaption><\/figure>\n<p><span style=\"font-size: large;\">A APACAME se fez presente na minha pessoa e do nosso companheiro Radam\u00e9s Zovaro que fez parte da Mesa e se manifestou em defesa da abelha, dos apicultores e dos meliponicultores que lotaram o audit\u00f3rio da C\u00e2mara Municipal de Catanduva.<\/span><\/p>\n<p><span style=\"font-size: large;\">Lamento a aus\u00eancia da FAAMESP e da CBA para nos ajudar nesta luta contra os agrot\u00f3xicos.<\/span><\/p>\n<p><span style=\"font-size: large;\">Mas tudo isso n\u00e3o assusta a quem est\u00e1 acostumado com as picadas das Abelhas. Foi isso que aconteceu nessa reuni\u00e3o.<\/span><\/p>\n","protected":false},"excerpt":{"rendered":"<p>TURBUL\u00caNCIAS ENTRE ABELHAS x AGR\u00d3TOXICOS Eloi Viana da Silva Mais uma reuni\u00e3o desta vez na C\u00e2mara Municipal de Catanduva no interior de S\u00e3o Paulo, para debater os projetos de lei [&hellip;]<\/p>\n","protected":false},"author":1,"featured_media":0,"parent":2079,"menu_order":0,"comment_status":"open","ping_status":"open","template":"","meta":{"pmpro_default_level":"","_price":"","_stock":"","_tribe_ticket_header":"","_tribe_default_ticket_provider":"","_tribe_ticket_capacity":"0","_ticket_start_date":"","_ticket_end_date":"","_tribe_ticket_show_description":"","_tribe_ticket_show_not_going":false,"_tribe_ticket_use_global_stock":"","_tribe_ticket_global_stock_level":"","_global_stock_mode":"","_global_stock_cap":"","_tribe_rsvp_for_event":"","_tribe_ticket_going_count":"","_tribe_ticket_not_going_count":"","_tribe_tickets_list":"[]","_tribe_ticket_has_attendee_info_fields":false,"cybocfi_hide_featured_image":"","footnotes":""},"class_list":["post-2124","page","type-page","status-publish","hentry","pmpro-has-access"],"_links":{"self":[{"href":"https:\/\/apacame.org.br\/site\/wp-json\/wp\/v2\/pages\/2124"}],"collection":[{"href":"https:\/\/apacame.org.br\/site\/wp-json\/wp\/v2\/pages"}],"about":[{"href":"https:\/\/apacame.org.br\/site\/wp-json\/wp\/v2\/types\/page"}],"author":[{"embeddable":true,"href":"https:\/\/apacame.org.br\/site\/wp-json\/wp\/v2\/users\/1"}],"replies":[{"embeddable":true,"href":"https:\/\/apacame.org.br\/site\/wp-json\/wp\/v2\/comments?post=2124"}],"version-history":[{"count":2,"href":"https:\/\/apacame.org.br\/site\/wp-json\/wp\/v2\/pages\/2124\/revisions"}],"predecessor-version":[{"id":2129,"href":"https:\/\/apacame.org.br\/site\/wp-json\/wp\/v2\/pages\/2124\/revisions\/2129"}],"up":[{"embeddable":true,"href":"https:\/\/apacame.org.br\/site\/wp-json\/wp\/v2\/pages\/2079"}],"wp:attachment":[{"href":"https:\/\/apacame.org.br\/site\/wp-json\/wp\/v2\/media?parent=2124"}],"curies":[{"name":"wp","href":"https:\/\/api.w.org\/{rel}","templated":true}]}}

Opinião

<h1 style="text-align: center;">TURBULÊNCIAS ENTRE<br />
ABELHAS x AGRÓTOXICOS</h1>
<blockquote><p>Eloi Viana da Silva</p></blockquote>
<figure id="attachment_2125" aria-describedby="caption-attachment-2125" style="width: 300px" class="wp-caption alignright"><a href="https://apacame.org.br/site/wp-content/uploads/2017/11/esqueceram-de-avisar.jpg"><img fetchpriority="high" decoding="async" class="size-medium wp-image-2125" src="https://apacame.org.br/site/wp-content/uploads/2017/11/esqueceram-de-avisar-300x225.jpg" alt="Os projetos de lei PL 405 e PL 406, do Deputado Padre Afonso Lobato do PV, que proíbem a pulverização aérea e os efeitos dos agrotóxicos na apicultura." width="300" height="225" srcset="https://apacame.org.br/site/wp-content/uploads/2017/11/esqueceram-de-avisar-300x225.jpg 300w, https://apacame.org.br/site/wp-content/uploads/2017/11/esqueceram-de-avisar-150x112.jpg 150w, https://apacame.org.br/site/wp-content/uploads/2017/11/esqueceram-de-avisar-500x374.jpg 500w, https://apacame.org.br/site/wp-content/uploads/2017/11/esqueceram-de-avisar.jpg 748w" sizes="(max-width: 300px) 100vw, 300px" /></a><figcaption id="caption-attachment-2125" class="wp-caption-text">Os projetos de lei PL 405 e PL 406, do Deputado Padre Afonso Lobato do PV, que proíbem a<br />pulverização aérea e os efeitos dos agrotóxicos na apicultura.</figcaption></figure>
<p><span style="font-size: large;">Mais uma reunião desta vez na Câmara Municipal de Catanduva no interior de São Paulo, para debater os projetos de lei PL 405 e PL 406, do Deputado Padre Afonso Lobato do PV, em 22 de maio de 2017 data que comemora se o dia do Apicultor e de Santa Rita protetora dos mesmos. Projetos esses que proíbem a pulverização aérea e os efeitos dos agrotóxicos na apicultura, onde também atinge todos os insetos, aves, animais e até o Homem. Programa que estamos debatendo aqui no Estado de São Paulo, Brasil. A pulverização já é proibida na França, Estados Unidos da América (EUA), em boa parte da Europa e mais recentemente na Argentina.</span></p>
<p><span style="font-size: large;">Nessa reunião comandada pelo deputado Padre Afonso, onde tivemos as palavras do advogado do sindicato das aeronaves defendendo a classe, e Dona Silvia do sindicato dos produtores de venenos, em seguida o Dr. Ricardo da câmera setorial falando sobre a defesa da vida dos insetos, dos pássaros e das pessoas também. O Sr. Wilson fez um trabalho muito serio sobre a mortalidade das abelhas na região com fotos e filmes sobre as abelhas mortas, impressionantes, e distribuiu um informativo (cartilha) (abelhas X agrotóxicos) aos apicultores e meliponicultores e por fim o Sr. Radamés Zovaro diretor técnico da APACAME, fez uma explanação em defesa das Abelhas e dos apicultores, mais uma vez defendendo a vida.</span></p>
<figure id="attachment_2126" aria-describedby="caption-attachment-2126" style="width: 300px" class="wp-caption alignleft"><a href="https://apacame.org.br/site/wp-content/uploads/2017/11/Padre-Lovato.jpg"><img decoding="async" class="size-medium wp-image-2126" src="https://apacame.org.br/site/wp-content/uploads/2017/11/Padre-Lovato-300x200.jpg" alt="Deputado Padre Afonso Lobato, autor dos Projetos de Lei em discussão." width="300" height="200" srcset="https://apacame.org.br/site/wp-content/uploads/2017/11/Padre-Lovato-300x200.jpg 300w, https://apacame.org.br/site/wp-content/uploads/2017/11/Padre-Lovato-150x100.jpg 150w, https://apacame.org.br/site/wp-content/uploads/2017/11/Padre-Lovato-500x334.jpg 500w, https://apacame.org.br/site/wp-content/uploads/2017/11/Padre-Lovato.jpg 748w" sizes="(max-width: 300px) 100vw, 300px" /></a><figcaption id="caption-attachment-2126" class="wp-caption-text">Deputado Padre Afonso Lobato, autor dos<br />Projetos de Lei em discussão.</figcaption></figure>
<p><span style="font-size: large;">Após tudo isso houve a participação dos presentes. Havia mais de 100 pessoas, o auditório estava completamente lotado. Com a palavra o Sr. Vanderlei, o mesmo perdeu mais de 1.200 colmeias, mostrou filme e fotos e uma reportagem da TV Tem (local), um filme também mostrando o Avião passando várias vezes por cima das casas. O Sr. Vanderlei falou que já está com Câncer pelo excesso de venenos, na sua região. Muito chocante ver tantas Abelhas mortas e a falta de respeito aos moradores do local. Em seguida o Sr. João Seabra de Rio Claro contando que perdeu 1.752 Colmeias por causa do veneno, em aplicação aérea e dizendo que agora não tem mais problema, pois não tem mais Abelhas, para serem envenenadas. Em seguida o Sr. Mauricio contando-nos sobre as perdas de todas suas colmeias. Vieram outros defendo a morte o que não vale apena contar. </span></p>
<p><span style="font-size: large;">Finalmente o Prof. Espencer da USP Ribeirão Preto, tirando o chapéu para os projetos do deputado Padre Afonso, e fazendo uma explanação em defesa da vida acima de tudo, e criticando veemente as grandes corporações multinacionais que só pensam nos lucros violentamente não se importando com o ecossistema. No local tinha muitos apicultores da região protestando contra os abusos cometidos por esse Senhor Lucro a qualquer preço. </span></p>
<figure id="attachment_2127" aria-describedby="caption-attachment-2127" style="width: 300px" class="wp-caption alignright"><a href="https://apacame.org.br/site/wp-content/uploads/2017/11/Eloi.jpg"><img decoding="async" class="size-medium wp-image-2127" src="https://apacame.org.br/site/wp-content/uploads/2017/11/Eloi-300x200.jpg" alt="Eloi Viana da Silva em entrevista a TV TEM, diretor da APACAME." width="300" height="200" srcset="https://apacame.org.br/site/wp-content/uploads/2017/11/Eloi-300x200.jpg 300w, https://apacame.org.br/site/wp-content/uploads/2017/11/Eloi-150x100.jpg 150w, https://apacame.org.br/site/wp-content/uploads/2017/11/Eloi-500x333.jpg 500w, https://apacame.org.br/site/wp-content/uploads/2017/11/Eloi.jpg 531w" sizes="(max-width: 300px) 100vw, 300px" /></a><figcaption id="caption-attachment-2127" class="wp-caption-text">Eloi Viana da Silva em entrevista a TV TEM,<br />diretor da APACAME.</figcaption></figure>
<p><span style="font-size: large;">A APACAME se fez presente na minha pessoa e do nosso companheiro Radamés Zovaro que fez parte da Mesa e se manifestou em defesa da abelha, dos apicultores e dos meliponicultores que lotaram o auditório da Câmara Municipal de Catanduva.</span></p>
<p><span style="font-size: large;">Lamento a ausência da FAAMESP e da CBA para nos ajudar nesta luta contra os agrotóxicos.</span></p>
<p><span style="font-size: large;">Mas tudo isso não assusta a quem está acostumado com as picadas das Abelhas. Foi isso que aconteceu nessa reunião.</span></p>

<p>TURBULÊNCIAS ENTRE ABELHAS x AGRÓTOXICOS Eloi Viana da Silva Mais uma reunião desta vez na Câmara Municipal de Catanduva no interior de São Paulo, para debater os projetos de lei [&hellip;]</p>
