{"id":2116,"date":"2017-11-02T20:28:57","date_gmt":"2017-11-02T20:28:57","guid":{"rendered":"http:\/\/apacame.org.br\/site\/?page_id=2116"},"modified":"2017-11-02T20:28:57","modified_gmt":"2017-11-02T20:28:57","slug":"atividade-2","status":"publish","type":"page","link":"https:\/\/apacame.org.br\/site\/revista\/mensagem-doce-n-143-setembro-de-2017\/atividade-2\/","title":{"rendered":"Atividade"},"content":{"rendered":"<h1 style=\"text-align: center;\">181\u00ba CURSO DE APICULTUA REALIZADO PELA APACAME<\/h1>\n<p><span style=\"font-size: large;\">Nos dias 15\/16 e 22\/23 de julho de 2017, no Api\u00e1rio Escola da APACAME, localizado no Munic\u00edpio de Santana de Parna\u00edba \u2013 SP, com a participa\u00e7\u00e3o dos Monitores Constantino Zara Filho, Eloi Viana da Silva e \u00c1lvaro Chaves, foi realizado mais um Curso de Apicultura, desta vez o de n\u00famero 181.<\/span><\/p>\n<p><span style=\"font-size: large;\">O Curso eminentemente pr\u00e1tico propiciou aos alunos vivenciarem o dia a dia do apicultor no seu manejo com as abelhas, prepara\u00e7\u00e3o dos equipamentos ap\u00edcolas, montagem do api\u00e1rio e processamento dos produtos produzido pelas abelhas.<\/span><\/p>\n<p><span style=\"font-size: large;\">O grupo muito entusiasmado participou das aulas pr\u00e1ticas e te\u00f3ricas com grande interesse.<\/span><\/p>\n<p><span style=\"font-size: large;\">A APACAME espera que os alunos tenham sucesso na nova atividade.<\/span><\/p>\n<div id='gallery-1' class='gallery galleryid-2116 gallery-columns-2 gallery-size-medium'><figure class='gallery-item'>\n\t\t\t<div class='gallery-icon landscape'>\n\t\t\t\t<a href='https:\/\/apacame.org.br\/site\/wp-content\/uploads\/2017\/11\/Turma-181-apicultura.jpg'><img fetchpriority=\"high\" decoding=\"async\" width=\"300\" height=\"198\" src=\"https:\/\/apacame.org.br\/site\/wp-content\/uploads\/2017\/11\/Turma-181-apicultura-300x198.jpg\" class=\"attachment-medium size-medium\" alt=\"\" aria-describedby=\"gallery-1-2120\" srcset=\"https:\/\/apacame.org.br\/site\/wp-content\/uploads\/2017\/11\/Turma-181-apicultura-300x198.jpg 300w, https:\/\/apacame.org.br\/site\/wp-content\/uploads\/2017\/11\/Turma-181-apicultura-150x99.jpg 150w, https:\/\/apacame.org.br\/site\/wp-content\/uploads\/2017\/11\/Turma-181-apicultura-500x330.jpg 500w, https:\/\/apacame.org.br\/site\/wp-content\/uploads\/2017\/11\/Turma-181-apicultura.jpg 748w\" sizes=\"(max-width: 300px) 100vw, 300px\" \/><\/a>\n\t\t\t<\/div>\n\t\t\t\t<figcaption class='wp-caption-text gallery-caption' id='gallery-1-2120'>\n\t\t\t\tO grupo de alunos e no lado direito de Blusa Azul \u00c1lvaro Chaves e ai seu lado camisa branca Eloi Viana da Silva.\n\t\t\t\t<\/figcaption><\/figure><figure class='gallery-item'>\n\t\t\t<div class='gallery-icon landscape'>\n\t\t\t\t<a href='https:\/\/apacame.org.br\/site\/wp-content\/uploads\/2017\/11\/Criacao-de-rainha-e-producao-de-geleia-real.jpg'><img decoding=\"async\" width=\"300\" height=\"169\" src=\"https:\/\/apacame.org.br\/site\/wp-content\/uploads\/2017\/11\/Criacao-de-rainha-e-producao-de-geleia-real-300x169.jpg\" class=\"attachment-medium size-medium\" alt=\"\" aria-describedby=\"gallery-1-2121\" srcset=\"https:\/\/apacame.org.br\/site\/wp-content\/uploads\/2017\/11\/Criacao-de-rainha-e-producao-de-geleia-real-300x169.jpg 300w, https:\/\/apacame.org.br\/site\/wp-content\/uploads\/2017\/11\/Criacao-de-rainha-e-producao-de-geleia-real-150x84.jpg 150w, https:\/\/apacame.org.br\/site\/wp-content\/uploads\/2017\/11\/Criacao-de-rainha-e-producao-de-geleia-real-500x281.jpg 500w, https:\/\/apacame.org.br\/site\/wp-content\/uploads\/2017\/11\/Criacao-de-rainha-e-producao-de-geleia-real.jpg 748w\" sizes=\"(max-width: 300px) 100vw, 300px\" \/><\/a>\n\t\t\t<\/div>\n\t\t\t\t<figcaption class='wp-caption-text gallery-caption' id='gallery-1-2121'>\n\t\t\t\tAula sobre cria\u00e7\u00e3o de Rainhas e produ\u00e7\u00e3o de geleia real por Constantino Zara Fiho.\n\t\t\t\t<\/figcaption><\/figure><figure class='gallery-item'>\n\t\t\t<div class='gallery-icon landscape'>\n\t\t\t\t<a href='https:\/\/apacame.org.br\/site\/wp-content\/uploads\/2017\/11\/Foto1_Curso.jpg'><img decoding=\"async\" width=\"300\" height=\"169\" src=\"https:\/\/apacame.org.br\/site\/wp-content\/uploads\/2017\/11\/Foto1_Curso-300x169.jpg\" class=\"attachment-medium size-medium\" alt=\"\" aria-describedby=\"gallery-1-2118\" srcset=\"https:\/\/apacame.org.br\/site\/wp-content\/uploads\/2017\/11\/Foto1_Curso-300x169.jpg 300w, https:\/\/apacame.org.br\/site\/wp-content\/uploads\/2017\/11\/Foto1_Curso-150x84.jpg 150w, https:\/\/apacame.org.br\/site\/wp-content\/uploads\/2017\/11\/Foto1_Curso-500x281.jpg 500w, https:\/\/apacame.org.br\/site\/wp-content\/uploads\/2017\/11\/Foto1_Curso.jpg 748w\" sizes=\"(max-width: 300px) 100vw, 300px\" \/><\/a>\n\t\t\t<\/div>\n\t\t\t\t<figcaption class='wp-caption-text gallery-caption' id='gallery-1-2118'>\n\t\t\t\tAula pr\u00e1tica no Api\u00e1rio Escola da APACAME.\n\t\t\t\t<\/figcaption><\/figure><figure class='gallery-item'>\n\t\t\t<div class='gallery-icon portrait'>\n\t\t\t\t<a href='https:\/\/apacame.org.br\/site\/wp-content\/uploads\/2017\/11\/Participantes.jpg'><img loading=\"lazy\" decoding=\"async\" width=\"246\" height=\"300\" src=\"https:\/\/apacame.org.br\/site\/wp-content\/uploads\/2017\/11\/Participantes-246x300.jpg\" class=\"attachment-medium size-medium\" alt=\"\" srcset=\"https:\/\/apacame.org.br\/site\/wp-content\/uploads\/2017\/11\/Participantes-246x300.jpg 246w, https:\/\/apacame.org.br\/site\/wp-content\/uploads\/2017\/11\/Participantes-150x183.jpg 150w, https:\/\/apacame.org.br\/site\/wp-content\/uploads\/2017\/11\/Participantes-411x500.jpg 411w, https:\/\/apacame.org.br\/site\/wp-content\/uploads\/2017\/11\/Participantes.jpg 585w\" sizes=\"(max-width: 246px) 100vw, 246px\" \/><\/a>\n\t\t\t<\/div><\/figure>\n\t\t<\/div>\n\n","protected":false},"excerpt":{"rendered":"<p>181\u00ba CURSO DE APICULTUA REALIZADO PELA APACAME Nos dias 15\/16 e 22\/23 de julho de 2017, no Api\u00e1rio Escola da APACAME, localizado no Munic\u00edpio de Santana de Parna\u00edba \u2013 SP, [&hellip;]<\/p>\n","protected":false},"author":1,"featured_media":0,"parent":2079,"menu_order":0,"comment_status":"open","ping_status":"open","template":"","meta":{"pmpro_default_level":"","_price":"","_stock":"","_tribe_ticket_header":"","_tribe_default_ticket_provider":"","_tribe_ticket_capacity":"0","_ticket_start_date":"","_ticket_end_date":"","_tribe_ticket_show_description":"","_tribe_ticket_show_not_going":false,"_tribe_ticket_use_global_stock":"","_tribe_ticket_global_stock_level":"","_global_stock_mode":"","_global_stock_cap":"","_tribe_rsvp_for_event":"","_tribe_ticket_going_count":"","_tribe_ticket_not_going_count":"","_tribe_tickets_list":"[]","_tribe_ticket_has_attendee_info_fields":false,"cybocfi_hide_featured_image":"","footnotes":""},"class_list":["post-2116","page","type-page","status-publish","hentry","pmpro-has-access"],"_links":{"self":[{"href":"https:\/\/apacame.org.br\/site\/wp-json\/wp\/v2\/pages\/2116"}],"collection":[{"href":"https:\/\/apacame.org.br\/site\/wp-json\/wp\/v2\/pages"}],"about":[{"href":"https:\/\/apacame.org.br\/site\/wp-json\/wp\/v2\/types\/page"}],"author":[{"embeddable":true,"href":"https:\/\/apacame.org.br\/site\/wp-json\/wp\/v2\/users\/1"}],"replies":[{"embeddable":true,"href":"https:\/\/apacame.org.br\/site\/wp-json\/wp\/v2\/comments?post=2116"}],"version-history":[{"count":2,"href":"https:\/\/apacame.org.br\/site\/wp-json\/wp\/v2\/pages\/2116\/revisions"}],"predecessor-version":[{"id":2123,"href":"https:\/\/apacame.org.br\/site\/wp-json\/wp\/v2\/pages\/2116\/revisions\/2123"}],"up":[{"embeddable":true,"href":"https:\/\/apacame.org.br\/site\/wp-json\/wp\/v2\/pages\/2079"}],"wp:attachment":[{"href":"https:\/\/apacame.org.br\/site\/wp-json\/wp\/v2\/media?parent=2116"}],"curies":[{"name":"wp","href":"https:\/\/api.w.org\/{rel}","templated":true}]}}

<h1 style="text-align: center;">181º CURSO DE APICULTUA REALIZADO PELA APACAME</h1>
<p><span style="font-size: large;">Nos dias 15/16 e 22/23 de julho de 2017, no Apiário Escola da APACAME, localizado no Município de Santana de Parnaíba – SP, com a participação dos Monitores Constantino Zara Filho, Eloi Viana da Silva e Álvaro Chaves, foi realizado mais um Curso de Apicultura, desta vez o de número 181.</span></p>
<p><span style="font-size: large;">O Curso eminentemente prático propiciou aos alunos vivenciarem o dia a dia do apicultor no seu manejo com as abelhas, preparação dos equipamentos apícolas, montagem do apiário e processamento dos produtos produzido pelas abelhas.</span></p>
<p><span style="font-size: large;">O grupo muito entusiasmado participou das aulas práticas e teóricas com grande interesse.</span></p>
<p><span style="font-size: large;">A APACAME espera que os alunos tenham sucesso na nova atividade.</span></p>
<div id='gallery-1' class='gallery galleryid-2116 gallery-columns-2 gallery-size-medium'><figure class='gallery-item'>
			<div class='gallery-icon landscape'>
				<a href='https://apacame.org.br/site/wp-content/uploads/2017/11/Turma-181-apicultura.jpg'><img fetchpriority="high" decoding="async" width="300" height="198" src="https://apacame.org.br/site/wp-content/uploads/2017/11/Turma-181-apicultura-300x198.jpg" class="attachment-medium size-medium" alt="" aria-describedby="gallery-1-2120" srcset="https://apacame.org.br/site/wp-content/uploads/2017/11/Turma-181-apicultura-300x198.jpg 300w, https://apacame.org.br/site/wp-content/uploads/2017/11/Turma-181-apicultura-150x99.jpg 150w, https://apacame.org.br/site/wp-content/uploads/2017/11/Turma-181-apicultura-500x330.jpg 500w, https://apacame.org.br/site/wp-content/uploads/2017/11/Turma-181-apicultura.jpg 748w" sizes="(max-width: 300px) 100vw, 300px" /></a>
			</div>
				<figcaption class='wp-caption-text gallery-caption' id='gallery-1-2120'>
				O grupo de alunos e no lado direito de Blusa Azul Álvaro Chaves e ai seu lado camisa branca Eloi Viana da Silva.
				</figcaption></figure><figure class='gallery-item'>
			<div class='gallery-icon landscape'>
				<a href='https://apacame.org.br/site/wp-content/uploads/2017/11/Criacao-de-rainha-e-producao-de-geleia-real.jpg'><img decoding="async" width="300" height="169" src="https://apacame.org.br/site/wp-content/uploads/2017/11/Criacao-de-rainha-e-producao-de-geleia-real-300x169.jpg" class="attachment-medium size-medium" alt="" aria-describedby="gallery-1-2121" srcset="https://apacame.org.br/site/wp-content/uploads/2017/11/Criacao-de-rainha-e-producao-de-geleia-real-300x169.jpg 300w, https://apacame.org.br/site/wp-content/uploads/2017/11/Criacao-de-rainha-e-producao-de-geleia-real-150x84.jpg 150w, https://apacame.org.br/site/wp-content/uploads/2017/11/Criacao-de-rainha-e-producao-de-geleia-real-500x281.jpg 500w, https://apacame.org.br/site/wp-content/uploads/2017/11/Criacao-de-rainha-e-producao-de-geleia-real.jpg 748w" sizes="(max-width: 300px) 100vw, 300px" /></a>
			</div>
				<figcaption class='wp-caption-text gallery-caption' id='gallery-1-2121'>
				Aula sobre criação de Rainhas e produção de geleia real por Constantino Zara Fiho.
				</figcaption></figure><figure class='gallery-item'>
			<div class='gallery-icon landscape'>
				<a href='https://apacame.org.br/site/wp-content/uploads/2017/11/Foto1_Curso.jpg'><img decoding="async" width="300" height="169" src="https://apacame.org.br/site/wp-content/uploads/2017/11/Foto1_Curso-300x169.jpg" class="attachment-medium size-medium" alt="" aria-describedby="gallery-1-2118" srcset="https://apacame.org.br/site/wp-content/uploads/2017/11/Foto1_Curso-300x169.jpg 300w, https://apacame.org.br/site/wp-content/uploads/2017/11/Foto1_Curso-150x84.jpg 150w, https://apacame.org.br/site/wp-content/uploads/2017/11/Foto1_Curso-500x281.jpg 500w, https://apacame.org.br/site/wp-content/uploads/2017/11/Foto1_Curso.jpg 748w" sizes="(max-width: 300px) 100vw, 300px" /></a>
			</div>
				<figcaption class='wp-caption-text gallery-caption' id='gallery-1-2118'>
				Aula prática no Apiário Escola da APACAME.
				</figcaption></figure><figure class='gallery-item'>
			<div class='gallery-icon portrait'>
				<a href='https://apacame.org.br/site/wp-content/uploads/2017/11/Participantes.jpg'><img loading="lazy" decoding="async" width="246" height="300" src="https://apacame.org.br/site/wp-content/uploads/2017/11/Participantes-246x300.jpg" class="attachment-medium size-medium" alt="" srcset="https://apacame.org.br/site/wp-content/uploads/2017/11/Participantes-246x300.jpg 246w, https://apacame.org.br/site/wp-content/uploads/2017/11/Participantes-150x183.jpg 150w, https://apacame.org.br/site/wp-content/uploads/2017/11/Participantes-411x500.jpg 411w, https://apacame.org.br/site/wp-content/uploads/2017/11/Participantes.jpg 585w" sizes="(max-width: 246px) 100vw, 246px" /></a>
			</div></figure>
		</div>

<p>181º CURSO DE APICULTUA REALIZADO PELA APACAME Nos dias 15/16 e 22/23 de julho de 2017, no Apiário Escola da APACAME, localizado no Município de Santana de Parnaíba – SP, [&hellip;]</p>
