{"id":2038,"date":"2017-08-11T20:19:42","date_gmt":"2017-08-11T20:19:42","guid":{"rendered":"http:\/\/apacame.org.br\/site\/?page_id=2038"},"modified":"2017-08-11T20:19:42","modified_gmt":"2017-08-11T20:19:42","slug":"atividade-3","status":"publish","type":"page","link":"https:\/\/apacame.org.br\/site\/revista\/mensagem-doce-n-142-julho-de-2017\/atividade-3\/","title":{"rendered":"Atividade"},"content":{"rendered":"<h1 style=\"text-align: center;\">Criada ONG em defesa das abelhas em Ribeir\u00e3o Preto<\/h1>\n<blockquote><p>Conceito Comunica\u00e7\u00e3o (16) 3621-3252 &#8211; Gustavo Junqueira \/ Laura Ravagnani<\/p><\/blockquote>\n<p><span style=\"font-size: large;\"><a href=\"https:\/\/apacame.org.br\/site\/wp-content\/uploads\/2017\/08\/SemAbelhasSemAlimentos.jpg\"><img decoding=\"async\" class=\"alignleft size-medium wp-image-2045\" src=\"https:\/\/apacame.org.br\/site\/wp-content\/uploads\/2017\/08\/SemAbelhasSemAlimentos-300x95.jpg\" alt=\"\" width=\"300\" height=\"95\" srcset=\"https:\/\/apacame.org.br\/site\/wp-content\/uploads\/2017\/08\/SemAbelhasSemAlimentos-300x95.jpg 300w, https:\/\/apacame.org.br\/site\/wp-content\/uploads\/2017\/08\/SemAbelhasSemAlimentos-150x47.jpg 150w, https:\/\/apacame.org.br\/site\/wp-content\/uploads\/2017\/08\/SemAbelhasSemAlimentos-500x158.jpg 500w, https:\/\/apacame.org.br\/site\/wp-content\/uploads\/2017\/08\/SemAbelhasSemAlimentos.jpg 561w\" sizes=\"(max-width: 300px) 100vw, 300px\" \/><\/a>No s\u00e1bado, dia 20 de maio, no Anfiteatro do Edif\u00edcio Iguatemi Empresarial, aconteceu a cerim\u00f4nia de cria\u00e7\u00e3o da Organiza\u00e7\u00e3o de Prote\u00e7\u00e3o \u00e0s Abelhas Bee or not to be, associa\u00e7\u00e3o socioambientalista formada por cientistas, professores, produtores, empres\u00e1rios, agricultores, autoridades e defensores da preserva\u00e7\u00e3o das abelhas, os principais polinizadores do planeta, respons\u00e1veis diretamente pela produ\u00e7\u00e3o de mais de 70% das culturas agr\u00edcolas e de 85% das plantas com flores.<\/span><\/p>\n<p><span style=\"font-size: large;\">Junto com a assembleia de constitui\u00e7\u00e3o da ONG, a programa\u00e7\u00e3o do evento contou com palestras de especialistas no assunto, entre elas &#8220;O desaparecimento das abelhas&#8221;, ministrada pelo Prof. Dr. Lionel Segui Gon\u00e7alves, especialista em gen\u00e9tica de abelhas, da USP-RP e UFERSA\/RN, e presidente da ONG Bee or not to be. Al\u00e9m disso, houve o lan\u00e7amento da segunda edi\u00e7\u00e3o do j\u00e1 bem-sucedido &#8220;Caderno de Atividades para Educa\u00e7\u00e3o Ambiental: Sem Abelha, Sem Alimento&#8221;, dos autores Rosane Peruchi e Lionel Gon\u00e7alves, que traz um rico conte\u00fado pedag\u00f3gico para alunos das s\u00e9ries iniciais do Ensino Fundamental.<\/span><\/p>\n<div id='gallery-1' class='gallery galleryid-2038 gallery-columns-3 gallery-size-medium'><figure class='gallery-item'>\n\t\t\t<div class='gallery-icon landscape'>\n\t\t\t\t<a href='https:\/\/apacame.org.br\/site\/wp-content\/uploads\/2017\/08\/Foto2_Palestra_Ong.jpg'><img fetchpriority=\"high\" decoding=\"async\" width=\"300\" height=\"225\" src=\"https:\/\/apacame.org.br\/site\/wp-content\/uploads\/2017\/08\/Foto2_Palestra_Ong-300x225.jpg\" class=\"attachment-medium size-medium\" alt=\"\" aria-describedby=\"gallery-1-2040\" srcset=\"https:\/\/apacame.org.br\/site\/wp-content\/uploads\/2017\/08\/Foto2_Palestra_Ong-300x225.jpg 300w, https:\/\/apacame.org.br\/site\/wp-content\/uploads\/2017\/08\/Foto2_Palestra_Ong-150x113.jpg 150w, https:\/\/apacame.org.br\/site\/wp-content\/uploads\/2017\/08\/Foto2_Palestra_Ong-500x375.jpg 500w, https:\/\/apacame.org.br\/site\/wp-content\/uploads\/2017\/08\/Foto2_Palestra_Ong.jpg 561w\" sizes=\"(max-width: 300px) 100vw, 300px\" \/><\/a>\n\t\t\t<\/div>\n\t\t\t\t<figcaption class='wp-caption-text gallery-caption' id='gallery-1-2040'>\n\t\t\t\tKatia Peres Gramacho realiza a palestra &#8220;A import\u00e2ncia das abelhas, poliniza\u00e7\u00e3o e agricultura&#8221;, durante o evento da ONG Bee or not to be.\n\t\t\t\t<\/figcaption><\/figure><figure class='gallery-item'>\n\t\t\t<div class='gallery-icon landscape'>\n\t\t\t\t<a href='https:\/\/apacame.org.br\/site\/wp-content\/uploads\/2017\/08\/prof-Lionel.jpg'><img decoding=\"async\" width=\"300\" height=\"169\" src=\"https:\/\/apacame.org.br\/site\/wp-content\/uploads\/2017\/08\/prof-Lionel-300x169.jpg\" class=\"attachment-medium size-medium\" alt=\"\" aria-describedby=\"gallery-1-2044\" srcset=\"https:\/\/apacame.org.br\/site\/wp-content\/uploads\/2017\/08\/prof-Lionel-300x169.jpg 300w, https:\/\/apacame.org.br\/site\/wp-content\/uploads\/2017\/08\/prof-Lionel-150x84.jpg 150w, https:\/\/apacame.org.br\/site\/wp-content\/uploads\/2017\/08\/prof-Lionel-500x281.jpg 500w, https:\/\/apacame.org.br\/site\/wp-content\/uploads\/2017\/08\/prof-Lionel.jpg 878w\" sizes=\"(max-width: 300px) 100vw, 300px\" \/><\/a>\n\t\t\t<\/div>\n\t\t\t\t<figcaption class='wp-caption-text gallery-caption' id='gallery-1-2044'>\n\t\t\t\tO prof. Dr Lionel Segui Gon\u00e7alves, presidente da ONG Bee or not to Be, confere sua palestra sobre o Desaparecimento das abelhas.\n\t\t\t\t<\/figcaption><\/figure><figure class='gallery-item'>\n\t\t\t<div class='gallery-icon landscape'>\n\t\t\t\t<a href='https:\/\/apacame.org.br\/site\/wp-content\/uploads\/2017\/08\/Foto4_Palestra_Ong.jpg'><img loading=\"lazy\" decoding=\"async\" width=\"300\" height=\"225\" src=\"https:\/\/apacame.org.br\/site\/wp-content\/uploads\/2017\/08\/Foto4_Palestra_Ong-300x225.jpg\" class=\"attachment-medium size-medium\" alt=\"\" aria-describedby=\"gallery-1-2041\" srcset=\"https:\/\/apacame.org.br\/site\/wp-content\/uploads\/2017\/08\/Foto4_Palestra_Ong-300x225.jpg 300w, https:\/\/apacame.org.br\/site\/wp-content\/uploads\/2017\/08\/Foto4_Palestra_Ong-150x113.jpg 150w, https:\/\/apacame.org.br\/site\/wp-content\/uploads\/2017\/08\/Foto4_Palestra_Ong-500x375.jpg 500w, https:\/\/apacame.org.br\/site\/wp-content\/uploads\/2017\/08\/Foto4_Palestra_Ong.jpg 561w\" sizes=\"(max-width: 300px) 100vw, 300px\" \/><\/a>\n\t\t\t<\/div>\n\t\t\t\t<figcaption class='wp-caption-text gallery-caption' id='gallery-1-2041'>\n\t\t\t\tVista Parcial dos participantes.\n\t\t\t\t<\/figcaption><\/figure><figure class='gallery-item'>\n\t\t\t<div class='gallery-icon landscape'>\n\t\t\t\t<a href='https:\/\/apacame.org.br\/site\/wp-content\/uploads\/2017\/08\/Foto1_Participantes_Ong.jpg'><img loading=\"lazy\" decoding=\"async\" width=\"300\" height=\"142\" src=\"https:\/\/apacame.org.br\/site\/wp-content\/uploads\/2017\/08\/Foto1_Participantes_Ong-300x142.jpg\" class=\"attachment-medium size-medium\" alt=\"\" aria-describedby=\"gallery-1-2039\" srcset=\"https:\/\/apacame.org.br\/site\/wp-content\/uploads\/2017\/08\/Foto1_Participantes_Ong-300x142.jpg 300w, https:\/\/apacame.org.br\/site\/wp-content\/uploads\/2017\/08\/Foto1_Participantes_Ong-1024x484.jpg 1024w, https:\/\/apacame.org.br\/site\/wp-content\/uploads\/2017\/08\/Foto1_Participantes_Ong-150x71.jpg 150w, https:\/\/apacame.org.br\/site\/wp-content\/uploads\/2017\/08\/Foto1_Participantes_Ong-500x237.jpg 500w, https:\/\/apacame.org.br\/site\/wp-content\/uploads\/2017\/08\/Foto1_Participantes_Ong.jpg 1152w\" sizes=\"(max-width: 300px) 100vw, 300px\" \/><\/a>\n\t\t\t<\/div>\n\t\t\t\t<figcaption class='wp-caption-text gallery-caption' id='gallery-1-2039'>\n\t\t\t\tParticipantes da funda\u00e7\u00e3o da ONG.\n\t\t\t\t<\/figcaption><\/figure><figure class='gallery-item'>\n\t\t\t<div class='gallery-icon landscape'>\n\t\t\t\t<a href='https:\/\/apacame.org.br\/site\/wp-content\/uploads\/2017\/08\/Foto6_exposi\u00e7\u00e3o_Ong.jpg'><img loading=\"lazy\" decoding=\"async\" width=\"300\" height=\"192\" src=\"https:\/\/apacame.org.br\/site\/wp-content\/uploads\/2017\/08\/Foto6_exposi\u00e7\u00e3o_Ong-300x192.jpg\" class=\"attachment-medium size-medium\" alt=\"\" aria-describedby=\"gallery-1-2042\" srcset=\"https:\/\/apacame.org.br\/site\/wp-content\/uploads\/2017\/08\/Foto6_exposi\u00e7\u00e3o_Ong-300x192.jpg 300w, https:\/\/apacame.org.br\/site\/wp-content\/uploads\/2017\/08\/Foto6_exposi\u00e7\u00e3o_Ong-150x96.jpg 150w, https:\/\/apacame.org.br\/site\/wp-content\/uploads\/2017\/08\/Foto6_exposi\u00e7\u00e3o_Ong-500x319.jpg 500w, https:\/\/apacame.org.br\/site\/wp-content\/uploads\/2017\/08\/Foto6_exposi\u00e7\u00e3o_Ong.jpg 698w\" sizes=\"(max-width: 300px) 100vw, 300px\" \/><\/a>\n\t\t\t<\/div>\n\t\t\t\t<figcaption class='wp-caption-text gallery-caption' id='gallery-1-2042'>\n\t\t\t\tExposi\u00e7\u00e3o Fotogr\u00e1fica &#8220;Sem Abelha, Sem Alimento: um olhar atento \u00e0 biodiversidade dos maiores polinizadores da Natureza, do fot\u00f3grafo Sidney Cardoso, e curadoria da ONG Bee or Not to to Be.\n\t\t\t\t<\/figcaption><\/figure><figure class='gallery-item'>\n\t\t\t<div class='gallery-icon landscape'>\n\t\t\t\t<a href='https:\/\/apacame.org.br\/site\/wp-content\/uploads\/2017\/08\/Lionel_zara_eloi.jpg'><img loading=\"lazy\" decoding=\"async\" width=\"300\" height=\"263\" src=\"https:\/\/apacame.org.br\/site\/wp-content\/uploads\/2017\/08\/Lionel_zara_eloi-300x263.jpg\" class=\"attachment-medium size-medium\" alt=\"\" aria-describedby=\"gallery-1-2043\" srcset=\"https:\/\/apacame.org.br\/site\/wp-content\/uploads\/2017\/08\/Lionel_zara_eloi-300x263.jpg 300w, https:\/\/apacame.org.br\/site\/wp-content\/uploads\/2017\/08\/Lionel_zara_eloi-150x132.jpg 150w, https:\/\/apacame.org.br\/site\/wp-content\/uploads\/2017\/08\/Lionel_zara_eloi-500x439.jpg 500w, https:\/\/apacame.org.br\/site\/wp-content\/uploads\/2017\/08\/Lionel_zara_eloi.jpg 561w\" sizes=\"(max-width: 300px) 100vw, 300px\" \/><\/a>\n\t\t\t<\/div>\n\t\t\t\t<figcaption class='wp-caption-text gallery-caption' id='gallery-1-2043'>\n\t\t\t\tConstantino Zara, presidente da APACAME, juntamente com Prof. Dr. Lionel Segui Gon\u00e7alves e o apicultor Eloi Viana\n\t\t\t\t<\/figcaption><\/figure>\n\t\t<\/div>\n\n","protected":false},"excerpt":{"rendered":"<p>Criada ONG em defesa das abelhas em Ribeir\u00e3o Preto Conceito Comunica\u00e7\u00e3o (16) 3621-3252 &#8211; Gustavo Junqueira \/ Laura Ravagnani No s\u00e1bado, dia 20 de maio, no Anfiteatro do Edif\u00edcio Iguatemi [&hellip;]<\/p>\n","protected":false},"author":1,"featured_media":0,"parent":1976,"menu_order":0,"comment_status":"open","ping_status":"open","template":"","meta":{"pmpro_default_level":"","_price":"","_stock":"","_tribe_ticket_header":"","_tribe_default_ticket_provider":"","_tribe_ticket_capacity":"0","_ticket_start_date":"","_ticket_end_date":"","_tribe_ticket_show_description":"","_tribe_ticket_show_not_going":false,"_tribe_ticket_use_global_stock":"","_tribe_ticket_global_stock_level":"","_global_stock_mode":"","_global_stock_cap":"","_tribe_rsvp_for_event":"","_tribe_ticket_going_count":"","_tribe_ticket_not_going_count":"","_tribe_tickets_list":"[]","_tribe_ticket_has_attendee_info_fields":false,"cybocfi_hide_featured_image":"","footnotes":""},"class_list":["post-2038","page","type-page","status-publish","hentry","pmpro-has-access"],"_links":{"self":[{"href":"https:\/\/apacame.org.br\/site\/wp-json\/wp\/v2\/pages\/2038"}],"collection":[{"href":"https:\/\/apacame.org.br\/site\/wp-json\/wp\/v2\/pages"}],"about":[{"href":"https:\/\/apacame.org.br\/site\/wp-json\/wp\/v2\/types\/page"}],"author":[{"embeddable":true,"href":"https:\/\/apacame.org.br\/site\/wp-json\/wp\/v2\/users\/1"}],"replies":[{"embeddable":true,"href":"https:\/\/apacame.org.br\/site\/wp-json\/wp\/v2\/comments?post=2038"}],"version-history":[{"count":2,"href":"https:\/\/apacame.org.br\/site\/wp-json\/wp\/v2\/pages\/2038\/revisions"}],"predecessor-version":[{"id":2047,"href":"https:\/\/apacame.org.br\/site\/wp-json\/wp\/v2\/pages\/2038\/revisions\/2047"}],"up":[{"embeddable":true,"href":"https:\/\/apacame.org.br\/site\/wp-json\/wp\/v2\/pages\/1976"}],"wp:attachment":[{"href":"https:\/\/apacame.org.br\/site\/wp-json\/wp\/v2\/media?parent=2038"}],"curies":[{"name":"wp","href":"https:\/\/api.w.org\/{rel}","templated":true}]}}