{"id":1982,"date":"2017-08-10T17:32:06","date_gmt":"2017-08-10T17:32:06","guid":{"rendered":"http:\/\/apacame.org.br\/site\/?page_id=1982"},"modified":"2017-08-10T17:32:06","modified_gmt":"2017-08-10T17:32:06","slug":"editorial","status":"publish","type":"page","link":"https:\/\/apacame.org.br\/site\/revista\/mensagem-doce-n-142-julho-de-2017\/editorial\/","title":{"rendered":"Editorial"},"content":{"rendered":"<h1 style=\"text-align: center;\">AFINAL, EXISTE SOLU\u00c7\u00c3O?<\/h1>\n<p><span style=\"font-size: large;\">A apicultura e a meliponicultura mundial enfrentam um grave problema que \u00e9 a mortalidade das abelhas.<\/span><\/p>\n<p><span style=\"font-size: large;\">Este \u00e9 um assunto que vem preocupando governantes, autoridades, pesquisadores, apicultores e meliponicultores em todos os pa\u00edses.<\/span><\/p>\n<p><span style=\"font-size: large;\">No Brasil a mortalidade vem ocorrendo atingindo diretamente os apicultores profissionais que, por for\u00e7a de of\u00edcio, s\u00e3o obrigados a praticar a apicultura migrat\u00f3ria.<\/span><\/p>\n<p><span style=\"font-size: large;\">Inegavelmente, entre-nos, a mortalidade das abelhas est\u00e1 ligada, em grande parte, a utiliza\u00e7\u00e3o e aplica\u00e7\u00e3o, em larga escala, dos agrot\u00f3xicos, nas propriedades rurais exploradas pelos apicultores profissionais.<\/span><\/p>\n<p><span style=\"font-size: large;\">O Estado de S\u00e3o Paulo, numa iniciativa do Deputado Estadual Padre Afonso Lobato, do PV que apresentou dois Projetos de Lei em tramita\u00e7\u00e3o na Assembleia Legislativa, o <\/span><\/p>\n<p><span style=\"font-size: large;\">PL 405\/2016 que trata da proibi\u00e7\u00e3o da pulveriza\u00e7\u00e3o a\u00e9rea dos defensivos agr\u00edcolas no Estado de S\u00e3o Paulo e o PL 406\/2106 que trata da proibi\u00e7\u00e3o do uso e comercializa\u00e7\u00e3o de defensivos agr\u00edcolas que contenham Clotianidina, Tiametoxam e Imidaclopride em sua composi\u00e7\u00e3o, o assunto vem sendo amplamente discutido em reuni\u00f5es e audi\u00eancias p\u00fablicas.<\/span><\/p>\n<p><span style=\"font-size: large;\">Tanto o representante das ind\u00fastrias de agrot\u00f3xicos, bem como, o representante da Avia\u00e7\u00e3o Agr\u00edcola concorda que os agrot\u00f3xicos, se atingirem as abelhas, s\u00e3o letais para elas.<\/span><\/p>\n<p><span style=\"font-size: large;\">A APACAME tem comparecido a todas as reuni\u00f5es e audi\u00eancias buscando uma solu\u00e7\u00e3o para este grave problema.<\/span><\/p>\n<p><span style=\"font-size: large;\">N\u00e3o podemos esquecer que a utiliza\u00e7\u00e3o dos agrot\u00f3xicos tem afetado o Meio-Ambiente como um todo causando s\u00e9rios problemas \u00e0 Fauna, rios, len\u00e7\u00f3is fre\u00e1ticos e principalmente \u00e0s pessoas que trabalham nas propriedades rurais ou vivem no entorno das \u00e1reas pulverizadas.<\/span><\/p>\n<p><span style=\"font-size: large;\">Evidentemente que o nosso foco nas reuni\u00f5es e audi\u00eancias p\u00fablicas s\u00e3o as abelhas Apis e as Abelhas Ind\u00edgenas Sem Ferr\u00e3o.<\/span><\/p>\n<p><span style=\"font-size: large;\">Como o assunto atinge todo o Pa\u00eds acredito que todos os Estados da Federa\u00e7\u00e3o deveriam tomar iniciativas como a do Deputado Padre Afonso Lobato que for\u00e7ou a aproxima\u00e7\u00e3o das partes envolvidas, num di\u00e1logo civilizado, no intuito de se achar uma solu\u00e7\u00e3o para o problema.<\/span><\/p>\n<p><span style=\"font-size: large;\">Afinal, existe solu\u00e7\u00e3o?<\/span><\/p>\n<p><span style=\"font-size: large;\">Constantino Zara Filho \u2013 Presidente Executivo<\/span><\/p>\n","protected":false},"excerpt":{"rendered":"<p>AFINAL, EXISTE SOLU\u00c7\u00c3O? A apicultura e a meliponicultura mundial enfrentam um grave problema que \u00e9 a mortalidade das abelhas. Este \u00e9 um assunto que vem preocupando governantes, autoridades, pesquisadores, apicultores [&hellip;]<\/p>\n","protected":false},"author":1,"featured_media":0,"parent":1976,"menu_order":0,"comment_status":"open","ping_status":"open","template":"","meta":{"pmpro_default_level":"","_price":"","_stock":"","_tribe_ticket_header":"","_tribe_default_ticket_provider":"","_tribe_ticket_capacity":"0","_ticket_start_date":"","_ticket_end_date":"","_tribe_ticket_show_description":"","_tribe_ticket_show_not_going":false,"_tribe_ticket_use_global_stock":"","_tribe_ticket_global_stock_level":"","_global_stock_mode":"","_global_stock_cap":"","_tribe_rsvp_for_event":"","_tribe_ticket_going_count":"","_tribe_ticket_not_going_count":"","_tribe_tickets_list":"[]","_tribe_ticket_has_attendee_info_fields":false,"cybocfi_hide_featured_image":"","footnotes":""},"class_list":["post-1982","page","type-page","status-publish","hentry","pmpro-has-access"],"_links":{"self":[{"href":"https:\/\/apacame.org.br\/site\/wp-json\/wp\/v2\/pages\/1982"}],"collection":[{"href":"https:\/\/apacame.org.br\/site\/wp-json\/wp\/v2\/pages"}],"about":[{"href":"https:\/\/apacame.org.br\/site\/wp-json\/wp\/v2\/types\/page"}],"author":[{"embeddable":true,"href":"https:\/\/apacame.org.br\/site\/wp-json\/wp\/v2\/users\/1"}],"replies":[{"embeddable":true,"href":"https:\/\/apacame.org.br\/site\/wp-json\/wp\/v2\/comments?post=1982"}],"version-history":[{"count":1,"href":"https:\/\/apacame.org.br\/site\/wp-json\/wp\/v2\/pages\/1982\/revisions"}],"predecessor-version":[{"id":1983,"href":"https:\/\/apacame.org.br\/site\/wp-json\/wp\/v2\/pages\/1982\/revisions\/1983"}],"up":[{"embeddable":true,"href":"https:\/\/apacame.org.br\/site\/wp-json\/wp\/v2\/pages\/1976"}],"wp:attachment":[{"href":"https:\/\/apacame.org.br\/site\/wp-json\/wp\/v2\/media?parent=1982"}],"curies":[{"name":"wp","href":"https:\/\/api.w.org\/{rel}","templated":true}]}}