{"id":1923,"date":"2017-06-17T22:23:39","date_gmt":"2017-06-17T22:23:39","guid":{"rendered":"http:\/\/apacame.org.br\/site\/?page_id=1923"},"modified":"2017-06-17T22:23:39","modified_gmt":"2017-06-17T22:23:39","slug":"atividade","status":"publish","type":"page","link":"https:\/\/apacame.org.br\/site\/revista\/mensagem-doce-n-141-maio-de-2017\/atividade\/","title":{"rendered":"Atividade"},"content":{"rendered":"<h1 style=\"text-align: center;\">REUNI\u00c3O DOS APICULTORES E MELIPONICULTORES REALIZADA NO DIA 05 DE ABRIL DE 2017<\/h1>\n<p><span style=\"font-size: large;\">Na reuni\u00e3o promovida pela APACAME, no dia 05 de abril de 2017, tivemos a grata satisfa\u00e7\u00e3o de receber a visita do Prof. Fernando Amaral, Docente da Faculdade Osvaldo Cruz; CEO da World\u00b4s Natural Fragrances; Presidente do Istituto de Osmologia e \u00d3leos Essenciais; Fundador da Fazenda das Lavandas e Autor do livro T\u00e9cnicas de Aplica\u00e7\u00e3o de \u00d3leos Essenciais que proderiu um Palestra sobre o tema: \u201cParticipa\u00e7\u00e3o do Pasto Ap\u00edcola para as Abelhas e Para o Homem\u201d o que despertou grande interesse do numeroso p\u00fablico presente.<\/span><\/p>\n<p><span style=\"font-size: large;\">A APACAME agradece fraternalmente a presen\u00e7a do Prof. Fernando Amaral.<\/span><\/p>\n<div id='gallery-1' class='gallery galleryid-1923 gallery-columns-3 gallery-size-medium'><figure class='gallery-item'>\n\t\t\t<div class='gallery-icon landscape'>\n\t\t\t\t<a href='https:\/\/apacame.org.br\/site\/wp-content\/uploads\/2017\/06\/Reuniao_02.jpg'><img fetchpriority=\"high\" decoding=\"async\" width=\"300\" height=\"225\" src=\"https:\/\/apacame.org.br\/site\/wp-content\/uploads\/2017\/06\/Reuniao_02-300x225.jpg\" class=\"attachment-medium size-medium\" alt=\"\" aria-describedby=\"gallery-1-1925\" srcset=\"https:\/\/apacame.org.br\/site\/wp-content\/uploads\/2017\/06\/Reuniao_02-300x225.jpg 300w, https:\/\/apacame.org.br\/site\/wp-content\/uploads\/2017\/06\/Reuniao_02-150x113.jpg 150w, https:\/\/apacame.org.br\/site\/wp-content\/uploads\/2017\/06\/Reuniao_02-500x375.jpg 500w, https:\/\/apacame.org.br\/site\/wp-content\/uploads\/2017\/06\/Reuniao_02.jpg 561w\" sizes=\"(max-width: 300px) 100vw, 300px\" \/><\/a>\n\t\t\t<\/div>\n\t\t\t\t<figcaption class='wp-caption-text gallery-caption' id='gallery-1-1925'>\n\t\t\t\tA palestra foi enriquecida com apresenta\u00e7\u00e3o de Data-Show o que poderia ser at\u00e9 dispensada ante o farto conhecimento do Prof. Fernando Amaral sobre o assunto.\n\t\t\t\t<\/figcaption><\/figure><figure class='gallery-item'>\n\t\t\t<div class='gallery-icon landscape'>\n\t\t\t\t<a href='https:\/\/apacame.org.br\/site\/wp-content\/uploads\/2017\/06\/Reuniao_01.jpg'><img decoding=\"async\" width=\"300\" height=\"224\" src=\"https:\/\/apacame.org.br\/site\/wp-content\/uploads\/2017\/06\/Reuniao_01-300x224.jpg\" class=\"attachment-medium size-medium\" alt=\"\" aria-describedby=\"gallery-1-1924\" srcset=\"https:\/\/apacame.org.br\/site\/wp-content\/uploads\/2017\/06\/Reuniao_01-300x224.jpg 300w, https:\/\/apacame.org.br\/site\/wp-content\/uploads\/2017\/06\/Reuniao_01-150x112.jpg 150w, https:\/\/apacame.org.br\/site\/wp-content\/uploads\/2017\/06\/Reuniao_01-500x373.jpg 500w, https:\/\/apacame.org.br\/site\/wp-content\/uploads\/2017\/06\/Reuniao_01.jpg 843w\" sizes=\"(max-width: 300px) 100vw, 300px\" \/><\/a>\n\t\t\t<\/div>\n\t\t\t\t<figcaption class='wp-caption-text gallery-caption' id='gallery-1-1924'>\n\t\t\t\tNo in\u00edcio da reuni\u00e3o Dr. Constantino Zara Filho, Presiente da APACAME, o Professor Fernando Amaral e Sr. Radam\u00e9s Zovaro, Diretor T\u00e9cnico da APACAME\n\t\t\t\t<\/figcaption><\/figure><figure class='gallery-item'>\n\t\t\t<div class='gallery-icon landscape'>\n\t\t\t\t<a href='https:\/\/apacame.org.br\/site\/wp-content\/uploads\/2017\/06\/Reuniao_03.jpg'><img decoding=\"async\" width=\"300\" height=\"225\" src=\"https:\/\/apacame.org.br\/site\/wp-content\/uploads\/2017\/06\/Reuniao_03-300x225.jpg\" class=\"attachment-medium size-medium\" alt=\"\" aria-describedby=\"gallery-1-1926\" srcset=\"https:\/\/apacame.org.br\/site\/wp-content\/uploads\/2017\/06\/Reuniao_03-300x225.jpg 300w, https:\/\/apacame.org.br\/site\/wp-content\/uploads\/2017\/06\/Reuniao_03-150x113.jpg 150w, https:\/\/apacame.org.br\/site\/wp-content\/uploads\/2017\/06\/Reuniao_03-500x375.jpg 500w, https:\/\/apacame.org.br\/site\/wp-content\/uploads\/2017\/06\/Reuniao_03.jpg 556w\" sizes=\"(max-width: 300px) 100vw, 300px\" \/><\/a>\n\t\t\t<\/div>\n\t\t\t\t<figcaption class='wp-caption-text gallery-caption' id='gallery-1-1926'>\n\t\t\t\tAo final da palestra o Prof. Fernando Amaral, num ato de gentileza, fez o sorteio de produtos da World \u0301s Natural Fragances com o auxilio de suas auxiliares.\n\t\t\t\t<\/figcaption><\/figure><figure class='gallery-item'>\n\t\t\t<div class='gallery-icon landscape'>\n\t\t\t\t<a href='https:\/\/apacame.org.br\/site\/wp-content\/uploads\/2017\/06\/Reuniao_04.jpg'><img loading=\"lazy\" decoding=\"async\" width=\"300\" height=\"225\" src=\"https:\/\/apacame.org.br\/site\/wp-content\/uploads\/2017\/06\/Reuniao_04-300x225.jpg\" class=\"attachment-medium size-medium\" alt=\"\" srcset=\"https:\/\/apacame.org.br\/site\/wp-content\/uploads\/2017\/06\/Reuniao_04-300x225.jpg 300w, https:\/\/apacame.org.br\/site\/wp-content\/uploads\/2017\/06\/Reuniao_04-150x112.jpg 150w, https:\/\/apacame.org.br\/site\/wp-content\/uploads\/2017\/06\/Reuniao_04-500x374.jpg 500w, https:\/\/apacame.org.br\/site\/wp-content\/uploads\/2017\/06\/Reuniao_04.jpg 557w\" sizes=\"(max-width: 300px) 100vw, 300px\" \/><\/a>\n\t\t\t<\/div><\/figure><figure class='gallery-item'>\n\t\t\t<div class='gallery-icon landscape'>\n\t\t\t\t<a href='https:\/\/apacame.org.br\/site\/wp-content\/uploads\/2017\/06\/Reuniao_05.jpg'><img loading=\"lazy\" decoding=\"async\" width=\"300\" height=\"224\" src=\"https:\/\/apacame.org.br\/site\/wp-content\/uploads\/2017\/06\/Reuniao_05-300x224.jpg\" class=\"attachment-medium size-medium\" alt=\"\" srcset=\"https:\/\/apacame.org.br\/site\/wp-content\/uploads\/2017\/06\/Reuniao_05-300x224.jpg 300w, https:\/\/apacame.org.br\/site\/wp-content\/uploads\/2017\/06\/Reuniao_05-150x112.jpg 150w, https:\/\/apacame.org.br\/site\/wp-content\/uploads\/2017\/06\/Reuniao_05-500x373.jpg 500w, https:\/\/apacame.org.br\/site\/wp-content\/uploads\/2017\/06\/Reuniao_05.jpg 557w\" sizes=\"(max-width: 300px) 100vw, 300px\" \/><\/a>\n\t\t\t<\/div><\/figure><figure class='gallery-item'>\n\t\t\t<div class='gallery-icon landscape'>\n\t\t\t\t<a href='https:\/\/apacame.org.br\/site\/wp-content\/uploads\/2017\/06\/Reuniao_06.jpg'><img loading=\"lazy\" decoding=\"async\" width=\"300\" height=\"226\" src=\"https:\/\/apacame.org.br\/site\/wp-content\/uploads\/2017\/06\/Reuniao_06-300x226.jpg\" class=\"attachment-medium size-medium\" alt=\"\" srcset=\"https:\/\/apacame.org.br\/site\/wp-content\/uploads\/2017\/06\/Reuniao_06-300x226.jpg 300w, https:\/\/apacame.org.br\/site\/wp-content\/uploads\/2017\/06\/Reuniao_06-150x113.jpg 150w, https:\/\/apacame.org.br\/site\/wp-content\/uploads\/2017\/06\/Reuniao_06-500x376.jpg 500w, https:\/\/apacame.org.br\/site\/wp-content\/uploads\/2017\/06\/Reuniao_06.jpg 556w\" sizes=\"(max-width: 300px) 100vw, 300px\" \/><\/a>\n\t\t\t<\/div><\/figure><figure class='gallery-item'>\n\t\t\t<div class='gallery-icon landscape'>\n\t\t\t\t<a href='https:\/\/apacame.org.br\/site\/wp-content\/uploads\/2017\/06\/Reuniao_07.jpg'><img loading=\"lazy\" decoding=\"async\" width=\"300\" height=\"225\" src=\"https:\/\/apacame.org.br\/site\/wp-content\/uploads\/2017\/06\/Reuniao_07-300x225.jpg\" class=\"attachment-medium size-medium\" alt=\"\" srcset=\"https:\/\/apacame.org.br\/site\/wp-content\/uploads\/2017\/06\/Reuniao_07-300x225.jpg 300w, https:\/\/apacame.org.br\/site\/wp-content\/uploads\/2017\/06\/Reuniao_07-1024x768.jpg 1024w, https:\/\/apacame.org.br\/site\/wp-content\/uploads\/2017\/06\/Reuniao_07-150x112.jpg 150w, https:\/\/apacame.org.br\/site\/wp-content\/uploads\/2017\/06\/Reuniao_07-500x375.jpg 500w, https:\/\/apacame.org.br\/site\/wp-content\/uploads\/2017\/06\/Reuniao_07.jpg 1114w\" sizes=\"(max-width: 300px) 100vw, 300px\" \/><\/a>\n\t\t\t<\/div><\/figure><figure class='gallery-item'>\n\t\t\t<div class='gallery-icon landscape'>\n\t\t\t\t<a href='https:\/\/apacame.org.br\/site\/wp-content\/uploads\/2017\/06\/Reuniao_08.jpg'><img loading=\"lazy\" decoding=\"async\" width=\"300\" height=\"225\" src=\"https:\/\/apacame.org.br\/site\/wp-content\/uploads\/2017\/06\/Reuniao_08-300x225.jpg\" class=\"attachment-medium size-medium\" alt=\"\" srcset=\"https:\/\/apacame.org.br\/site\/wp-content\/uploads\/2017\/06\/Reuniao_08-300x225.jpg 300w, https:\/\/apacame.org.br\/site\/wp-content\/uploads\/2017\/06\/Reuniao_08-150x113.jpg 150w, https:\/\/apacame.org.br\/site\/wp-content\/uploads\/2017\/06\/Reuniao_08-500x375.jpg 500w, https:\/\/apacame.org.br\/site\/wp-content\/uploads\/2017\/06\/Reuniao_08.jpg 556w\" sizes=\"(max-width: 300px) 100vw, 300px\" \/><\/a>\n\t\t\t<\/div><\/figure><figure class='gallery-item'>\n\t\t\t<div class='gallery-icon landscape'>\n\t\t\t\t<a href='https:\/\/apacame.org.br\/site\/wp-content\/uploads\/2017\/06\/Reuniao_09.jpg'><img loading=\"lazy\" decoding=\"async\" width=\"300\" height=\"222\" src=\"https:\/\/apacame.org.br\/site\/wp-content\/uploads\/2017\/06\/Reuniao_09-300x222.jpg\" class=\"attachment-medium size-medium\" alt=\"\" srcset=\"https:\/\/apacame.org.br\/site\/wp-content\/uploads\/2017\/06\/Reuniao_09-300x222.jpg 300w, https:\/\/apacame.org.br\/site\/wp-content\/uploads\/2017\/06\/Reuniao_09-150x111.jpg 150w, https:\/\/apacame.org.br\/site\/wp-content\/uploads\/2017\/06\/Reuniao_09-500x371.jpg 500w, https:\/\/apacame.org.br\/site\/wp-content\/uploads\/2017\/06\/Reuniao_09.jpg 557w\" sizes=\"(max-width: 300px) 100vw, 300px\" \/><\/a>\n\t\t\t<\/div><\/figure><figure class='gallery-item'>\n\t\t\t<div class='gallery-icon landscape'>\n\t\t\t\t<a href='https:\/\/apacame.org.br\/site\/wp-content\/uploads\/2017\/06\/Reuniao_10.jpg'><img loading=\"lazy\" decoding=\"async\" width=\"300\" height=\"225\" src=\"https:\/\/apacame.org.br\/site\/wp-content\/uploads\/2017\/06\/Reuniao_10-300x225.jpg\" class=\"attachment-medium size-medium\" alt=\"\" srcset=\"https:\/\/apacame.org.br\/site\/wp-content\/uploads\/2017\/06\/Reuniao_10-300x225.jpg 300w, https:\/\/apacame.org.br\/site\/wp-content\/uploads\/2017\/06\/Reuniao_10-150x113.jpg 150w, https:\/\/apacame.org.br\/site\/wp-content\/uploads\/2017\/06\/Reuniao_10-500x375.jpg 500w, https:\/\/apacame.org.br\/site\/wp-content\/uploads\/2017\/06\/Reuniao_10.jpg 554w\" sizes=\"(max-width: 300px) 100vw, 300px\" \/><\/a>\n\t\t\t<\/div><\/figure><figure class='gallery-item'>\n\t\t\t<div class='gallery-icon landscape'>\n\t\t\t\t<a href='https:\/\/apacame.org.br\/site\/wp-content\/uploads\/2017\/06\/Reuniao_11.jpg'><img loading=\"lazy\" decoding=\"async\" width=\"300\" height=\"225\" src=\"https:\/\/apacame.org.br\/site\/wp-content\/uploads\/2017\/06\/Reuniao_11-300x225.jpg\" class=\"attachment-medium size-medium\" alt=\"\" srcset=\"https:\/\/apacame.org.br\/site\/wp-content\/uploads\/2017\/06\/Reuniao_11-300x225.jpg 300w, https:\/\/apacame.org.br\/site\/wp-content\/uploads\/2017\/06\/Reuniao_11-150x113.jpg 150w, https:\/\/apacame.org.br\/site\/wp-content\/uploads\/2017\/06\/Reuniao_11-500x375.jpg 500w, https:\/\/apacame.org.br\/site\/wp-content\/uploads\/2017\/06\/Reuniao_11.jpg 557w\" sizes=\"(max-width: 300px) 100vw, 300px\" \/><\/a>\n\t\t\t<\/div><\/figure><figure class='gallery-item'>\n\t\t\t<div class='gallery-icon landscape'>\n\t\t\t\t<a href='https:\/\/apacame.org.br\/site\/wp-content\/uploads\/2017\/06\/Reuniao_12.jpg'><img loading=\"lazy\" decoding=\"async\" width=\"300\" height=\"225\" src=\"https:\/\/apacame.org.br\/site\/wp-content\/uploads\/2017\/06\/Reuniao_12-300x225.jpg\" class=\"attachment-medium size-medium\" alt=\"\" aria-describedby=\"gallery-1-1935\" srcset=\"https:\/\/apacame.org.br\/site\/wp-content\/uploads\/2017\/06\/Reuniao_12-300x225.jpg 300w, https:\/\/apacame.org.br\/site\/wp-content\/uploads\/2017\/06\/Reuniao_12-150x112.jpg 150w, https:\/\/apacame.org.br\/site\/wp-content\/uploads\/2017\/06\/Reuniao_12-500x374.jpg 500w, https:\/\/apacame.org.br\/site\/wp-content\/uploads\/2017\/06\/Reuniao_12.jpg 557w\" sizes=\"(max-width: 300px) 100vw, 300px\" \/><\/a>\n\t\t\t<\/div>\n\t\t\t\t<figcaption class='wp-caption-text gallery-caption' id='gallery-1-1935'>\n\t\t\t\tFoi uma reuni\u00e3o memor\u00e1vel n\u00e3o s\u00f3 pelos conhecimentos transmitidos como pelo final festivo com os sorteios realizados e para registrar este momento o Sr. Radam\u00e9s Zovaro, Diretor T\u00e9cnico da APACAME fez a entrega de um Diploma ao Prof. Fernando Amaral.\n\t\t\t\t<\/figcaption><\/figure>\n\t\t<\/div>\n\n","protected":false},"excerpt":{"rendered":"<p>REUNI\u00c3O DOS APICULTORES E MELIPONICULTORES REALIZADA NO DIA 05 DE ABRIL DE 2017 Na reuni\u00e3o promovida pela APACAME, no dia 05 de abril de 2017, tivemos a grata satisfa\u00e7\u00e3o de [&hellip;]<\/p>\n","protected":false},"author":1,"featured_media":0,"parent":1876,"menu_order":0,"comment_status":"open","ping_status":"open","template":"","meta":{"pmpro_default_level":"","_price":"","_stock":"","_tribe_ticket_header":"","_tribe_default_ticket_provider":"","_tribe_ticket_capacity":"0","_ticket_start_date":"","_ticket_end_date":"","_tribe_ticket_show_description":"","_tribe_ticket_show_not_going":false,"_tribe_ticket_use_global_stock":"","_tribe_ticket_global_stock_level":"","_global_stock_mode":"","_global_stock_cap":"","_tribe_rsvp_for_event":"","_tribe_ticket_going_count":"","_tribe_ticket_not_going_count":"","_tribe_tickets_list":"[]","_tribe_ticket_has_attendee_info_fields":false,"cybocfi_hide_featured_image":"","footnotes":""},"class_list":["post-1923","page","type-page","status-publish","hentry","pmpro-has-access"],"_links":{"self":[{"href":"https:\/\/apacame.org.br\/site\/wp-json\/wp\/v2\/pages\/1923"}],"collection":[{"href":"https:\/\/apacame.org.br\/site\/wp-json\/wp\/v2\/pages"}],"about":[{"href":"https:\/\/apacame.org.br\/site\/wp-json\/wp\/v2\/types\/page"}],"author":[{"embeddable":true,"href":"https:\/\/apacame.org.br\/site\/wp-json\/wp\/v2\/users\/1"}],"replies":[{"embeddable":true,"href":"https:\/\/apacame.org.br\/site\/wp-json\/wp\/v2\/comments?post=1923"}],"version-history":[{"count":2,"href":"https:\/\/apacame.org.br\/site\/wp-json\/wp\/v2\/pages\/1923\/revisions"}],"predecessor-version":[{"id":1937,"href":"https:\/\/apacame.org.br\/site\/wp-json\/wp\/v2\/pages\/1923\/revisions\/1937"}],"up":[{"embeddable":true,"href":"https:\/\/apacame.org.br\/site\/wp-json\/wp\/v2\/pages\/1876"}],"wp:attachment":[{"href":"https:\/\/apacame.org.br\/site\/wp-json\/wp\/v2\/media?parent=1923"}],"curies":[{"name":"wp","href":"https:\/\/api.w.org\/{rel}","templated":true}]}}