{"id":1833,"date":"2017-04-18T01:28:17","date_gmt":"2017-04-18T01:28:17","guid":{"rendered":"http:\/\/apacame.org.br\/site\/?page_id=1833"},"modified":"2017-04-18T01:32:09","modified_gmt":"2017-04-18T01:32:09","slug":"legislacao-2","status":"publish","type":"page","link":"https:\/\/apacame.org.br\/site\/revista\/mensagem-doce-n-140-marco-de-2017\/legislacao-2\/","title":{"rendered":"Legisla\u00e7\u00e3o"},"content":{"rendered":"<h1 style=\"text-align: center;\">AUDI\u00caNCIA PUBLICA<\/h1>\n<p><span style=\"font-size: large;\">Numa iniciativa do Deputado Estadual Padre Afonso Lobato foi realizada a Audi\u00eancia P\u00fablica sobre a \u201cPulveriza\u00e7\u00e3o A\u00e9rea dos Agrot\u00f3xicos na Apicultura\u201d com a finalidade de discutir os Projetos de Lei 405 e 406 de 2016, de autoria do Deputado, para debate sobre as quest\u00f5es mais importantes e pol\u00eamicas do assunto.<\/span><\/p>\n<p><span style=\"font-size: large;\">Finda a manifesta\u00e7\u00e3o dos componentes da mesa a palavra foi franqueada a numerosa plateia presente representando a Avia\u00e7\u00e3o Agr\u00edcola, A Confedera\u00e7\u00e3o Brasileira de Apicultura e a Federa\u00e7\u00e3o das Associa\u00e7\u00f5es de Apicultores e Meliponicultores do Estado de S\u00e3o Paulo; a Associa\u00e7\u00e3o dos Meliponicultores AMESAMPA, bi\u00f3logos e interessados que se inscreveram e tiveram 5 (cinco) minutos para exporem as sua ideais e sugest\u00f5es. Todos os inscritos foram contemplados o que enriqueceu muito a Audi\u00eancia P\u00fablica realizada.<\/span><\/p>\n<p><span style=\"font-size: large;\">A APACAME parabeniza a todos os que estiveram presentes e participaram ativamente no debate e ao Deputado Estadual Padre Afonso Lobato pela promo\u00e7\u00e3o da referida Audi\u00eancia. Foi um evento memor\u00e1vel.<\/span><\/p>\n<div id='gallery-1' class='gallery galleryid-1833 gallery-columns-2 gallery-size-medium'><figure class='gallery-item'>\n\t\t\t<div class='gallery-icon portrait'>\n\t\t\t\t<a href='https:\/\/apacame.org.br\/site\/wp-content\/uploads\/2017\/04\/Audiencia_01.jpg'><img fetchpriority=\"high\" decoding=\"async\" width=\"298\" height=\"300\" src=\"https:\/\/apacame.org.br\/site\/wp-content\/uploads\/2017\/04\/Audiencia_01-298x300.jpg\" class=\"attachment-medium size-medium\" alt=\"\" aria-describedby=\"gallery-1-1835\" srcset=\"https:\/\/apacame.org.br\/site\/wp-content\/uploads\/2017\/04\/Audiencia_01-298x300.jpg 298w, https:\/\/apacame.org.br\/site\/wp-content\/uploads\/2017\/04\/Audiencia_01-150x151.jpg 150w, https:\/\/apacame.org.br\/site\/wp-content\/uploads\/2017\/04\/Audiencia_01-100x100.jpg 100w, https:\/\/apacame.org.br\/site\/wp-content\/uploads\/2017\/04\/Audiencia_01-497x500.jpg 497w, https:\/\/apacame.org.br\/site\/wp-content\/uploads\/2017\/04\/Audiencia_01.jpg 533w\" sizes=\"(max-width: 298px) 100vw, 298px\" \/><\/a>\n\t\t\t<\/div>\n\t\t\t\t<figcaption class='wp-caption-text gallery-caption' id='gallery-1-1835'>\n\t\t\t\tDeputado Estadual Padre Afonso Lobato &#8211; PV &#8211; autor dos projetos.\n\t\t\t\t<\/figcaption><\/figure><figure class='gallery-item'>\n\t\t\t<div class='gallery-icon landscape'>\n\t\t\t\t<a href='https:\/\/apacame.org.br\/site\/wp-content\/uploads\/2017\/04\/Audiencia_02.jpg'><img decoding=\"async\" width=\"300\" height=\"100\" src=\"https:\/\/apacame.org.br\/site\/wp-content\/uploads\/2017\/04\/Audiencia_02-300x100.jpg\" class=\"attachment-medium size-medium\" alt=\"\" aria-describedby=\"gallery-1-1836\" srcset=\"https:\/\/apacame.org.br\/site\/wp-content\/uploads\/2017\/04\/Audiencia_02-300x100.jpg 300w, https:\/\/apacame.org.br\/site\/wp-content\/uploads\/2017\/04\/Audiencia_02-1024x341.jpg 1024w, https:\/\/apacame.org.br\/site\/wp-content\/uploads\/2017\/04\/Audiencia_02-150x50.jpg 150w, https:\/\/apacame.org.br\/site\/wp-content\/uploads\/2017\/04\/Audiencia_02-500x167.jpg 500w, https:\/\/apacame.org.br\/site\/wp-content\/uploads\/2017\/04\/Audiencia_02.jpg 1120w\" sizes=\"(max-width: 300px) 100vw, 300px\" \/><\/a>\n\t\t\t<\/div>\n\t\t\t\t<figcaption class='wp-caption-text gallery-caption' id='gallery-1-1836'>\n\t\t\t\tDa esquerda para a direita a mesa foi composta pelas seguintes pessoas: Dr. Ricardo Volbrecht, assessor jur\u00eddico do Sindicato Nacional das Empresas de Avia\u00e7\u00e3o Agr\u00edcola; Prof. Dr. Lionel Segui Gon\u00e7alves respons\u00e1vel pela Campanha Bee or not To be e do aplicativo BeeAlert.; Dr. Constantino Zara Filho, Presidente da APACAME; Deputado Padre Afonso Lobato; Dra. Marina Lac\u00f4rte da Campanha de Agricultura, do Greenpeace Brasil; Dr. Marcelo Novaes da Defensoria P\u00fablica e Dra. Silvia Fagnani do Sindicato Nacional da Ind\u00fastria de Produtos para Defesa Vegetal, os quais utilizaram 15 minutos cada um, com exce\u00e7\u00e3o do Deputado que funcionou como mediador.\n\t\t\t\t<\/figcaption><\/figure><figure class='gallery-item'>\n\t\t\t<div class='gallery-icon landscape'>\n\t\t\t\t<a href='https:\/\/apacame.org.br\/site\/wp-content\/uploads\/2017\/04\/Audiencia_03.jpg'><img decoding=\"async\" width=\"300\" height=\"194\" src=\"https:\/\/apacame.org.br\/site\/wp-content\/uploads\/2017\/04\/Audiencia_03-300x194.jpg\" class=\"attachment-medium size-medium\" alt=\"\" aria-describedby=\"gallery-1-1837\" srcset=\"https:\/\/apacame.org.br\/site\/wp-content\/uploads\/2017\/04\/Audiencia_03-300x194.jpg 300w, https:\/\/apacame.org.br\/site\/wp-content\/uploads\/2017\/04\/Audiencia_03-150x97.jpg 150w, https:\/\/apacame.org.br\/site\/wp-content\/uploads\/2017\/04\/Audiencia_03-500x323.jpg 500w, https:\/\/apacame.org.br\/site\/wp-content\/uploads\/2017\/04\/Audiencia_03.jpg 533w\" sizes=\"(max-width: 300px) 100vw, 300px\" \/><\/a>\n\t\t\t<\/div>\n\t\t\t\t<figcaption class='wp-caption-text gallery-caption' id='gallery-1-1837'>\n\t\t\t\tOutro momento de confraterniza\u00e7\u00e3o com o Prof. Dr. Osmar Malaspina respons\u00e1vel pelo Mapeamento de Abelhas Participativo.\n\t\t\t\t<\/figcaption><\/figure><figure class='gallery-item'>\n\t\t\t<div class='gallery-icon landscape'>\n\t\t\t\t<a href='https:\/\/apacame.org.br\/site\/wp-content\/uploads\/2017\/04\/Audiencia_04.jpg'><img loading=\"lazy\" decoding=\"async\" width=\"300\" height=\"197\" src=\"https:\/\/apacame.org.br\/site\/wp-content\/uploads\/2017\/04\/Audiencia_04-300x197.jpg\" class=\"attachment-medium size-medium\" alt=\"\" aria-describedby=\"gallery-1-1838\" srcset=\"https:\/\/apacame.org.br\/site\/wp-content\/uploads\/2017\/04\/Audiencia_04-300x197.jpg 300w, https:\/\/apacame.org.br\/site\/wp-content\/uploads\/2017\/04\/Audiencia_04.jpg 533w, https:\/\/apacame.org.br\/site\/wp-content\/uploads\/2017\/04\/Audiencia_04-150x98.jpg 150w, https:\/\/apacame.org.br\/site\/wp-content\/uploads\/2017\/04\/Audiencia_04-500x328.jpg 500w\" sizes=\"(max-width: 300px) 100vw, 300px\" \/><\/a>\n\t\t\t<\/div>\n\t\t\t\t<figcaption class='wp-caption-text gallery-caption' id='gallery-1-1838'>\n\t\t\t\tMomentos antes da Audi\u00eancia encontro com o Presidente da FAAMESP Sr. Alcindo Alves, a direita e representantes do CATI e Associa\u00e7\u00e3o de Apicultores de Itatinga \u2013 SP.\n\t\t\t\t<\/figcaption><\/figure><figure class='gallery-item'>\n\t\t\t<div class='gallery-icon landscape'>\n\t\t\t\t<a href='https:\/\/apacame.org.br\/site\/wp-content\/uploads\/2017\/04\/Audiencia_05.jpg'><img loading=\"lazy\" decoding=\"async\" width=\"300\" height=\"193\" src=\"https:\/\/apacame.org.br\/site\/wp-content\/uploads\/2017\/04\/Audiencia_05-300x193.jpg\" class=\"attachment-medium size-medium\" alt=\"\" aria-describedby=\"gallery-1-1839\" srcset=\"https:\/\/apacame.org.br\/site\/wp-content\/uploads\/2017\/04\/Audiencia_05-300x193.jpg 300w, https:\/\/apacame.org.br\/site\/wp-content\/uploads\/2017\/04\/Audiencia_05-150x96.jpg 150w, https:\/\/apacame.org.br\/site\/wp-content\/uploads\/2017\/04\/Audiencia_05-500x321.jpg 500w, https:\/\/apacame.org.br\/site\/wp-content\/uploads\/2017\/04\/Audiencia_05.jpg 536w\" sizes=\"(max-width: 300px) 100vw, 300px\" \/><\/a>\n\t\t\t<\/div>\n\t\t\t\t<figcaption class='wp-caption-text gallery-caption' id='gallery-1-1839'>\n\t\t\t\tMomentos antes do in\u00edcio da Audi\u00eancia P\u00fablica tivemos a oportunidade de visitar o Deputado Padre Afonso Lobato do partido verde autor dos projetos de lei 405\/16 e 406\/16 em seu Gabinete. Na foto da esquerda para a direita: Eloi Viana da Silva, Vice-tesoureiro da APACAME; Deputado Afonso Lobato, Prof. Dr. Lionel Segui Gon\u00e7alves da Campanha Bee or not to Be e Constantino Zara Filho Presidente da APACAME.\n\t\t\t\t<\/figcaption><\/figure>\n\t\t<\/div>\n\n","protected":false},"excerpt":{"rendered":"<p>AUDI\u00caNCIA PUBLICA Numa iniciativa do Deputado Estadual Padre Afonso Lobato foi realizada a Audi\u00eancia P\u00fablica sobre a \u201cPulveriza\u00e7\u00e3o A\u00e9rea dos Agrot\u00f3xicos na Apicultura\u201d com a finalidade de discutir os Projetos [&hellip;]<\/p>\n","protected":false},"author":1,"featured_media":0,"parent":1753,"menu_order":0,"comment_status":"open","ping_status":"open","template":"","meta":{"pmpro_default_level":"","_price":"","_stock":"","_tribe_ticket_header":"","_tribe_default_ticket_provider":"","_tribe_ticket_capacity":"0","_ticket_start_date":"","_ticket_end_date":"","_tribe_ticket_show_description":"","_tribe_ticket_show_not_going":false,"_tribe_ticket_use_global_stock":"","_tribe_ticket_global_stock_level":"","_global_stock_mode":"","_global_stock_cap":"","_tribe_rsvp_for_event":"","_tribe_ticket_going_count":"","_tribe_ticket_not_going_count":"","_tribe_tickets_list":"[]","_tribe_ticket_has_attendee_info_fields":false,"cybocfi_hide_featured_image":"","footnotes":""},"class_list":["post-1833","page","type-page","status-publish","hentry","pmpro-has-access"],"_links":{"self":[{"href":"https:\/\/apacame.org.br\/site\/wp-json\/wp\/v2\/pages\/1833"}],"collection":[{"href":"https:\/\/apacame.org.br\/site\/wp-json\/wp\/v2\/pages"}],"about":[{"href":"https:\/\/apacame.org.br\/site\/wp-json\/wp\/v2\/types\/page"}],"author":[{"embeddable":true,"href":"https:\/\/apacame.org.br\/site\/wp-json\/wp\/v2\/users\/1"}],"replies":[{"embeddable":true,"href":"https:\/\/apacame.org.br\/site\/wp-json\/wp\/v2\/comments?post=1833"}],"version-history":[{"count":4,"href":"https:\/\/apacame.org.br\/site\/wp-json\/wp\/v2\/pages\/1833\/revisions"}],"predecessor-version":[{"id":1840,"href":"https:\/\/apacame.org.br\/site\/wp-json\/wp\/v2\/pages\/1833\/revisions\/1840"}],"up":[{"embeddable":true,"href":"https:\/\/apacame.org.br\/site\/wp-json\/wp\/v2\/pages\/1753"}],"wp:attachment":[{"href":"https:\/\/apacame.org.br\/site\/wp-json\/wp\/v2\/media?parent=1833"}],"curies":[{"name":"wp","href":"https:\/\/api.w.org\/{rel}","templated":true}]}}