{"id":1793,"date":"2017-04-18T00:22:17","date_gmt":"2017-04-18T00:22:17","guid":{"rendered":"http:\/\/apacame.org.br\/site\/?page_id=1793"},"modified":"2017-04-18T00:30:54","modified_gmt":"2017-04-18T00:30:54","slug":"simposio","status":"publish","type":"page","link":"https:\/\/apacame.org.br\/site\/revista\/mensagem-doce-n-140-marco-de-2017\/simposio\/","title":{"rendered":"Simp\u00f3sio"},"content":{"rendered":"<h1 style=\"text-align: center;\">Carta dos participantes do II Simp\u00f3sio Brasileiro de Poliniza\u00e7\u00e3o<\/h1>\n<blockquote><p>Catal\u00e3o, 12 de dezembro de 2016.<br \/>\nProf. Dr. H\u00e9lder Consolaro Presidente do II Simp\u00f3sio Brasileiro de Poliniza\u00e7\u00e3o Universidade Federal de Goi\u00e1s- Regional Catal\u00e3o<\/p><\/blockquote>\n<h3 style=\"text-align: center;\">ilmo Sr. Jos\u00e9 Pedro de Oliveira Costa,<br \/>\nSecretaria de Biodiversidade e Florestas \/ Minist\u00e9rio do Meio Ambiente<\/h3>\n<p><span style=\"font-size: large;\">Prezado Secret\u00e1rio,<\/span><\/p>\n<p><span style=\"font-size: large;\">N\u00f3s, cientistas, docentes e discentes, especialistas em Biologia e Ecologia da Poliniza\u00e7\u00e3o no Brasil, participantes do II Simp\u00f3sio Brasileiro de Poliniza\u00e7\u00e3o, gostar\u00edamos de chamar a aten\u00e7\u00e3o de VSa. a respeito das amea\u00e7as atuais \u00e0s intera\u00e7\u00f5es entre polinizadores e plantas, e sobre os custos econ\u00f4micos e sociais da perda da sustentabilidade destes servi\u00e7os para o pa\u00eds. Acreditamos que somente pol\u00edticas p\u00fablicas que abracem as estrat\u00e9gias de conserva\u00e7\u00e3o definidas na 13a Confer\u00eancia das Partes da Conven\u00e7\u00e3o da Biodiversidade, podem ajudar a dirimir tais riscos aos polinizadores e garantir o uso sustent\u00e1vel deste importante servi\u00e7o ambiental.<\/span><\/p>\n<p><a href=\"https:\/\/apacame.org.br\/site\/wp-content\/uploads\/2017\/04\/Logo-simposio.jpg\"><img decoding=\"async\" src=\"https:\/\/apacame.org.br\/site\/wp-content\/uploads\/2017\/04\/Logo-simposio-300x90.jpg\" alt=\"Logo simposio\" width=\"300\" height=\"90\" class=\"alignleft size-medium wp-image-1796\" srcset=\"https:\/\/apacame.org.br\/site\/wp-content\/uploads\/2017\/04\/Logo-simposio-300x90.jpg 300w, https:\/\/apacame.org.br\/site\/wp-content\/uploads\/2017\/04\/Logo-simposio-150x45.jpg 150w, https:\/\/apacame.org.br\/site\/wp-content\/uploads\/2017\/04\/Logo-simposio-500x149.jpg 500w, https:\/\/apacame.org.br\/site\/wp-content\/uploads\/2017\/04\/Logo-simposio.jpg 562w\" sizes=\"(max-width: 300px) 100vw, 300px\" \/><\/a><span style=\"font-size: large;\">A poliniza\u00e7\u00e3o \u00e9 um processo ecol\u00f3gico de grande import\u00e2ncia para a manuten\u00e7\u00e3o dos ecossistemas e para a sustentabilidade da produ\u00e7\u00e3o agr\u00edcola, de maneira que \u00e9 fundamental chamar a aten\u00e7\u00e3o dos conservacionistas e, sobretudo, do poder p\u00fablico. Estima-se que quase a totalidade das esp\u00e9cies vegetais com flores e pelo menos um ter\u00e7o das plantas agr\u00edcolas mundiais dependem de alguma forma da poliniza\u00e7\u00e3o por animais, sendo, naturalmente, necess\u00e1ria para a preserva\u00e7\u00e3o de remanescentes de vegeta\u00e7\u00e3o natural e para a reprodu\u00e7\u00e3o e alimenta\u00e7\u00e3o desses vetores. A partir do reconhecimento do servi\u00e7o ambiental prestado pelos polinizadores (natureza e homem), conjuntamente com a preocupa\u00e7\u00e3o mundial causada pelas altas taxas de degrada\u00e7\u00e3o da natureza, uso intensivo de pesticidas agr\u00edcolas e pelas mudan\u00e7as clim\u00e1ticas globais, foi criado em 2000 na Confer\u00eancia das Partes (COP5) da Conven\u00e7\u00e3o da Diversidade Biol\u00f3gica, o programa \u201cIniciativa internacional para conserva\u00e7\u00e3o e uso sustent\u00e1vel dos polinizadores\u201d, denominado como Iniciativa Internacional dos Polinizadores (IPI), para promover uma a\u00e7\u00e3o mundial coordenada com os seguintes principais objetivos: <\/span><\/p>\n<p><span style=\"font-size: large;\">1- Monitorar o decl\u00ednio de polinizadores, sua causa e seu impacto sobre os servi\u00e7os de poliniza\u00e7\u00e3o; 2- Suprir a falta de informa\u00e7\u00f5es taxon\u00f4micas sobre polinizadores; 3- Avaliar os valores econ\u00f4micos da poliniza\u00e7\u00e3o e do impacto do decl\u00ednio dos servi\u00e7os de poliniza\u00e7\u00e3o; 4- Promover a conserva\u00e7\u00e3o, a restaura\u00e7\u00e3o e o uso sustent\u00e1vel da diversidade de polinizadores na agricultura e ecossistemas relacionados. Nos \u00faltimos anos, v\u00e1rias iniciativas regionais foram criadas, a exemplo da Iniciativa Europeia dos Polinizadores, da Campanha Norte-Americana de Prote\u00e7\u00e3o dos Polinizadores, da Iniciativa Canadense de Polinizadores, da Iniciativa Africana dos Polinizadores, da Iniciativa dos Polinizadores dos povos das montanhas da \u00c1sia, da Iniciativa Brasileira dos Polinizadores e mais recentemente da Iniciativa Colombiana de Polinizadores, as quais desenvolveram projetos que visavam alcan\u00e7ar os objetivos acima citados.<\/span><\/p>\n<p><span style=\"font-size: large;\">Os trabalhos desenvolvidos por essas iniciativas regionais ao longo da \u00faltima d\u00e9cada foram fundamentais para que o tema: \u201cpolinizadores, a poliniza\u00e7\u00e3o e a produ\u00e7\u00e3o de alimentos\u201d tenha sido escolhido para a primeira avalia\u00e7\u00e3o tem\u00e1tica demandada pelos pa\u00edses signat\u00e1rios da Plataforma Intergovemamental sobre a Biodiversidade e Servi\u00e7os Ecossist\u00eamicos (IPBES), painel Intergovemamental independente aberto a todos os pa\u00edses-membros das Na\u00e7\u00f5es Unidas. Essa avalia\u00e7\u00e3o contou com a participa\u00e7\u00e3o de 77 especialistas de v\u00e1rios pa\u00edses, incluindo o Brasil, que produziram um extenso relat\u00f3rio, baseado nos conhecimentos cient\u00edficos, tradicionais e ind\u00edgenas, e um resumo para os formuladores de pol\u00edticas (SPM). Esse resumo foi aprovado na plen\u00e1ria do IPBES, em fevereiro do corrente ano, em Kuala Lumpur, na Mal\u00e1sia, por representantes de 124 pa\u00edses membros das Na\u00e7\u00f5es Unidas e entregue pela IPBES aos representantes da Conven\u00e7\u00e3o da Diversidade de Biol\u00f3gica, para subsidiar a elabora\u00e7\u00e3o das decis\u00f5es e recomenda\u00e7\u00f5es de pol\u00edticas a serem seguidas pelos pa\u00edses signat\u00e1rios.<\/span><\/p>\n<p><span style=\"font-size: large;\">A avalia\u00e7\u00e3o tem\u00e1tica sobre \u201cpolinizadores, poliniza\u00e7\u00e3o e produ\u00e7\u00e3o de alimentos\u201d da IPBES trouxe a confirma\u00e7\u00e3o de que tanto os polinizadores silvestres quanto os manejados trazem in\u00fameros benef\u00edcios para os seres humanos, incluindo os efeitos diretos sobre a produ\u00e7\u00e3o de frutas, legumes e \u00f3leos. Apesar disso, as evid\u00eancias apontam que os polinizadores est\u00e3o em decl\u00ednio em diversas partes do planeta. Muitos s\u00e3o os fatores relacionados a tal problema e, entre as causas principais, figura o uso intensivo de solo, a supress\u00e3o da vegeta\u00e7\u00e3o natural e o uso de agrot\u00f3xicos. Para lidar com esses fatores de risco, os especialistas identificaram um grande n\u00famero de respostas aos riscos que incluem estrat\u00e9gias que visam: 1) Melhorar as condi\u00e7\u00f5es atuais para polinizadores e\/ou manuten\u00e7\u00e3o da poliniza\u00e7\u00e3o, dentre as quais, tais como: reduzir uso de agrot\u00f3xicos, prevenirem doen\u00e7as e utilizar as oportunidades de manejo, certifica\u00e7\u00e3o, etc.;<\/span><\/p>\n<p><span style=\"font-size: large;\"> 2) Transformar as paisagens agr\u00edcolas em paisagens amig\u00e1veis, promovendo a intensifica\u00e7\u00e3o ecol\u00f3gica da agricultura por meio do manejo dos ecossistemas, fortalecendo os sistemas agr\u00edcolas diversificados j\u00e1 existentes e investindo na infraestrutura ecol\u00f3gica; e<\/span><\/p>\n<p><span style=\"font-size: large;\">3) Transformar a rela\u00e7\u00e3o da sociedade com a natureza, por meio da integra\u00e7\u00e3o dos conhecimentos e das abordagens colaborativas, a exemplo da ci\u00eancia cidad\u00e3.<\/span><\/p>\n<p><span style=\"font-size: large;\">Com base no exposto acima, e tendo em vista a excelente oportunidade de mudan\u00e7a da pol\u00edtica em escala mundial para salvaguardar os polinizadores em diversos pa\u00edses e a inclus\u00e3o do tema na 13a Confer\u00eancia das Partes da Conven\u00e7\u00e3o da Diversidade Biol\u00f3gica, realizada no M\u00e9xico, em dezembro do corrente ano, n\u00f3s, pesquisadores, reunidos na cidade de Catal\u00e3o, Goi\u00e1s, de 23 a 26 de outubro de 2016 durante o II Simp\u00f3sio Brasileiro de Poliniza\u00e7\u00e3o, solicitamos do Governo Federal, por interm\u00e9dio do Minist\u00e9rio do Meio Ambiente, a inser\u00e7\u00e3o integral do Brasil na discuss\u00e3o e no desenvolvimento de uma Pol\u00edtica Nacional para uso e conserva\u00e7\u00e3o de polinizadores e do servi\u00e7o de poliniza\u00e7\u00e3o com o objetivo de gerar conhecimentos e desenvolver estrat\u00e9gias para conserva\u00e7\u00e3o e manejo sustentado da poliniza\u00e7\u00e3o e dos polinizadores. Para tal, tendo em vista a import\u00e2ncia do conhecimento cient\u00edfico na formula\u00e7\u00e3o de pol\u00edticas p\u00fablicas e na tomada de decis\u00e3o, reivindicamos a participa\u00e7\u00e3o da comunidade cientifica brasileira na elabora\u00e7\u00e3o dessa pol\u00edtica nacional.<\/span><\/p>\n<p><span style=\"font-size: large;\">Assim, em nome dos 149 participantes do II Simp\u00f3sio Brasileiro de Poliniza\u00e7\u00e3o e da Rede Brasileira de Intera\u00e7\u00f5es Planta-Polinizador, organiza\u00e7\u00e3o colaborativa de trabalho que reuni grupos de pesquisa de especialistas em Biologia da Poliniza\u00e7\u00e3o disseminados no pa\u00eds e tem como objetivo incentivar o desenvolvimento de atividades cient\u00edficas e did\u00e1ticas na \u00e1rea solicitamos um posicionamento de V.Sa. quanto ao pleito apresentado neste documento.<\/span><\/p>\n","protected":false},"excerpt":{"rendered":"<p>Carta dos participantes do II Simp\u00f3sio Brasileiro de Poliniza\u00e7\u00e3o Catal\u00e3o, 12 de dezembro de 2016. Prof. Dr. H\u00e9lder Consolaro Presidente do II Simp\u00f3sio Brasileiro de Poliniza\u00e7\u00e3o Universidade Federal de Goi\u00e1s- [&hellip;]<\/p>\n","protected":false},"author":1,"featured_media":0,"parent":1753,"menu_order":0,"comment_status":"open","ping_status":"open","template":"","meta":{"pmpro_default_level":"","_price":"","_stock":"","_tribe_ticket_header":"","_tribe_default_ticket_provider":"","_tribe_ticket_capacity":"0","_ticket_start_date":"","_ticket_end_date":"","_tribe_ticket_show_description":"","_tribe_ticket_show_not_going":false,"_tribe_ticket_use_global_stock":"","_tribe_ticket_global_stock_level":"","_global_stock_mode":"","_global_stock_cap":"","_tribe_rsvp_for_event":"","_tribe_ticket_going_count":"","_tribe_ticket_not_going_count":"","_tribe_tickets_list":"[]","_tribe_ticket_has_attendee_info_fields":false,"cybocfi_hide_featured_image":"","footnotes":""},"class_list":["post-1793","page","type-page","status-publish","hentry","pmpro-has-access"],"_links":{"self":[{"href":"https:\/\/apacame.org.br\/site\/wp-json\/wp\/v2\/pages\/1793"}],"collection":[{"href":"https:\/\/apacame.org.br\/site\/wp-json\/wp\/v2\/pages"}],"about":[{"href":"https:\/\/apacame.org.br\/site\/wp-json\/wp\/v2\/types\/page"}],"author":[{"embeddable":true,"href":"https:\/\/apacame.org.br\/site\/wp-json\/wp\/v2\/users\/1"}],"replies":[{"embeddable":true,"href":"https:\/\/apacame.org.br\/site\/wp-json\/wp\/v2\/comments?post=1793"}],"version-history":[{"count":4,"href":"https:\/\/apacame.org.br\/site\/wp-json\/wp\/v2\/pages\/1793\/revisions"}],"predecessor-version":[{"id":1795,"href":"https:\/\/apacame.org.br\/site\/wp-json\/wp\/v2\/pages\/1793\/revisions\/1795"}],"up":[{"embeddable":true,"href":"https:\/\/apacame.org.br\/site\/wp-json\/wp\/v2\/pages\/1753"}],"wp:attachment":[{"href":"https:\/\/apacame.org.br\/site\/wp-json\/wp\/v2\/media?parent=1793"}],"curies":[{"name":"wp","href":"https:\/\/api.w.org\/{rel}","templated":true}]}}