{"id":1623,"date":"2016-12-12T19:38:49","date_gmt":"2016-12-12T19:38:49","guid":{"rendered":"http:\/\/apacame.org.br\/site\/?page_id=1623"},"modified":"2016-12-12T19:38:49","modified_gmt":"2016-12-12T19:38:49","slug":"editorial","status":"publish","type":"page","link":"https:\/\/apacame.org.br\/site\/revista\/mensagem-doce-n-139-novembro-de-2016\/editorial\/","title":{"rendered":"Editorial"},"content":{"rendered":"<h1 style=\"text-align: center;\">MUDAR PARA CRESCER!!!<\/h1>\n<p><span style=\"font-size: large;\">Paralelamente ao fechamento desta edi\u00e7\u00e3o a APACAME est\u00e1 promovendo a mudan\u00e7a da sua Sede Social e Administrativa para um im\u00f3vel pr\u00f3prio localizado \u00e0 Rua Dona Germaine Burchard, 206, Bairro da \u00c1gua Branca, S\u00e3o Paulo, Capital.<\/span><\/p>\n<p><span style=\"font-size: large;\">Deixamos a Sala ocupada, h\u00e1 d\u00e9cadas, no Pr\u00e9dio Casa do Fazendeiro, dentro do Parque Fernando Costa, conhecido como Parque da \u00c1gua Branca, saudosos das grandes realiza\u00e7\u00f5es, reuni\u00f5es, encontros que mostraram a pujan\u00e7a da APACAME que, inegavelmente, se tornou uma refer\u00eancia nacional e internacional, mostrando que \u00e9 poss\u00edvel realizar um trabalho s\u00e9rio em prol da Associa\u00e7\u00e3o.<\/span><\/p>\n<p><span style=\"font-size: large;\">Saudades e agradecimentos a todos aqueles colaboradores que durante os \u00faltimos 37 anos reuniram-se todas as quartas-feiras para tra\u00e7arem os destinos da APACAME.<\/span><\/p>\n<p><span style=\"font-size: large;\">Nossos agradecimentos pelo apoio recebido da Secretaria de Agricultura e Abastecimento do Estado de S\u00e3o Paulo, enquanto o Parque Fernando Costa pertenceu \u00e0 sua administra\u00e7\u00e3o.<\/span><\/p>\n<p><span style=\"font-size: large;\">A APACAME sempre pensando no seu futuro soube se preparar para esta mudan\u00e7a que era inevit\u00e1vel em algum momento. <\/span><\/p>\n<p><span style=\"font-size: large;\">Mudar \u00e9 sempre dif\u00edcil, mas n\u00e3o para a APACAME que sempre soube redirecionar a sua trajet\u00f3ria visando o engrandecimento da Associa\u00e7\u00e3o.<\/span><\/p>\n<p><span style=\"font-size: large;\">Agora, casa nova, pr\u00f3pria, com alicerce s\u00f3lido, pronta para alavancar o crescimento cont\u00ednuo da APACAME.<\/span><\/p>\n<p><span style=\"font-size: large;\">Enfim, mudar para crescer!!!<\/span><\/p>\n<p><span style=\"font-size: large;\"><strong><em>Constantino Zara Filho \u2013 Presidente Executivo<\/em><\/strong><\/span><\/p>\n","protected":false},"excerpt":{"rendered":"<p>MUDAR PARA CRESCER!!! Paralelamente ao fechamento desta edi\u00e7\u00e3o a APACAME est\u00e1 promovendo a mudan\u00e7a da sua Sede Social e Administrativa para um im\u00f3vel pr\u00f3prio localizado \u00e0 Rua Dona Germaine Burchard, [&hellip;]<\/p>\n","protected":false},"author":1,"featured_media":0,"parent":1616,"menu_order":0,"comment_status":"open","ping_status":"open","template":"","meta":{"pmpro_default_level":"","_price":"","_stock":"","_tribe_ticket_header":"","_tribe_default_ticket_provider":"","_tribe_ticket_capacity":"0","_ticket_start_date":"","_ticket_end_date":"","_tribe_ticket_show_description":"","_tribe_ticket_show_not_going":false,"_tribe_ticket_use_global_stock":"","_tribe_ticket_global_stock_level":"","_global_stock_mode":"","_global_stock_cap":"","_tribe_rsvp_for_event":"","_tribe_ticket_going_count":"","_tribe_ticket_not_going_count":"","_tribe_tickets_list":"[]","_tribe_ticket_has_attendee_info_fields":false,"cybocfi_hide_featured_image":"","footnotes":""},"class_list":["post-1623","page","type-page","status-publish","hentry","pmpro-has-access"],"_links":{"self":[{"href":"https:\/\/apacame.org.br\/site\/wp-json\/wp\/v2\/pages\/1623"}],"collection":[{"href":"https:\/\/apacame.org.br\/site\/wp-json\/wp\/v2\/pages"}],"about":[{"href":"https:\/\/apacame.org.br\/site\/wp-json\/wp\/v2\/types\/page"}],"author":[{"embeddable":true,"href":"https:\/\/apacame.org.br\/site\/wp-json\/wp\/v2\/users\/1"}],"replies":[{"embeddable":true,"href":"https:\/\/apacame.org.br\/site\/wp-json\/wp\/v2\/comments?post=1623"}],"version-history":[{"count":1,"href":"https:\/\/apacame.org.br\/site\/wp-json\/wp\/v2\/pages\/1623\/revisions"}],"predecessor-version":[{"id":1624,"href":"https:\/\/apacame.org.br\/site\/wp-json\/wp\/v2\/pages\/1623\/revisions\/1624"}],"up":[{"embeddable":true,"href":"https:\/\/apacame.org.br\/site\/wp-json\/wp\/v2\/pages\/1616"}],"wp:attachment":[{"href":"https:\/\/apacame.org.br\/site\/wp-json\/wp\/v2\/media?parent=1623"}],"curies":[{"name":"wp","href":"https:\/\/api.w.org\/{rel}","templated":true}]}}

<h1 style="text-align: center;">MUDAR PARA CRESCER!!!</h1>
<p><span style="font-size: large;">Paralelamente ao fechamento desta edição a APACAME está promovendo a mudança da sua Sede Social e Administrativa para um imóvel próprio localizado à Rua Dona Germaine Burchard, 206, Bairro da Água Branca, São Paulo, Capital.</span></p>
<p><span style="font-size: large;">Deixamos a Sala ocupada, há décadas, no Prédio Casa do Fazendeiro, dentro do Parque Fernando Costa, conhecido como Parque da Água Branca, saudosos das grandes realizações, reuniões, encontros que mostraram a pujança da APACAME que, inegavelmente, se tornou uma referência nacional e internacional, mostrando que é possível realizar um trabalho sério em prol da Associação.</span></p>
<p><span style="font-size: large;">Saudades e agradecimentos a todos aqueles colaboradores que durante os últimos 37 anos reuniram-se todas as quartas-feiras para traçarem os destinos da APACAME.</span></p>
<p><span style="font-size: large;">Nossos agradecimentos pelo apoio recebido da Secretaria de Agricultura e Abastecimento do Estado de São Paulo, enquanto o Parque Fernando Costa pertenceu à sua administração.</span></p>
<p><span style="font-size: large;">A APACAME sempre pensando no seu futuro soube se preparar para esta mudança que era inevitável em algum momento. </span></p>
<p><span style="font-size: large;">Mudar é sempre difícil, mas não para a APACAME que sempre soube redirecionar a sua trajetória visando o engrandecimento da Associação.</span></p>
<p><span style="font-size: large;">Agora, casa nova, própria, com alicerce sólido, pronta para alavancar o crescimento contínuo da APACAME.</span></p>
<p><span style="font-size: large;">Enfim, mudar para crescer!!!</span></p>
<p><span style="font-size: large;"><strong><em>Constantino Zara Filho – Presidente Executivo</em></strong></span></p>

<p>MUDAR PARA CRESCER!!! Paralelamente ao fechamento desta edição a APACAME está promovendo a mudança da sua Sede Social e Administrativa para um imóvel próprio localizado à Rua Dona Germaine Burchard, [&hellip;]</p>
