{"id":1534,"date":"2016-09-30T21:24:42","date_gmt":"2016-09-30T21:24:42","guid":{"rendered":"http:\/\/apacame.org.br\/site\/?page_id=1534"},"modified":"2016-09-30T21:24:42","modified_gmt":"2016-09-30T21:24:42","slug":"atividade","status":"publish","type":"page","link":"https:\/\/apacame.org.br\/site\/revista\/mensagem-doce-n-138-setembro-de-2016\/atividade\/","title":{"rendered":"Atividade"},"content":{"rendered":"<h1 style=\"text-align: center;\">I ENCONTRO BAIANO DE MELIPONICULTURA<\/h1>\n<blockquote><p>Autor: Prof.\u00a0Rog\u00e9rio Alves<br \/>\nFoto: Pedro Viana<\/p><\/blockquote>\n<p><a href=\"https:\/\/apacame.org.br\/site\/wp-content\/uploads\/2016\/09\/Foto-1_Congresso-Bahiano.jpg\"><img fetchpriority=\"high\" decoding=\"async\" src=\"https:\/\/apacame.org.br\/site\/wp-content\/uploads\/2016\/09\/Foto-1_Congresso-Bahiano-300x180.jpg\" alt=\"Congresso Bahiano\" width=\"300\" height=\"180\" class=\"alignleft size-medium wp-image-1536\" srcset=\"https:\/\/apacame.org.br\/site\/wp-content\/uploads\/2016\/09\/Foto-1_Congresso-Bahiano-300x180.jpg 300w, https:\/\/apacame.org.br\/site\/wp-content\/uploads\/2016\/09\/Foto-1_Congresso-Bahiano-150x90.jpg 150w, https:\/\/apacame.org.br\/site\/wp-content\/uploads\/2016\/09\/Foto-1_Congresso-Bahiano-500x300.jpg 500w, https:\/\/apacame.org.br\/site\/wp-content\/uploads\/2016\/09\/Foto-1_Congresso-Bahiano.jpg 561w\" sizes=\"(max-width: 300px) 100vw, 300px\" \/><\/a><span style=\"font-size: large;\">\u200bA realiza\u00e7\u00e3o do I Encontro Baiano de Meliponicultura foi um marco para essa atividade. Em \u00e9poca de dificuldades porque passam todos os setores no Brasil, o evento realizado a 500 Km de Salvador contou com a participa\u00e7\u00e3o de mais de 200 participantes, sendo 80% de produtores.<\/span><br \/>\n\u200b<br \/>\n<span style=\"font-size: large;\">A escolha da cidade de Irec\u00ea como sede do primeiro evento dedicado somente a Meliponicultura no estado, observou raz\u00f5es como: regi\u00e3o onde a atividade \u00e9 desenvolvida h\u00e1 muitos anos, maior concentra\u00e7\u00e3o de produtores de mel de abelhas sem ferr\u00e3o, situada no Bioma caatinga, regi\u00e3o de forte atividade agr\u00edcola e onde est\u00e1 a maior concentra\u00e7\u00e3o de col\u00f4nias da MANDACAIA (Melipona mandacaia\u00a0Smith), esp\u00e9cie end\u00eamica desse Bioma.<\/span><br \/>\n\u200b<br \/>\n<span style=\"font-size: large;\">O evento realizado durante os dias 12 a 14 de julho de 2016, Teve como realizadores o Governo do estado atrav\u00e9s da Camara Setorial de Apicultura e Meliponicultura (CESAM), A Associa\u00e7\u00e3o de Apicultores de Am\u00e9rica Dourada (ADRAP), O Instituto Federal de Educa\u00e7\u00e3o, Ci\u00eancia e Tecnologia da Bahia (IFBA) e Prefeitura de Irec\u00ea e apoio de diversos \u00f3rg\u00e3os e associa\u00e7\u00f5es de criadores de abelhas.<\/span><br \/>\n\u200b<br \/>\n<a href=\"https:\/\/apacame.org.br\/site\/wp-content\/uploads\/2016\/09\/Foto-2_Congresso-Bahiano.jpg\"><img decoding=\"async\" src=\"https:\/\/apacame.org.br\/site\/wp-content\/uploads\/2016\/09\/Foto-2_Congresso-Bahiano-300x224.jpg\" alt=\"Congresso Bahiano\" width=\"300\" height=\"224\" class=\"alignleft size-medium wp-image-1538\" srcset=\"https:\/\/apacame.org.br\/site\/wp-content\/uploads\/2016\/09\/Foto-2_Congresso-Bahiano-300x224.jpg 300w, https:\/\/apacame.org.br\/site\/wp-content\/uploads\/2016\/09\/Foto-2_Congresso-Bahiano-150x112.jpg 150w, https:\/\/apacame.org.br\/site\/wp-content\/uploads\/2016\/09\/Foto-2_Congresso-Bahiano-500x373.jpg 500w, https:\/\/apacame.org.br\/site\/wp-content\/uploads\/2016\/09\/Foto-2_Congresso-Bahiano.jpg 561w\" sizes=\"(max-width: 300px) 100vw, 300px\" \/><\/a><span style=\"font-size: large;\">A programa\u00e7\u00e3o foi elaborada visando atender a todos os segmentes com \u00eanfase para os meliponicultores e constou de minicursos, palestras e mesas redondas. Os minicursos com dura\u00e7\u00e3o de 4 horas desenvolveram os seguintes temas: Amplia\u00e7\u00e3o de melipon\u00e1rios, produ\u00e7\u00e3o de hidromel e cerveja, manejo de abelhas no Bioma Caatinga, nutri\u00e7\u00e3o prot\u00e9ica e e energ\u00e9tica para as abelhas, reconhecimento de esp\u00e9cies, produ\u00e7\u00e3o de mel e boas pr\u00e1ticas, produ\u00e7\u00e3o de cosm\u00e9ticos, uso do mel na culin\u00e1ria Gourmet.<\/span><br \/>\n\u200b<br \/>\n<span style=\"font-size: large;\">As palestras e mesas redondas apresentaram aspectos ligados ao meio ambiente, conserva\u00e7\u00e3o, pesquisa, extens\u00e3o, mercado, manejo e sustentabilidade da atividade. A valoriza\u00e7\u00e3o do produtor e a presen\u00e7a como palestrantes, de criadores da regi\u00e3o foi considerado um ponto de destaque no evento. A regulamenta\u00e7\u00e3o da cria\u00e7\u00e3o e do produto foi acompanhada de um estudo do mercado para o mel das abelhas sem ferr\u00e3o, sendo bastante enfocado o Mercado Gourmet para o mel e sambur\u00e1. Com presen\u00e7a de tres Chefs muito conhecidos da Gastronomia Baiana foi demonstrado o uso do produto e realizado o concurso de mel com \u00eanfase nos aspectos sensoriais.<\/span><br \/>\n\u200b<br \/>\n<span style=\"font-size: large;\">Ap\u00f3s a realiza\u00e7\u00e3o do evento foram discutidos os rumos a tomar na constru\u00e7\u00e3o de politicas p\u00fablicas para a atividade e a elabora\u00e7\u00e3o de um plano de desenvolvimento do setor.<\/span><\/p>\n","protected":false},"excerpt":{"rendered":"<p>I ENCONTRO BAIANO DE MELIPONICULTURA Autor: Prof.\u00a0Rog\u00e9rio Alves Foto: Pedro Viana \u200bA realiza\u00e7\u00e3o do I Encontro Baiano de Meliponicultura foi um marco para essa atividade. Em \u00e9poca de dificuldades porque [&hellip;]<\/p>\n","protected":false},"author":1,"featured_media":0,"parent":1484,"menu_order":0,"comment_status":"open","ping_status":"open","template":"","meta":{"pmpro_default_level":"","_price":"","_stock":"","_tribe_ticket_header":"","_tribe_default_ticket_provider":"","_tribe_ticket_capacity":"0","_ticket_start_date":"","_ticket_end_date":"","_tribe_ticket_show_description":"","_tribe_ticket_show_not_going":false,"_tribe_ticket_use_global_stock":"","_tribe_ticket_global_stock_level":"","_global_stock_mode":"","_global_stock_cap":"","_tribe_rsvp_for_event":"","_tribe_ticket_going_count":"","_tribe_ticket_not_going_count":"","_tribe_tickets_list":"[]","_tribe_ticket_has_attendee_info_fields":false,"cybocfi_hide_featured_image":"","footnotes":""},"class_list":["post-1534","page","type-page","status-publish","hentry","pmpro-has-access"],"_links":{"self":[{"href":"https:\/\/apacame.org.br\/site\/wp-json\/wp\/v2\/pages\/1534"}],"collection":[{"href":"https:\/\/apacame.org.br\/site\/wp-json\/wp\/v2\/pages"}],"about":[{"href":"https:\/\/apacame.org.br\/site\/wp-json\/wp\/v2\/types\/page"}],"author":[{"embeddable":true,"href":"https:\/\/apacame.org.br\/site\/wp-json\/wp\/v2\/users\/1"}],"replies":[{"embeddable":true,"href":"https:\/\/apacame.org.br\/site\/wp-json\/wp\/v2\/comments?post=1534"}],"version-history":[{"count":3,"href":"https:\/\/apacame.org.br\/site\/wp-json\/wp\/v2\/pages\/1534\/revisions"}],"predecessor-version":[{"id":1539,"href":"https:\/\/apacame.org.br\/site\/wp-json\/wp\/v2\/pages\/1534\/revisions\/1539"}],"up":[{"embeddable":true,"href":"https:\/\/apacame.org.br\/site\/wp-json\/wp\/v2\/pages\/1484"}],"wp:attachment":[{"href":"https:\/\/apacame.org.br\/site\/wp-json\/wp\/v2\/media?parent=1534"}],"curies":[{"name":"wp","href":"https:\/\/api.w.org\/{rel}","templated":true}]}}