{"id":1406,"date":"2016-08-19T21:42:27","date_gmt":"2016-08-19T21:42:27","guid":{"rendered":"http:\/\/apacame.org.br\/site\/?page_id=1406"},"modified":"2016-08-19T21:42:27","modified_gmt":"2016-08-19T21:42:27","slug":"congresso-4","status":"publish","type":"page","link":"https:\/\/apacame.org.br\/site\/revista\/mensagem-doce-n-137-julho-de-2016\/congresso-4\/","title":{"rendered":"Congresso"},"content":{"rendered":"<h1 style=\"text-align: center;\">O XXI Congresso Brasileiro de Apicultura e VII Congresso Brasileiro de Meliponicultura e seu Legado.<\/h1>\n<blockquote><p>Profa. Dra. Lidia Maria Ruv Carelli Barreto &#8211; Presidente da Comiss\u00e3o T\u00e9cnico Cientifica da CBA<\/p><\/blockquote>\n<p><span style=\"font-size: large;\">Maio de 2016, dois anos se passaram e toda comunidade ap\u00edcola e melipon\u00edcola se encontra. \u00c9 bem verdadeira a preocupa\u00e7\u00e3o de todos com a realiza\u00e7\u00e3o do evento frente a crise econ\u00f4mica\/financeira pela qual passa nosso pa\u00eds! Mas, felizmente a classe guerreira, com bravura, pode demonstrar sua for\u00e7a com expressiva presen\u00e7a no maior evento Ap\u00edcola e Melipon\u00edcola do Brasil.<\/span><\/p>\n<p><span style=\"font-size: large;\">O XXI Congresso Brasileiro de Apicultura e VII Congresso Brasileiro de Meliponicultura foi um momento de grandes encontros, grandes trocas de conhecimentos, revemos nossos amigos, nossos pares e conhecemos um maior n\u00famero de profissionais da \u00e1rea.<\/span><\/p>\n<p><span style=\"font-size: large;\">O legado deixado pelo evento, tem seus n\u00fameros t\u00e9cnico e cient\u00edficos, que citaremos:<\/span><\/p>\n<p><span style=\"font-size: large;\">Quanto as \u00e1reas cient\u00edficas:<\/span><\/p>\n<p><span style=\"font-size: large;\">Foram realizados lan\u00e7amentos de livros,<\/span><\/p>\n<p><span style=\"font-size: large;\">Apresentados 270 trabalhos cient\u00edficos distribu\u00eddos em 14 grandes \u00e1reas que contemplou os seguintes temas:<\/span><\/p>\n<p><span style=\"font-size: large;\">1 &#8211; Apiterapia, Ensaios \u201cIn Vitro\u201d, F\u00edsicos, Qu\u00edmicos e Biol\u00f3gicos;<\/span><\/p>\n<p><span style=\"font-size: large;\">2 &#8211; Biodiversidade;<\/span><\/p>\n<p><span style=\"font-size: large;\">3 &#8211; Biologia, Morfologia, Comportamento e Melhoramento Gen\u00e9tico;<\/span><\/p>\n<p><span style=\"font-size: large;\">4 &#8211; Boas Pr\u00e1ticas e Seguran\u00e7a no Trabalho Com as Abelhas;<\/span><\/p>\n<p><span style=\"font-size: large;\">5 &#8211; Flora Ap\u00edcola, Melipon\u00edcola e Poliniza\u00e7\u00e3o;<\/span><\/p>\n<p><span style=\"font-size: large;\">6- Qualidade F\u00edsico-Qu\u00edmica e Microbiol\u00f3gica dos Produtos da Colmeia;<\/span><\/p>\n<p><span style=\"font-size: large;\">7 &#8211; Sanidade;<\/span><\/p>\n<p><span style=\"font-size: large;\">8 &#8211; Efeitos dos Agroquimicos Sobre Abelhas e Produtos;<\/span><\/p>\n<p><span style=\"font-size: large;\">9-Sustentabilidade, Desenvolvimento, Perfis e Levantamento Socioecon\u00f4micos, Econ\u00f4mia Criativa e Solidaria, Educa\u00e7\u00e3o Ambiental;<\/span><\/p>\n<p><span style=\"font-size: large;\">10 -Tecnologia da Produ\u00e7\u00e3o;<\/span><\/p>\n<p><span style=\"font-size: large;\">11 -Tecnologia do Processamento;<\/span><\/p>\n<p><span style=\"font-size: large;\">As grandes novidades tem\u00e1ticas foram:<\/span><\/p>\n<p><span style=\"font-size: large;\">12-Educa\u00e7\u00e3o, Profissionaliza\u00e7\u00e3o na Apicultura e Meliponicultura;<\/span><\/p>\n<p><span style=\"font-size: large;\">O Congresso inovou tamb\u00e9m discutindo a Educa\u00e7\u00e3o e a Profissionaliza\u00e7\u00e3o na Apicultura e Meliponicultura brasileira, constatando a exist\u00eancia de Cursos T\u00e9cnicos em Apicultura n\u00edvel m\u00e9dio sendo ministrados no Nordeste brasileiro, a exist\u00eancia de Curso n\u00edvel superior o Tecn\u00f3logo em Apicultura e Meliponicultura e Curso de P\u00f3s-Gradua\u00e7\u00e3o Latu Senso ministrados no Sudeste brasileiro nas mesma tem\u00e1ticas, sendo a grande oportunidade da profissionaliza\u00e7\u00e3o da classe no Brasil.<\/span><\/p>\n<p><span style=\"font-size: large;\">13- Registros T\u00e9cnicos;<\/span><\/p>\n<p><span style=\"font-size: large;\">Um espa\u00e7o posto de maneira muito inclusiva para o criador de abelhas, para os autores de institui\u00e7\u00f5es ap\u00edcolas e melipon\u00edcolas como: Comunidade, associa\u00e7\u00f5es, cooperativas e federa\u00e7\u00f5es, que mesmo n\u00e3o tendo realizado um trabalho com o rigor cient\u00edfico, mas apresentarem registros, mem\u00f3rias, eventos e observa\u00e7\u00f5es pessoais que contribu\u00edram para enriquecer o congresso eternizando suas preciosas informa\u00e7\u00f5es.<\/span><\/p>\n<p><span style=\"font-size: large;\">14 &#8211; I Encontro de Inicia\u00e7\u00e3o Cient\u00edfica Junior em Apicultura e Meliponicultura \u2013 Enic Jr;<\/span><\/p>\n<p><span style=\"font-size: large;\">Este espa\u00e7o foi aberto e com grande sucesso! A nova modalidade de apresenta\u00e7\u00e3o de resumos, voltada para Inicia\u00e7\u00e3o Cientifica Junior proporcionou apresenta\u00e7\u00e3o de maravilhosos trabalhos dos alunos do ensino m\u00e9dio brasileiro! Pudemos constatar a\u00ed a grande oportunidade de se pensar no processo sucess\u00f3rio da apicultura e meliponicultura nacional, investindo e abrindo cada vez mais espa\u00e7o para nossa juventude e que certamente estar\u00e3o bem mais preparados na atua\u00e7\u00e3o profissional da apicultura e meliponicultura do Brasil! Estatisticamente foi o maior percentual de trabalhos enviados, comprovando assertivamente a exist\u00eancia da demanda!<\/span><\/p>\n<p><span style=\"font-size: large;\">Os Anais do congresso uma vez mais, para baixar custo e maior socializa\u00e7\u00e3o do conhecimento esta disponibilizado na pagina do CONBRAPI 2016-<a href=\"http:\/\/conbrapi2016.com.br\" target=\"_blank\" rel=\"noopener\">http:\/\/conbrapi2016.com.br<\/a> e do Brasil Ap\u00edcola <a href=\"http:\/\/brasilapicola.com.br\" target=\"_blank\" rel=\"noopener\">http:\/\/brasilapicola.com.br<\/a>.<\/span><\/p>\n<p><a href=\"https:\/\/apacame.org.br\/site\/wp-content\/uploads\/2016\/08\/Quadro-pag-11.jpg\"><img fetchpriority=\"high\" decoding=\"async\" src=\"https:\/\/apacame.org.br\/site\/wp-content\/uploads\/2016\/08\/Quadro-pag-11-848x1024.jpg\" alt=\"Quadro Premia\u00e7\u00f5es\" width=\"848\" height=\"1024\" class=\"aligncenter size-large wp-image-1407\" srcset=\"https:\/\/apacame.org.br\/site\/wp-content\/uploads\/2016\/08\/Quadro-pag-11-848x1024.jpg 848w, https:\/\/apacame.org.br\/site\/wp-content\/uploads\/2016\/08\/Quadro-pag-11-248x300.jpg 248w, https:\/\/apacame.org.br\/site\/wp-content\/uploads\/2016\/08\/Quadro-pag-11-150x181.jpg 150w, https:\/\/apacame.org.br\/site\/wp-content\/uploads\/2016\/08\/Quadro-pag-11-414x500.jpg 414w\" sizes=\"(max-width: 848px) 100vw, 848px\" \/><\/a><\/p>\n","protected":false},"excerpt":{"rendered":"<p>O XXI Congresso Brasileiro de Apicultura e VII Congresso Brasileiro de Meliponicultura e seu Legado. Profa. Dra. Lidia Maria Ruv Carelli Barreto &#8211; Presidente da Comiss\u00e3o T\u00e9cnico Cientifica da CBA [&hellip;]<\/p>\n","protected":false},"author":1,"featured_media":0,"parent":1363,"menu_order":0,"comment_status":"open","ping_status":"open","template":"","meta":{"pmpro_default_level":"","_price":"","_stock":"","_tribe_ticket_header":"","_tribe_default_ticket_provider":"","_tribe_ticket_capacity":"0","_ticket_start_date":"","_ticket_end_date":"","_tribe_ticket_show_description":"","_tribe_ticket_show_not_going":false,"_tribe_ticket_use_global_stock":"","_tribe_ticket_global_stock_level":"","_global_stock_mode":"","_global_stock_cap":"","_tribe_rsvp_for_event":"","_tribe_ticket_going_count":"","_tribe_ticket_not_going_count":"","_tribe_tickets_list":"[]","_tribe_ticket_has_attendee_info_fields":false,"cybocfi_hide_featured_image":"","footnotes":""},"class_list":["post-1406","page","type-page","status-publish","hentry","pmpro-has-access"],"_links":{"self":[{"href":"https:\/\/apacame.org.br\/site\/wp-json\/wp\/v2\/pages\/1406"}],"collection":[{"href":"https:\/\/apacame.org.br\/site\/wp-json\/wp\/v2\/pages"}],"about":[{"href":"https:\/\/apacame.org.br\/site\/wp-json\/wp\/v2\/types\/page"}],"author":[{"embeddable":true,"href":"https:\/\/apacame.org.br\/site\/wp-json\/wp\/v2\/users\/1"}],"replies":[{"embeddable":true,"href":"https:\/\/apacame.org.br\/site\/wp-json\/wp\/v2\/comments?post=1406"}],"version-history":[{"count":2,"href":"https:\/\/apacame.org.br\/site\/wp-json\/wp\/v2\/pages\/1406\/revisions"}],"predecessor-version":[{"id":1409,"href":"https:\/\/apacame.org.br\/site\/wp-json\/wp\/v2\/pages\/1406\/revisions\/1409"}],"up":[{"embeddable":true,"href":"https:\/\/apacame.org.br\/site\/wp-json\/wp\/v2\/pages\/1363"}],"wp:attachment":[{"href":"https:\/\/apacame.org.br\/site\/wp-json\/wp\/v2\/media?parent=1406"}],"curies":[{"name":"wp","href":"https:\/\/api.w.org\/{rel}","templated":true}]}}