{"id":1334,"date":"2016-06-01T03:17:13","date_gmt":"2016-06-01T03:17:13","guid":{"rendered":"http:\/\/apacame.org.br\/site\/?page_id=1334"},"modified":"2016-06-01T03:33:46","modified_gmt":"2016-06-01T03:33:46","slug":"evento","status":"publish","type":"page","link":"https:\/\/apacame.org.br\/site\/revista\/mensagem-doce-n-136-maio-de-2016\/evento\/","title":{"rendered":"EVENTO"},"content":{"rendered":"<h1 style=\"text-align: center;\">Maior encontro de apicultores do sul encerrou comemorando o sucesso da sua 3\u00ba edi\u00e7\u00e3o<\/h1>\n<blockquote><p>Katrine C. Daros &#8211; Departamento de Vendas<\/p><\/blockquote>\n<p><span style=\"font-size: large;\">Encerrou no dia 20\/02\/2016 o Encontro de Apicultores Prodapys. Foram 3 dias de palestras t\u00e9cnicas, discuss\u00f5es e pr\u00e1ticas para apicultores e t\u00e9cnicos de todas as regi\u00f5es do Pa\u00eds, com participantes principalmente do Piau\u00ed, Bahia, Minas Gerais, Esp\u00edrito Santo, S\u00e3o Paulo, Paran\u00e1, Santa Catarina e Rio Grande do Sul. O encontro que aconteceu no Morro dos Conventos, em Ararangu\u00e1, trouxe experi\u00eancias e t\u00e9cnicas das apiculturas chilena, neozelandesa, al\u00e9m de projetos de fomento desenvolvidos pela Prodapys, empresa realizadora do evento.<\/span><\/p>\n<p><span style=\"font-size: large;\">Na sua terceira edi\u00e7\u00e3o o evento trouxe os palestrantes Vincent Toledo Puntigliano e Mariela Lamezon, do Chile, especialistas na produ\u00e7\u00e3o de abelhas rainhas. Nas edi\u00e7\u00f5es anteriores os participantes puderam conhecer as t\u00e9cnicas da apicultura americana, com palestrantes de Minnesota e do Texas.<\/span><a href=\"https:\/\/apacame.org.br\/site\/wp-content\/uploads\/2016\/06\/imagens1.png\"><img decoding=\"async\" class=\"alignright size-medium wp-image-1337\" src=\"https:\/\/apacame.org.br\/site\/wp-content\/uploads\/2016\/06\/imagens1-300x128.png\" alt=\"\" width=\"300\" height=\"128\" srcset=\"https:\/\/apacame.org.br\/site\/wp-content\/uploads\/2016\/06\/imagens1-300x128.png 300w, https:\/\/apacame.org.br\/site\/wp-content\/uploads\/2016\/06\/imagens1-150x64.png 150w, https:\/\/apacame.org.br\/site\/wp-content\/uploads\/2016\/06\/imagens1-500x214.png 500w, https:\/\/apacame.org.br\/site\/wp-content\/uploads\/2016\/06\/imagens1.png 522w\" sizes=\"(max-width: 300px) 100vw, 300px\" \/><\/a><\/p>\n<p><span style=\"font-size: large;\">A produ\u00e7\u00e3o de mel de maior qualidade e em maior quantidade, novas t\u00e9cnicas de produ\u00e7\u00e3o, a import\u00e2ncia da poliniza\u00e7\u00e3o, projetos de manuten\u00e7\u00e3o da colmeia no inverno e a movimenta\u00e7\u00e3o do mercado ap\u00edcola internacional foram os principais temas do evento. <\/span><\/p>\n<p><span style=\"font-size: large;\"><b>Novas t\u00e9cnicas para o fortalecimento das colmeias<\/b><\/span><\/p>\n<p><span style=\"font-size: large;\">As abelhas est\u00e3o perdendo uma guerra catastr\u00f3fica para a humanidade. A interven\u00e7\u00e3o humana nos ambientes naturais e fatores clim\u00e1ticos est\u00e3o reduzindo o volume de abelhas em todo o mundo. Com enxames mais \u201cpobres\u201d as abelhas mal conseguem produzir alimento para a colmeia, enfraquecem e morrem.<\/span><\/p>\n<p><span style=\"font-size: large;\">A abelha rainha \u00e9 respons\u00e1vel pela produ\u00e7\u00e3o de novas abelhas, colocando cerca de 3000 ovos por dia na sua fase de maior desempenho. Selecionar as melhores abelhas rainhas e inseri-las nas colmeias \u00e9 a forma mais eficiente para multiplicar o volume de abelhas de alto desempenho. A segunda fase \u00e9 a divis\u00e3o de colmeias, que duplica o volume de enxames. Por\u00e9m, a sele\u00e7\u00e3o gen\u00e9tica de abelhas rainhas \u00e9 algo que demanda tempo at\u00e9 que as melhores matrizes sejam identificadas e gerem suas descendentes.<\/span><\/p>\n<p><span style=\"font-size: large;\">No encontro foram explicadas t\u00e9cnicas de divis\u00e3o de colmeias por lequeamento e por sobreposi\u00e7\u00e3o de caixas sem a necessidade de procurar a rainha. Este manejo \u00e9 amplamente utilizado em pa\u00edses onde a apicultura encontra-se mais desenvolvida.<\/span><\/p>\n<p><span style=\"font-size: large;\">Vincent Toledo, que \u00e9 especialista na reprodu\u00e7\u00e3o de abelhas rainhas ensinou as t\u00e9cnicas de divis\u00e3o, troca de rainhas e a melhor \u00e9poca para a substitui\u00e7\u00e3o de velhas rainhas por rainhas jovens. Todo o embasamento te\u00f3rico deste evento foi realizado na pr\u00e1tica, em uma estrutura montada no Centro de Produ\u00e7ao de Rainhas da Prodapys.<\/span><\/p>\n<p><span style=\"font-size: large;\"><b>Varroa, uma praga microsc\u00f3pica \u00e9 o maior inimigo da colmeia<\/b><\/span><\/p>\n<p><span style=\"font-size: large;\">A varroa \u00e9 uma esp\u00e9cie de \u00e1caro de tamanho milim\u00e9trico, e \u00e9 atualmente o maior problema dos apicultores brasileiros. A varroa invade as colmeias, suga o \u201csangue\u201d de filhotes e abelhas, e transmitem cerca de 18 tipos de v\u00edrus, que prejudicam o desenvolvimento das abelhas, deformando as asas dos insetos ou paralisando as abelhas. A sua presen\u00e7a na colmeia causa queda no volume do enxame, consequentemente na produ\u00e7\u00e3o de mel, por\u00e9m sem afetar a qualidade do mel.<\/span><\/p>\n<p><span style=\"font-size: large;\">Muitos apicultores n\u00e3o tem o cuidado necess\u00e1rio para detectar a varroa, o que torna mais dif\u00edcil manter o controle sobre a praga, que se alastra facilmente, seja pelo contato entre abelhas nas caixas, seja pela conviv\u00eancia em flores. <\/span><\/p>\n<p><span style=\"font-size: large;\">Segundo o pesquisador C\u00e9lio Herc\u00edlio da Silva, alguns procedimentos podem ajudar a controlar a varroa e manter a sa\u00fade da colmeia:<\/span><\/p>\n<p><span style=\"font-size: large;\">1- Selecione abelhas rainhas higi\u00eanicas: A caracter\u00edstica de higiene da rainha \u00e9 heredit\u00e1ria e passa para suas crias descendentes. \u00c9 poss\u00edvel descobrir se a \u201cmatriarca\u201d tem essas caracter\u00edsticas. Deve-se separar cerca de 10 cent\u00edmetros quadrados dos casulos onde est\u00e3o as larvas e fur\u00e1-los com uma agulha extra-fina. Ap\u00f3s essa etapa, \u00e9 preciso monitorar se as abelhas v\u00eam limpar os casulos, retirando e descartando as larvas prejudicadas.<\/span><\/p>\n<p><span style=\"font-size: large;\">Se elas fizerem isso em at\u00e9 10 horas ap\u00f3s furar, s\u00e3o consideradas higi\u00eanicas e, por isso, mais fortes para lidar com doen\u00e7as na colmeia;<\/span><\/p>\n<p><span style=\"font-size: large;\">2- Fa\u00e7a o manejo correto: Alimente as abelhas com prote\u00edna e deixe um estoque de mel para que elas se fortale\u00e7am;<\/span><\/p>\n<p><span style=\"font-size: large;\">3- Use apenas produtos permitidos H\u00e1 quatro op\u00e7\u00f5es org\u00e2nicas para o controle e redu\u00e7\u00e3o da popula\u00e7\u00e3o de varroa. S\u00e3o eles o \u00e1cido ox\u00e1lico, \u00e1cido f\u00f3lico, timol e \u00f3leo essencial de eucalipto.<\/span><\/p>\n<p><span style=\"font-size: large;\"><b>Poliniza\u00e7\u00e3o, o maior benef\u00edcio das abelhas<\/b><\/span><\/p>\n<p><span style=\"font-size: large;\">As abelhas nos fornecem muitos benef\u00edcios atrav\u00e9s dos produtos da colmeia, como o mel, pr\u00f3polis, p\u00f3len, geleia real, cera de abelha&#8230; mas nenhum deles \u00e9 t\u00e3o importante quanto a poliniza\u00e7\u00e3o de plantas.<\/span><\/p>\n<p><span style=\"font-size: large;\">Em pa\u00edses como o Chile e Nova Zel\u00e2ndia a destina\u00e7\u00e3o de abelhas para a poliniza\u00e7\u00e3o da fruticultura e levada muito a s\u00e9rio. A apicultura no Chile virou uma grande aliada da produtividade e qualidade das frutas. Hoje , o foco \u00e9 alugar colmeias lotadas para a poliniza\u00e7\u00e3o de pomares e hortas, deixando a produ\u00e7\u00e3o de mel em segundo plano. Isso gera uma boa receita para o apicultor, com alugueis variando entre US$ 14 e US$ 22 cada colmeia. \u201cNa Nova Zel\u00e2ndia \u00e9 bem mais caro, custando cerca de US$ 120 cada\u201d, conta Puntigliano.<\/span><\/p>\n<p><span style=\"font-size: large;\"><b>Como manter as colmeias fortes no inverno?<\/b><\/span><\/p>\n<p><span style=\"font-size: large;\">No per\u00edodo de inverno as abelhas diminuem suas atividades por conta do frio mais intenso e da falta de flores para coletar o p\u00f3len e o n\u00e9ctar. Por conta disso elas precisam manter um estoque razo\u00e1vel de mel para se alimentar. A escassez de alimentos faz com que os enxames enfraque\u00e7am e muitas abelhas morrem, indo se recompor somente na pr\u00f3xima florada. Quando o enxame volta a ter for\u00e7a muito tempo se passou e a produ\u00e7\u00e3o de mel atrasada diminui a efici\u00eancia da colmeia.<\/span><\/p>\n<p><span style=\"font-size: large;\">Pensando em uma forma de manter a for\u00e7a da colmeia na baixa temporada o pesquisador C\u00e9lio da Silva, da Prodapys, desenvolveu um experimento com plantas espec\u00edficas para esta \u00e9poca do ano. Em uma \u00e1rea de 3 hectares foram plantadas canola, nabo forrageiro e coentro. No terreno arenoso utilizado antes para o plantio de fumo a canola e o nabo forrageiro tiveram um desenvolvimento muito bom, com muitas flores, mostrando ser uma \u00f3tima alternativa para o sustento das abelhas.<\/span><\/p>\n<p><span style=\"font-size: large;\">\u201cAl\u00e9m dos benef\u00edcios para as abelhas, que ter\u00e3o alimento na \u00e9poca da entressafra e conseguem manter a colmeia mais forte, estas plantas s\u00e3o excelentes para a manuten\u00e7\u00e3o do solo, funcionando como adubo org\u00e2nico e na alimenta\u00e7\u00e3o do gado\u201d, explicou C\u00e9lio.<\/span><\/p>\n<p><span style=\"font-size: large;\">O pr\u00f3ximo passo \u00e9 buscar esp\u00e9cies mais eficientes para o nosso ecossistema e o apoio dos governos para que se criem pol\u00edticas de incentivo ao plantio do pasto ap\u00edcola de manuten\u00e7\u00e3o.<\/span><\/p>\n<p><span style=\"font-size: large;\"><b>O mercado do mel<\/b><\/span><\/p>\n<p><span style=\"font-size: large;\">\u201cN\u00f3s n\u00e3o fabricamos mel. A nossa miss\u00e3o \u00e9 a de comprar mel, processar e garantir a qualidade do produto exportado. Quando se fala de exporta\u00e7\u00e3o logo se pensa no volume de neg\u00f3cios feitos com o exterior, no entanto, todo o processo de produ\u00e7\u00e3o \u00e9 feito no Brasil. H\u00e1 uma grande movimenta\u00e7\u00e3o financeira dentro do Pa\u00eds que sustenta milhares de fam\u00edlias de apicultores\u201d, disse Tarciano da Silva, Diretor de Exporta\u00e7\u00e3o da Prodapys.<\/span><\/p>\n<p><span style=\"font-size: large;\">A Prodapys \u00e9 a maior exportadora de mel do Brasil nos \u00faltimos 8 anos. Embora o ano de 2015 n\u00e3o ter sido nada bom para o setor, 2016 promete ser redentor. Em janeiro de 2016 a Prodapys j\u00e1 exportou o maior volume para janeiro de sua hist\u00f3ria. <\/span><\/p>\n<p><span style=\"font-size: large;\">O momento \u00e9 bom para a exporta\u00e7\u00e3o e o apicultor tem lucrado mais, mas n\u00e3o se sabe at\u00e9 quando o mercado ser\u00e1 favor\u00e1vel. Nos \u00faltimos tempos tivemos um desempenho melhor at\u00e9 mesmo que a Argentina, um dos maiores exportadores de mel da Am\u00e9rica do Sul. O estoque de mel no Brasil est\u00e1 aguardando a nova safra para se recompor e caso atrase muito, pode ser tarde demais com o mercado do mel voltando ao patamar normal.<\/span><\/p>\n<p><span style=\"font-size: large;\">Com rela\u00e7\u00e3o ao evento Tarciano ressalta que \u201co investimento que estamos fazendo para o apicultor, trazendo palestrantes internacionais, ensinando t\u00e9cnicas que fazem evoluir a nossa apicultura e promovendo a melhoria para o apicultor brasileiro \u00e9 uma forma de retribuir \u00e0queles que s\u00e3o parceiros da Prodapys, pela amizade que se construiu. O sucesso da Prodapys passa necessariamente pelo sucesso desta parceria\u201d.<\/span><\/p>\n<p><span style=\"font-size: large;\"><b>Um evento para a fam\u00edlia<\/b><\/span><\/p>\n<p><a href=\"https:\/\/apacame.org.br\/site\/wp-content\/uploads\/2016\/06\/imagens2.png\"><img fetchpriority=\"high\" decoding=\"async\" class=\"alignleft wp-image-1338 size-large\" src=\"https:\/\/apacame.org.br\/site\/wp-content\/uploads\/2016\/06\/imagens2-1024x219.png\" alt=\"\" width=\"1024\" height=\"219\" srcset=\"https:\/\/apacame.org.br\/site\/wp-content\/uploads\/2016\/06\/imagens2-1024x219.png 1024w, https:\/\/apacame.org.br\/site\/wp-content\/uploads\/2016\/06\/imagens2-300x64.png 300w, https:\/\/apacame.org.br\/site\/wp-content\/uploads\/2016\/06\/imagens2-150x32.png 150w, https:\/\/apacame.org.br\/site\/wp-content\/uploads\/2016\/06\/imagens2-500x107.png 500w, https:\/\/apacame.org.br\/site\/wp-content\/uploads\/2016\/06\/imagens2.png 1056w\" sizes=\"(max-width: 1024px) 100vw, 1024px\" \/><\/a><span style=\"font-size: large;\">A edi\u00e7\u00e3o deste ano do encontro de apicultores inovou na sua programa\u00e7\u00e3o. Al\u00e9m das programa\u00e7\u00f5es t\u00e9cnicas e da visita \u00e0s depend\u00eancias da empresa, o evento presenteou a mulher apicultora com uma programa\u00e7\u00e3o paralela voltada para a beleza e a sa\u00fade.<\/span><\/p>\n<p><span style=\"font-size: large;\">No primeiro dia a consultora independente Mary Kay, Juliani Daminelli, realizou um spa facial para as mulheres apicultoras, com uma aula de auto-maquiagem que mostrou que a beleza exterior eleva a autoestima e transforma as pessoas.<\/span><\/p>\n<p><span style=\"font-size: large;\">Na sexta foi a vez da farmac\u00eautica da Prodapys Produtos Naturais, Cyntia da Silva, mostrar os benef\u00edcios que os produtos da colmeia tem para a sa\u00fade e beleza da mulher. O segmento de Produtos Naturais da Prodapys transforma produtos como pr\u00f3polis, cera de abelha, geleia real, polen, melitina e mel em cosm\u00e9ticos, alimentos e apiter\u00e1picos.<\/span><\/p>\n<p><span style=\"font-size: large;\">Por fim, as mulheres ainda puderam assistir um desfile de modas promovido pelas grifes DiFato e Ramage (Banana Black). As marcas desfilaram a sua cole\u00e7\u00e3o de ver\u00e3o e uma pr\u00e9via do que vai ser sucesso no inverno 2016, despertando a curiosidade e deixando um \u201cgostinho de quero mais\u201d.<\/span><\/p>\n<p><span style=\"font-size: large;\">Para descontrair, a noite de quinta-feira reuniu os apicultores e suas fam\u00edlias a beira mar para um encontro festivo, regado a \u201ccomes e bebes\u201d.<\/span><\/p>\n<p><span style=\"font-size: large;\">\u201cA iniciativa de ter esta programa\u00e7\u00e3o paralela foi muito aplaudida pelos participantes, que tiveram um tempo para se divertir e relaxar. A apicultura \u00e9 formada basicamente por pessoas da agricultura familiar e esta foi uma forma que encontramos para presentear as fam\u00edlias dos apicultores, tornando o evento mais leve e bonito. Foi muito legal ver as pessoas chegando t\u00edmidas e depois das apresenta\u00e7\u00f5es sa\u00edrem renovadas e sorridentes\u201d, falou Anderson Perraro, da Perraro Bezerra Propaganda, ag\u00eancia que organizou o evento.<\/span><\/p>\n","protected":false},"excerpt":{"rendered":"<p>Maior encontro de apicultores do sul encerrou comemorando o sucesso da sua 3\u00ba edi\u00e7\u00e3o Katrine C. Daros &#8211; Departamento de Vendas Encerrou no dia 20\/02\/2016 o Encontro de Apicultores Prodapys. [&hellip;]<\/p>\n","protected":false},"author":1,"featured_media":0,"parent":1256,"menu_order":0,"comment_status":"open","ping_status":"open","template":"","meta":{"pmpro_default_level":"","_price":"","_stock":"","_tribe_ticket_header":"","_tribe_default_ticket_provider":"","_tribe_ticket_capacity":"0","_ticket_start_date":"","_ticket_end_date":"","_tribe_ticket_show_description":"","_tribe_ticket_show_not_going":false,"_tribe_ticket_use_global_stock":"","_tribe_ticket_global_stock_level":"","_global_stock_mode":"","_global_stock_cap":"","_tribe_rsvp_for_event":"","_tribe_ticket_going_count":"","_tribe_ticket_not_going_count":"","_tribe_tickets_list":"[]","_tribe_ticket_has_attendee_info_fields":false,"cybocfi_hide_featured_image":"","footnotes":""},"class_list":["post-1334","page","type-page","status-publish","hentry","pmpro-has-access"],"_links":{"self":[{"href":"https:\/\/apacame.org.br\/site\/wp-json\/wp\/v2\/pages\/1334"}],"collection":[{"href":"https:\/\/apacame.org.br\/site\/wp-json\/wp\/v2\/pages"}],"about":[{"href":"https:\/\/apacame.org.br\/site\/wp-json\/wp\/v2\/types\/page"}],"author":[{"embeddable":true,"href":"https:\/\/apacame.org.br\/site\/wp-json\/wp\/v2\/users\/1"}],"replies":[{"embeddable":true,"href":"https:\/\/apacame.org.br\/site\/wp-json\/wp\/v2\/comments?post=1334"}],"version-history":[{"count":3,"href":"https:\/\/apacame.org.br\/site\/wp-json\/wp\/v2\/pages\/1334\/revisions"}],"predecessor-version":[{"id":1336,"href":"https:\/\/apacame.org.br\/site\/wp-json\/wp\/v2\/pages\/1334\/revisions\/1336"}],"up":[{"embeddable":true,"href":"https:\/\/apacame.org.br\/site\/wp-json\/wp\/v2\/pages\/1256"}],"wp:attachment":[{"href":"https:\/\/apacame.org.br\/site\/wp-json\/wp\/v2\/media?parent=1334"}],"curies":[{"name":"wp","href":"https:\/\/api.w.org\/{rel}","templated":true}]}}