{"id":1327,"date":"2016-06-01T02:52:48","date_gmt":"2016-06-01T02:52:48","guid":{"rendered":"http:\/\/apacame.org.br\/site\/?page_id=1327"},"modified":"2016-06-01T03:03:12","modified_gmt":"2016-06-01T03:03:12","slug":"artigo-2","status":"publish","type":"page","link":"https:\/\/apacame.org.br\/site\/revista\/mensagem-doce-n-136-maio-de-2016\/artigo-2\/","title":{"rendered":"ARTIGO"},"content":{"rendered":"<h1 style=\"text-align: center;\">Abelhas polinizadoras importantes para a agricultura brasileira<\/h1>\n<blockquote><p>\nTereza Cristina Giannini<sup>1<\/sup> e Guaraci Duran Cordeiro<sup>2<\/sup><br \/>\n<sup>1<\/sup> Instituto Tecn\u00f3logico Vale Desenvolvimento Sustent\u00e1vel \u2013 ITVDS. Rua Boaventura da Silva 955. 66055-090. Bel\u00e9m, PA.<br \/>\n<sup>2<\/sup> Instituto de Bioci\u00eancias da Universidade de S\u00e3o Paulo \u2013 IBUSP. Rua do Mat\u00e3o trav. 14. 05508-900. S\u00e3o Paulo, SP.\n<\/p><\/blockquote>\n<div style=\"text-align: center\"><span style=\"font-size: large;\"><b>Introdu\u00e7\u00e3o<\/b><\/span><\/div>\n<p><span style=\"font-size: large;\">A maior import\u00e2ncia ecol\u00f3gica das abelhas est\u00e1 relacionada \u00e0 poliniza\u00e7\u00e3o. A poliniza\u00e7\u00e3o \u00e9 um processo de transfer\u00eancia de gr\u00e3os de p\u00f3len de uma flor para outra. Estima-se que mais de 90% das plantas com flores dependem de polinizadores animais. Estes, ao visitarem as flores para se alimentar de p\u00f3len ou n\u00e9ctar, acabam ficando com os gr\u00e3os de p\u00f3len aderidos em seus corpos. Ao se deslocarem entre as flores, eles levam os gr\u00e3os de uma flor para a outra. O gr\u00e3o de p\u00f3len ao ser depositado na flor, se funde ao \u00f3vulo, o que dar\u00e1 origem \u00e0s sementes e frutos. Assim, muitas plantas dependem de animais para a produ\u00e7\u00e3o de frutos e sementes, o que tem rela\u00e7\u00e3o direta com a agricultura.<\/span><\/p>\n<p><span style=\"font-size: large;\"><b>Esp\u00e9cies mais importantes para a poliniza\u00e7\u00e3o de culturas agr\u00edcolas<\/b><\/span><\/p>\n<p><span style=\"font-size: large;\">Recentemente foi publicado um artigo na revista internacional Apidologie (Giannini et al. 2015a), onde foi feita uma revis\u00e3o de 249 publica\u00e7\u00f5es cient\u00edficas sobre os polinizadores de culturas com interesse econ\u00f4mico. \u00c9 importante enfatizar que nessa revis\u00e3o, foram diferenciados os insetos que apenas visitam as flores, dos que realmente a polinizam. Isso foi feito porque nem todos os visitantes florais tocam os \u00f3rg\u00e3os reprodutivos das flores e por isso, nem todos s\u00e3o capazes de transferir o gr\u00e3o de p\u00f3len em dire\u00e7\u00e3o ao \u00f3vulo. Assim, nesse trabalho, polinizadores e visitantes foram analisados separadamente, e a \u00eanfase foi dada para as esp\u00e9cies que realmente atuam como polinizadores. Foram identificados os polinizadores de 75 culturas agr\u00edcolas brasileiras. Esses polinizadores est\u00e3o distribu\u00eddos em 250 esp\u00e9cies de animais, sendo que 87% s\u00e3o abelhas.<\/span> <\/p>\n<p><span style=\"font-size: large;\">Os g\u00eaneros de abelhas citadas como polinizadores efetivos e que merecem destaque s\u00e3o (Figura 1): <\/span><figure id=\"attachment_1331\" aria-describedby=\"caption-attachment-1331\" style=\"width: 300px\" class=\"wp-caption alignright\"><a href=\"https:\/\/apacame.org.br\/site\/wp-content\/uploads\/2016\/06\/Fiura-1-remontagem.jpg\"><img fetchpriority=\"high\" decoding=\"async\" src=\"https:\/\/apacame.org.br\/site\/wp-content\/uploads\/2016\/06\/Fiura-1-remontagem-300x170.jpg\" alt=\"Figura 1. Esp\u00e9cies de abelhas mais importantes para a agricultura, citadas como polinizadores do maior n\u00famero de culturas agr\u00edcolas, com maior valor de produ\u00e7\u00e3o, mais dependentes por polinizadores animais e ampla distribui\u00e7\u00e3o geogr\u00e1fica. \" width=\"300\" height=\"170\" class=\"size-medium wp-image-1331\" srcset=\"https:\/\/apacame.org.br\/site\/wp-content\/uploads\/2016\/06\/Fiura-1-remontagem-300x170.jpg 300w, https:\/\/apacame.org.br\/site\/wp-content\/uploads\/2016\/06\/Fiura-1-remontagem-1024x580.jpg 1024w, https:\/\/apacame.org.br\/site\/wp-content\/uploads\/2016\/06\/Fiura-1-remontagem-150x85.jpg 150w, https:\/\/apacame.org.br\/site\/wp-content\/uploads\/2016\/06\/Fiura-1-remontagem-500x283.jpg 500w, https:\/\/apacame.org.br\/site\/wp-content\/uploads\/2016\/06\/Fiura-1-remontagem.jpg 1063w\" sizes=\"(max-width: 300px) 100vw, 300px\" \/><\/a><figcaption id=\"caption-attachment-1331\" class=\"wp-caption-text\">Figura 1. Esp\u00e9cies de abelhas mais importantes para a agricultura, citadas como polinizadores do maior n\u00famero de culturas agr\u00edcolas, com maior valor de produ\u00e7\u00e3o, mais dependentes por polinizadores animais e ampla distribui\u00e7\u00e3o geogr\u00e1fica.<\/figcaption><\/figure><\/p>\n<p><span style=\"font-size: large;\">Centris, um g\u00eanero de abelhas solit\u00e1rias, conhecidas como abelhas de \u00f3leo por coletarem \u00f3leo floral; Xylocopa, abelhas solit\u00e1rias de grande tamanho conhecidas como carpinteiras, pois fazem seus ninhos cavando buracos na madeira e; Bombus, abelhas tamb\u00e9m de grande porte conhecidas como mamangavas. Outros dois g\u00eaneros importantes s\u00e3o pertencentes \u00e0s abelhas sem ferr\u00e3o: Melipona e Trigona. As abelhas sem ferr\u00e3o s\u00e3o sociais e muito \u00fateis para manejo, pois n\u00e3o apresentam ferr\u00e3o funcional. Elas j\u00e1 haviam sido destacadas por sua import\u00e2ncia na poliniza\u00e7\u00e3o em culturas agr\u00edcolas em trabalhos anteriores, tanto internacionais quanto brasileiros. <\/span><\/p>\n<p><span style=\"font-size: large;\">Duas esp\u00e9cies de abelhas merecem destaque: a Apis mellifera, chamada de abelha do mel ou africanizada, citada como polinizadora de 28 culturas e a Trigona spinipes (irapu\u00e1), citada para 10 culturas. Essas duas esp\u00e9cies s\u00e3o particulamente interessantes por apresentarem ampla distribui\u00e7\u00e3o geogr\u00e1fica, permitindo que executem os servi\u00e7os de poliniza\u00e7\u00e3o nas diferentes regi\u00f5es brasileiras, incluindo \u00e1reas degradadas com baixa diversidade. Al\u00e9m dessas, destaca-se tamb\u00e9m a Xylocopa frontalis (uma esp\u00e9cie de abelha carpinteira) e a Melipona fasciculata (uru\u00e7u cinzenta).<\/span><\/p>\n<p><span style=\"font-size: large;\">Outro grupo de esp\u00e9cies que deve ser enfatizado \u00e9 o pertencente \u00e0 fam\u00edlia Halictidae, uma fam\u00edlia que apresenta muitas esp\u00e9cies de abelhas, algumas das quais muito chamativas com cores met\u00e1licas que variam entre o verde e o azul. Essa fam\u00edlia no entanto, \u00e9 ainda pouco estudada, e por isso, a identifica\u00e7\u00e3o das esp\u00e9cies \u00e9 muito dif\u00edcil. Mais da metade das vezes em que essa fam\u00edlia apareceu citada nos trabalhos consultados, a identifica\u00e7\u00e3o n\u00e3o estava completa, dificultando muito a an\u00e1lise. As culturas que foram citadas como sendo polinizadas por abelhas pertencentes a essa fam\u00edlia s\u00e3o piment\u00e3o, tomate, algod\u00e3o, jurubeba, berinjela, morango, camu-camu e acapu.<\/span><\/p>\n<p><span style=\"font-size: large;\">Os dados obtidos tamb\u00e9m foram analisados considerando-se as diferentes regi\u00f5es do Brasil. Poucos dados foram obtidos nas regi\u00f5es norte e centro oeste, demonstrando o desconhecimento que ainda existe sobre os polinizadores de culturas agr\u00edcolas nessas duas regi\u00f5es. Muitas plantas de interesse regional, principalmente no norte do pa\u00eds, tamb\u00e9m foram pouco citadas. Falta conhecimento b\u00e1sico sobre sua biologia floral e seus polinizadores, temas que ainda precisam ser mais bem estudados.<\/span><\/p>\n<p><span style=\"font-size: large;\"><b>Depend\u00eancia das culturas agr\u00edcolas por polinizadores<\/b><\/span> <\/p>\n<p><span style=\"font-size: large;\">Em uma segunda revis\u00e3o, publicada pelo Journal of Economic Entomology (Giannini et al. 2015b), foi analisada a depend\u00eancia das culturas agr\u00edcolas por poliniza\u00e7\u00e3o animal. J\u00e1 \u00e9 bem conhecido que algumas culturas com alta produ\u00e7\u00e3o mundial (como trigo, milho e arroz, por exemplo) s\u00e3o polinizadas pelo vento, ou seja, n\u00e3o dependem de polinizadores animais. Por outro lado, culturas com alto valor nutricional (como frutas e legumes), e que muitas vezes est\u00e3o na base da agricultura familiar e consistem em importante fonte de renda na economia regional, s\u00e3o mais dependentes de polinizadores. Ent\u00e3o, uma avalia\u00e7\u00e3o desse tipo \u00e9 importante, especialmente diante dos cen\u00e1rios de desaparecimento de abelhas e d\u00e9ficits de polinizadores no hemisf\u00e9rio norte que v\u00eam sendo reportados.<\/span><\/p>\n<p><span style=\"font-size: large;\">Medidas de depend\u00eancia de culturas agr\u00edcolas por poliniza\u00e7\u00e3o j\u00e1 v\u00eam sendo feitas globalmente desde a d\u00e9cada de 90, e foram su<span style=\"font-size: large;\"><\/span>\u00eancia: essencial, grande, modesta ou pequena. <\/span><\/p>\n<p><span style=\"font-size: large;\">Essa atribui\u00e7\u00e3o foi baseada em estudos que revelaram que algumas culturas quando n\u00e3o polinizadas apresentavam uma redu\u00e7\u00e3o entre 90 e 100% na produ\u00e7\u00e3o (depend\u00eancia considerada essencial); outras, entre 40-90% (depend\u00eancia considerada grande); entre 10-40% (modesta); e entre 1-10% (pequena). <\/span><\/p>\n<p><span style=\"font-size: large;\">Assim, para que se pudesse ter uma dimens\u00e3o da depend\u00eancia por polinizadores, foi feita uma revis\u00e3o baseada em 57 trabalhos publicados na literatura cient\u00edfica sobre o tema. Estes trabalhos citavam 85 culturas como apresentando algum grau de depend\u00eancia por poliniza\u00e7\u00e3o animal, sendo que mais de um ter\u00e7o dessas culturas (30 culturas) foram citadas como apresentando depend\u00eancia essencial ou grande por polinizadores.<\/span><\/p>\n<p><span style=\"font-size: large;\">As culturas que foram citadas como apresentando depend\u00eancia essencial por polinizadores s\u00e3o: ab\u00f3bora, acerola, cajazeira, cambuci, castanha do par\u00e1, cupua\u00e7u, fruta do conde, gliric\u00eddia, jurubeba, maracuj\u00e1, maracuj\u00e1 doce, melancia, mel\u00e3o e urucum. J\u00e1 as que foram citadas como apresentando grande depend\u00eancia foram: gabiroba, goiaba, jambo vermelho, murici, pepino, girasol, guaran\u00e1, tomate, abacate, pinh\u00e3o manso, damasco, cereja, p\u00eassego, ameixa, adesmia e araticum.<\/span><\/p>\n<p><span style=\"font-size: large;\"><b>Valor econ\u00f4mico da poliniza\u00e7\u00e3o<\/b><\/span><\/p>\n<p><span style=\"font-size: large;\">Al\u00e9m disso, o mesmo artigo citado acima (Giannini et al. 2015b) tamb\u00e9m estimou o valor econ\u00f4mico da poliniza\u00e7\u00e3o para a agricultura. O m\u00e9todo utilizado para calcular esse valor foi proposto por autores internacionais na d\u00e9cada de 90. Apesar de outros m\u00e9todos terem sido propostos desde ent\u00e3o, esse \u00e9 particularmente \u00fatil por ser de baixa complexidade.<\/span><\/p>\n<p><span style=\"font-size: large;\">O valor econ\u00f4mico da poliniza\u00e7\u00e3o \u00e9 calculado como uma fun\u00e7\u00e3o de dois fatores: a depend\u00eancia de cada cultura por poliniza\u00e7\u00e3o e o valor de produ\u00e7\u00e3o anual de cada cultura. Como dito acima, a depend\u00eancia por poliniza\u00e7\u00e3o \u00e9 estimada a partir das quatro classes j\u00e1 citadas (essencial, grande, modesta ou pequena) e a cada uma dessas classes \u00e9 atribu\u00edda uma taxa de depend\u00eancia (respectivamente, 0,95; 0,65; 0,25 e 0,05). Essa taxa \u00e9 ent\u00e3o, multiplicada pelo valor da produ\u00e7\u00e3o anual de cada cultura. No caso do Brasil, o valor de produ\u00e7\u00e3o anual de algumas culturas est\u00e1 dispon\u00edvel no s\u00edtio da Internet do Instituto Brasileiro de Geografia e Estat\u00edstica (IBGE). <\/span><\/p>\n<p><span style=\"font-size: large;\">Foi poss\u00edvel estabecer o valor da poliniza\u00e7\u00e3o para apenas 44 culturas, que possuiam tanto a depend\u00eancia quanto o valor da produ\u00e7\u00e3o definidos. A produ\u00e7\u00e3o total dessas 44 culturas no ano de 2013 (ano para o qual foi feita a avalia\u00e7\u00e3o) foi de aproximadamente 45 bilh\u00f5es de d\u00f3lares. O valor econ\u00f4mico da poliniza\u00e7\u00e3o obtido para essas culturas no mesmo per\u00edodo foi de aproximadamente 12 bilh\u00f5es de d\u00f3lares, o que equivale a quase 30% do valor total.<\/span> <\/p>\n<p><span style=\"font-size: large;\">\u00c9 importante enfatizar que quase metade do valor da poliniza\u00e7\u00e3o obtido equivale \u00e0 soja, uma cultura extensamente produzida no Brasil e portanto, com alto valor total de produ\u00e7\u00e3o. Essa cultura foi classificada como tendo uma depend\u00eancia modesta por polinizadores, mas essa depend\u00eancia ainda precisa ser mais bem avaliada, uma vez que existem muitas variedades diferentes sendo cultivadas no pa\u00eds atualmente. Outras culturas al\u00e9m da soja e que se destacam com valores altos de poliniza\u00e7\u00e3o s\u00e3o o caf\u00e9, tomate, algod\u00e3o, cacau e laranja. Destas, apenas o cacau tem uma depend\u00eancia essencial por polinizadores; as demais t\u00eam depend\u00eancia pequena ou modesta, mas devido aos altos valores de produ\u00e7\u00e3o no pa\u00eds, os valores de poliniza\u00e7\u00e3o obtidos tamb\u00e9m s\u00e3o elevados.<\/span><\/p>\n<p><span style=\"font-size: large;\"><b>Prote\u00e7\u00e3o aos polinizadores<\/b><\/span><\/p>\n<p><span style=\"font-size: large;\">Estudos sobre polinizadores e seu papel na produ\u00e7\u00e3o agr\u00edcola s\u00e3o importantes para chamar a aten\u00e7\u00e3o para o valor da biodiversidade. Muitas vezes, esse reconhecimento \u00e9 ainda pequeno por parte da popula\u00e7\u00e3o em geral, ou dos agricultores, ou tomadores de decis\u00e3o. Por isso, atualmente, tem sido enfatizado o conceito de servi\u00e7os ecossist\u00eamicos, que s\u00e3o os benef\u00edcios que os ecossistemas trazem para o ser humano devido ao seu funcionamento intr\u00ednseco.<\/span> <\/p>\n<p><span style=\"font-size: large;\">Assim, o servi\u00e7o de poliniza\u00e7\u00e3o ocorre naturalmente devido aos processos inerentes das \u00e1reas naturais, que servem de habitat para os animais que atuam nas \u00e1reas agr\u00edcolas polinizando as culturas. Isso deixa claro que a prote\u00e7\u00e3o de \u00e1reas de habitats nativos entremeados nas culturas s\u00e3o importantes por garantir os polinizadores e estes, a produ\u00e7\u00e3o agr\u00edcola, sendo de interesse n\u00e3o apenas para aqueles que apreciam a beleza c\u00eanica das \u00e1reas naturais, mas tamb\u00e9m para a economia local e para a produ\u00e7\u00e3o de alimentos.<\/span><\/p>\n<p><span style=\"font-size: large;\">Especialmente o reconhecimento do papel dos insetos \u00e9 de suma import\u00e2ncia. Esses animais ainda s\u00e3o pouco pesquisados e pouco protegidos. No entanto, muitos deles t\u00eam pap\u00e9is cruciais na natureza e sua import\u00e2ncia precisaria ser mais bem conhecida e divulgada. Portanto, os polinizadores s\u00e3o um excelente exemplo de como a natureza atua, de formas por vezes sutis, na manuten\u00e7\u00e3o das sociedades humanas, principalmente atrav\u00e9s de seu papel na poliniza\u00e7\u00e3o e produ\u00e7\u00e3o de alimentos. Estuda-los e protege-los equivale no fim, a contribuir para a pr\u00f3pria manuten\u00e7\u00e3o do bem estar humano.<\/span><\/p>\n<p><span style=\"font-size: large;\"><b>Agradecimentos<\/b><\/span><\/p>\n<p><span style=\"font-size: large;\">Os autores agradecem Ana Assad e Associa\u00e7\u00e3o Brasileira de Estudos das Abelhas (A.B.E.L.H.A.) que publicou a primeira vers\u00e3o desse texto (<a href=\"http:\/\/abelha.org.br\/abelhas-polinizadoras-importantes-para-a-agricultura-brasileira\/\" target=\"_blank\" rel=\"noopener\">http:\/\/abelha.org.br\/abelhas-polinizadoras-importantes-para-a-agricultura-brasileira\/<\/a>).<\/span><\/p>\n<p><span style=\"font-size: large;\"><b>Refer\u00eancia<\/b> <\/span><\/p>\n<p><span style=\"font-size: large;\">Giannini T.C., Boff S., Cordeiro G.D., Cartolano Jr. E.A., Veiga A.K., Imperatriz-Fonseca V.L., Saraiva A.M. 2015a. Crop pollinators in Brazil: a review of reported interactions. Apidologie 46: 209-223.<\/span> <\/p>\n<p><span style=\"font-size: large;\">Giannini T.C., Cordeiro G.D., Freitas B.M., Saraiva A.M., Imperatriz-Fonseca V.L. 2015a. The dependence of crops for pollinators and the economic value of pollination in Brazil. Journal of Economic Entomology 108: 849-857.<\/span><\/p>\n","protected":false},"excerpt":{"rendered":"<p>Abelhas polinizadoras importantes para a agricultura brasileira Tereza Cristina Giannini1 e Guaraci Duran Cordeiro2 1 Instituto Tecn\u00f3logico Vale Desenvolvimento Sustent\u00e1vel \u2013 ITVDS. Rua Boaventura da Silva 955. 66055-090. Bel\u00e9m, PA. [&hellip;]<\/p>\n","protected":false},"author":1,"featured_media":0,"parent":1256,"menu_order":0,"comment_status":"open","ping_status":"open","template":"","meta":{"pmpro_default_level":"","_price":"","_stock":"","_tribe_ticket_header":"","_tribe_default_ticket_provider":"","_tribe_ticket_capacity":"0","_ticket_start_date":"","_ticket_end_date":"","_tribe_ticket_show_description":"","_tribe_ticket_show_not_going":false,"_tribe_ticket_use_global_stock":"","_tribe_ticket_global_stock_level":"","_global_stock_mode":"","_global_stock_cap":"","_tribe_rsvp_for_event":"","_tribe_ticket_going_count":"","_tribe_ticket_not_going_count":"","_tribe_tickets_list":"[]","_tribe_ticket_has_attendee_info_fields":false,"cybocfi_hide_featured_image":"","footnotes":""},"class_list":["post-1327","page","type-page","status-publish","hentry","pmpro-has-access"],"_links":{"self":[{"href":"https:\/\/apacame.org.br\/site\/wp-json\/wp\/v2\/pages\/1327"}],"collection":[{"href":"https:\/\/apacame.org.br\/site\/wp-json\/wp\/v2\/pages"}],"about":[{"href":"https:\/\/apacame.org.br\/site\/wp-json\/wp\/v2\/types\/page"}],"author":[{"embeddable":true,"href":"https:\/\/apacame.org.br\/site\/wp-json\/wp\/v2\/users\/1"}],"replies":[{"embeddable":true,"href":"https:\/\/apacame.org.br\/site\/wp-json\/wp\/v2\/comments?post=1327"}],"version-history":[{"count":5,"href":"https:\/\/apacame.org.br\/site\/wp-json\/wp\/v2\/pages\/1327\/revisions"}],"predecessor-version":[{"id":1329,"href":"https:\/\/apacame.org.br\/site\/wp-json\/wp\/v2\/pages\/1327\/revisions\/1329"}],"up":[{"embeddable":true,"href":"https:\/\/apacame.org.br\/site\/wp-json\/wp\/v2\/pages\/1256"}],"wp:attachment":[{"href":"https:\/\/apacame.org.br\/site\/wp-json\/wp\/v2\/media?parent=1327"}],"curies":[{"name":"wp","href":"https:\/\/api.w.org\/{rel}","templated":true}]}}