{"id":1198,"date":"2016-04-08T22:18:27","date_gmt":"2016-04-08T22:18:27","guid":{"rendered":"http:\/\/apacame.org.br\/site\/?page_id=1198"},"modified":"2016-04-08T22:40:46","modified_gmt":"2016-04-08T22:40:46","slug":"artigo-3","status":"publish","type":"page","link":"https:\/\/apacame.org.br\/site\/revista\/mensagem-doce-n-135-marco-de-2016\/artigo-3\/","title":{"rendered":"ARTIGO"},"content":{"rendered":"<h1 style=\"text-align: center;\">As t\u00e9cnicas adotadas pelas abelhas nativas na desidrata\u00e7\u00e3o do n\u00e9ctar<\/h1>\n<blockquote><p>Harold Brand &#8211; Bi\u00f3logo, Meliponicultor e Consultor da APA<br \/>\nE-mail: <a href=\"mailto:denisebrandsano@hotmail.com\">denisebrandsano@hotmail.com<\/a><\/p><\/blockquote>\n<p><span style=\"font-size: large;\"><figure id=\"attachment_1203\" aria-describedby=\"caption-attachment-1203\" style=\"width: 300px\" class=\"wp-caption alignleft\"><a href=\"https:\/\/apacame.org.br\/site\/wp-content\/uploads\/2016\/04\/Figura_1_Brand.jpg\"><img fetchpriority=\"high\" decoding=\"async\" class=\"size-medium wp-image-1203\" src=\"https:\/\/apacame.org.br\/site\/wp-content\/uploads\/2016\/04\/Figura_1_Brand-300x262.jpg\" alt=\"Manda\u00e7aia eliminando gotas de \u00e1gua acumulado no fundo da colmeia proveniente da desidrata\u00e7\u00e3o. Fotografia cedida por Jonder Kou - meliponicultor\" width=\"300\" height=\"262\" srcset=\"https:\/\/apacame.org.br\/site\/wp-content\/uploads\/2016\/04\/Figura_1_Brand-300x262.jpg 300w, https:\/\/apacame.org.br\/site\/wp-content\/uploads\/2016\/04\/Figura_1_Brand-150x131.jpg 150w, https:\/\/apacame.org.br\/site\/wp-content\/uploads\/2016\/04\/Figura_1_Brand-500x437.jpg 500w, https:\/\/apacame.org.br\/site\/wp-content\/uploads\/2016\/04\/Figura_1_Brand.jpg 886w\" sizes=\"(max-width: 300px) 100vw, 300px\" \/><\/a><figcaption id=\"caption-attachment-1203\" class=\"wp-caption-text\">Manda\u00e7aia eliminando gotas de \u00e1gua acumulado no fundo da colmeia proveniente da desidrata\u00e7\u00e3o. Fotografia cedida por Jonder Kou &#8211; meliponicultor<\/figcaption><\/figure><\/span><\/p>\n<p><span style=\"font-size: large;\">Muitas plantas atrav\u00e9s de suas flores usam v\u00e1rias artimanhas, para atrair os insetos polinizadores,como cores, odores e o que \u00e9 mais importante, uma apetitosa ra\u00e7\u00e3o alimentar, o n\u00e9ctar. Essa ra\u00e7\u00e3o sempre \u00e9 constitu\u00edda por uma percentagem elevada do solvente universal, a \u00e1gua, onde est\u00e3o dilu\u00eddos uma infinidade de interesses alimentares para abelhas.<\/p>\n<p>Fica f\u00e1cil entender que o primeiro passo das abelhas, no tratamento do n\u00e9ctar obtido nas flores \u00e9 diminuir o teor de \u00e1gua, para que os nutrientes possam ser manipulados e armazenados.<\/p>\n<p><strong>Diminui\u00e7\u00e3o do teor de \u00e1gua por absor\u00e7\u00e3o:<\/strong><\/p>\n<p>Na elimina\u00e7\u00e3o do excesso de \u00e1gua, uma fra\u00e7\u00e3o \u00e9 absorvida pelo organismo das abelhas coletoras e abelhas receptoras, o que tamb\u00e9m justifica o fato de que as abelhas nativas raramente necessitam buscar uma fonte de \u00e1gua, para seu metabolismo.<\/p>\n<p><strong>Diminui\u00e7\u00e3o do teor de \u00e1gua por desidrata\u00e7\u00e3o<\/strong><\/p>\n<p>Consiste expor ao ar do ambiente interno o n\u00e9ctar coletado, mantendo os potes onde s\u00e3o armazenados abertos. O n\u00e9ctar \u00e9 retirado dos potes de tempo em tempo e levado no papo das abelhas que regorgitam, expondo na l\u00edngua para evapora\u00e7\u00e3o.A \u00e1gua evaporada dessas duas formas saturam o ar do meio interno, criando a necessidade das abelhas agitarem as asas para a circula\u00e7\u00e3o e renova\u00e7\u00e3o do ar.<\/p>\n<p>O ar saturado no interior da colmeia em contato com a parede interna que \u00e9 mais fria sofre condensa\u00e7\u00e3o e acaba acumulando no fundo.A \u00e1gua acumulada \u00e9 sugada de tempo em tempo pelas abelhas e regurgitada para o meio exterior.<\/p>\n<p><strong>URU\u00c7U, ABELHA COM UMA DIN\u00c2MICA SOFISTICADA DE DESIDRATA\u00c7AO DO NECTAR<\/strong><\/p>\n<p>Al\u00e9m dos mecanismos usuais utilizados pelas abelhas nativas para diminuir a quantidade de \u00e1gua do n\u00e9ctar, a abelha uru\u00e7u, utiliza uma t\u00e9cnica muito especial, a desidrata\u00e7\u00e3o externa.Ela acontece quando o pasto ap\u00edcola \u00e9 abundante . Um recurso majestoso, digno de ser apreciado.<\/p>\n<p>O recurso consiste em as abelhas partirem em grande numero da colm\u00e9ia, levando a cada uma delas um pouco de n\u00e9ctar no papo, e em v\u00f4o se agrupam pr\u00f3ximo a colmeia formado pelo seu elevado n\u00famero uma esp\u00e9cie de pequena nuvem.<\/p>\n<p>Inicialmente as abelhas dessa nuvem giram em torno de um eixo imagin\u00e1rio, durante alguns minutos na procura da dire\u00e7\u00e3o do vento.Em continuidade passam a se posicionar de frente a dire\u00e7\u00e3o do vento quase estacion\u00e1rias, batendo intensamente as asas cujo ru\u00eddo pode ser ouvido a dist\u00e2ncia.Este processo pode levar mais de duas horas, antes das abelhas uma a uma voltem para colmeia.<\/p>\n<p><strong>DUAS EXPERI\u00caNCIAS SIMPLES E QUE PODEM SER REPETIDAS FACILMENTE<\/strong><\/p>\n<p>Direcionar um ventilador de maneira a criar uma nova dire\u00e7\u00e3o do vento, as abelhas em resposta se voltam de frente para essa nova dire\u00e7\u00e3o.<\/p>\n<p>Com o bater das asas direcionam o ar para baixo e como a evapora\u00e7\u00e3o, diminui a temperatura. Basta posicionarmos abaixo dessa nuvem, para sentir uma brisa fresca, \u00e9 o ar condicionado das abelhas.-*<\/span><\/p>\n<p style=\"text-align: center;\"><span style=\"font-size: large;\"><strong>Desidrata\u00e7\u00e3o externa um recurso majestoso digno de ser admirado<\/strong><br \/>\n<\/span><\/p>\n<div id='gallery-1' class='gallery galleryid-1198 gallery-columns-2 gallery-size-large'><figure class='gallery-item'>\n\t\t\t<div class='gallery-icon portrait'>\n\t\t\t\t<a href='https:\/\/apacame.org.br\/site\/wp-content\/uploads\/2016\/04\/Figura_3_Brand.jpg'><img decoding=\"async\" width=\"611\" height=\"1024\" src=\"https:\/\/apacame.org.br\/site\/wp-content\/uploads\/2016\/04\/Figura_3_Brand-611x1024.jpg\" class=\"attachment-large size-large\" alt=\"\" aria-describedby=\"gallery-1-1204\" srcset=\"https:\/\/apacame.org.br\/site\/wp-content\/uploads\/2016\/04\/Figura_3_Brand-611x1024.jpg 611w, https:\/\/apacame.org.br\/site\/wp-content\/uploads\/2016\/04\/Figura_3_Brand-179x300.jpg 179w, https:\/\/apacame.org.br\/site\/wp-content\/uploads\/2016\/04\/Figura_3_Brand-150x251.jpg 150w, https:\/\/apacame.org.br\/site\/wp-content\/uploads\/2016\/04\/Figura_3_Brand-298x500.jpg 298w, https:\/\/apacame.org.br\/site\/wp-content\/uploads\/2016\/04\/Figura_3_Brand.jpg 1270w\" sizes=\"(max-width: 611px) 100vw, 611px\" \/><\/a>\n\t\t\t<\/div>\n\t\t\t\t<figcaption class='wp-caption-text gallery-caption' id='gallery-1-1204'>\n\t\t\t\tO espet\u00e1culo ruidoso tem in\u00edcio com a sa\u00edda de grande n\u00famero de abelhas que se concentram pr\u00f3ximo a colmeia. Elas voam em c\u00edrculo em torno de um eixo imagin\u00e1rio. Esse processo pode durar 20 minutos.\n\t\t\t\t<\/figcaption><\/figure><figure class='gallery-item'>\n\t\t\t<div class='gallery-icon portrait'>\n\t\t\t\t<a href='https:\/\/apacame.org.br\/site\/wp-content\/uploads\/2016\/04\/Figura_4_Brand.jpg'><img decoding=\"async\" width=\"765\" height=\"1024\" src=\"https:\/\/apacame.org.br\/site\/wp-content\/uploads\/2016\/04\/Figura_4_Brand-765x1024.jpg\" class=\"attachment-large size-large\" alt=\"\" aria-describedby=\"gallery-1-1205\" srcset=\"https:\/\/apacame.org.br\/site\/wp-content\/uploads\/2016\/04\/Figura_4_Brand-765x1024.jpg 765w, https:\/\/apacame.org.br\/site\/wp-content\/uploads\/2016\/04\/Figura_4_Brand-224x300.jpg 224w, https:\/\/apacame.org.br\/site\/wp-content\/uploads\/2016\/04\/Figura_4_Brand-150x201.jpg 150w, https:\/\/apacame.org.br\/site\/wp-content\/uploads\/2016\/04\/Figura_4_Brand-374x500.jpg 374w, https:\/\/apacame.org.br\/site\/wp-content\/uploads\/2016\/04\/Figura_4_Brand.jpg 1617w\" sizes=\"(max-width: 765px) 100vw, 765px\" \/><\/a>\n\t\t\t<\/div>\n\t\t\t\t<figcaption class='wp-caption-text gallery-caption' id='gallery-1-1205'>\n\t\t\t\tUma vez estabelecido a dire\u00e7\u00e3o do vento todas as abelhas se voltam para frente do vento e como paradas no ar. Nesse voo planado o bater das asas desvia o ar para baixo. Essa fase pode durar mais de duas horas.\n\t\t\t\t<\/figcaption><\/figure>\n\t\t<\/div>\n\n","protected":false},"excerpt":{"rendered":"<p>As t\u00e9cnicas adotadas pelas abelhas nativas na desidrata\u00e7\u00e3o do n\u00e9ctar Harold Brand &#8211; Bi\u00f3logo, Meliponicultor e Consultor da APA E-mail: denisebrandsano@hotmail.com Muitas plantas atrav\u00e9s de suas flores usam v\u00e1rias artimanhas, [&hellip;]<\/p>\n","protected":false},"author":1,"featured_media":0,"parent":1112,"menu_order":0,"comment_status":"open","ping_status":"open","template":"","meta":{"pmpro_default_level":"","_price":"","_stock":"","_tribe_ticket_header":"","_tribe_default_ticket_provider":"","_tribe_ticket_capacity":"0","_ticket_start_date":"","_ticket_end_date":"","_tribe_ticket_show_description":"","_tribe_ticket_show_not_going":false,"_tribe_ticket_use_global_stock":"","_tribe_ticket_global_stock_level":"","_global_stock_mode":"","_global_stock_cap":"","_tribe_rsvp_for_event":"","_tribe_ticket_going_count":"","_tribe_ticket_not_going_count":"","_tribe_tickets_list":"[]","_tribe_ticket_has_attendee_info_fields":false,"cybocfi_hide_featured_image":"","footnotes":""},"class_list":["post-1198","page","type-page","status-publish","hentry","pmpro-has-access"],"_links":{"self":[{"href":"https:\/\/apacame.org.br\/site\/wp-json\/wp\/v2\/pages\/1198"}],"collection":[{"href":"https:\/\/apacame.org.br\/site\/wp-json\/wp\/v2\/pages"}],"about":[{"href":"https:\/\/apacame.org.br\/site\/wp-json\/wp\/v2\/types\/page"}],"author":[{"embeddable":true,"href":"https:\/\/apacame.org.br\/site\/wp-json\/wp\/v2\/users\/1"}],"replies":[{"embeddable":true,"href":"https:\/\/apacame.org.br\/site\/wp-json\/wp\/v2\/comments?post=1198"}],"version-history":[{"count":10,"href":"https:\/\/apacame.org.br\/site\/wp-json\/wp\/v2\/pages\/1198\/revisions"}],"predecessor-version":[{"id":1211,"href":"https:\/\/apacame.org.br\/site\/wp-json\/wp\/v2\/pages\/1198\/revisions\/1211"}],"up":[{"embeddable":true,"href":"https:\/\/apacame.org.br\/site\/wp-json\/wp\/v2\/pages\/1112"}],"wp:attachment":[{"href":"https:\/\/apacame.org.br\/site\/wp-json\/wp\/v2\/media?parent=1198"}],"curies":[{"name":"wp","href":"https:\/\/api.w.org\/{rel}","templated":true}]}}