{"id":1062,"date":"2015-12-16T23:49:06","date_gmt":"2015-12-16T23:49:06","guid":{"rendered":"http:\/\/apacame.org.br\/site\/?page_id=1062"},"modified":"2015-12-16T23:49:06","modified_gmt":"2015-12-16T23:49:06","slug":"apimondia-6","status":"publish","type":"page","link":"https:\/\/apacame.org.br\/site\/revista\/mensagem-doce-n-134-novembro-de-2015\/apimondia-6\/","title":{"rendered":"APIMONDIA"},"content":{"rendered":"<h1 style=\"text-align: center;\">Empresas ap\u00edcolas brasileiras s\u00e3o premiadas na Apimondia<\/h1>\n<p><span style=\"font-size: large;\">Duas empresas brasileiras do setor ap\u00edcola foram premiadas com sete medalhas em categorias importantes durante a 44\u00aa Apimondia, principal evento da apicultura mundial. A participa\u00e7\u00e3o brasileira na feira \u00e9 uma iniciativa da Associa\u00e7\u00e3o Brasileira dos Exportadores de Mel (ABEMEL) com o apoio da Ag\u00eancia Brasileira de Promo\u00e7\u00e3o de Exporta\u00e7\u00f5es e Investimentos (Apex-Brasil), parceira no Projeto Brazil Let\u00b4s Bee.<\/span><\/p>\n<p><span style=\"font-size: large;\">A Apis Nativa conquistou medalha de ouro na categoria Variedades de Mel; medalhas de prata na categoria Mel Cremoso, Cera de Abelha e Mel Claro; e medalha de bronze na categoria Mel Escuro. \u201cForam premia\u00e7\u00f5es importantes para a empresa, mas mais importante ainda para o Pa\u00eds e para o agroneg\u00f3cio ap\u00edcola\u201d, afirma Celio Santos da Silva, da Apis Nativa.<\/span><\/p>\n<p><span style=\"font-size: large;\">J\u00e1 a Natucentro, que representou o Brasil no concurso World Beekeeping Awards Apimondia 2015, ganhou medalha de ouro na categoria Fotografia e prata na categoria V\u00eddeo, apresentando o processo de produ\u00e7\u00e3o da pr\u00f3polis verde. \u201cFoi um momento de muita emo\u00e7\u00e3o e alegria, de grande import\u00e2ncia para minha carreira como apicultor. Concorremos com profissionais de v\u00e1rios pa\u00edses do mundo e o Brasil se destacou mais um vez com seu \u2018ouro verde\u2019 descortinando novos horizontes para o produto brasileiro\u201d, comemora o empres\u00e1rio Cezar Ramos Junior, da Natucentro.<\/span><\/p>\n<div id='gallery-1' class='gallery galleryid-1062 gallery-columns-4 gallery-size-medium'><figure class='gallery-item'>\n\t\t\t<div class='gallery-icon portrait'>\n\t\t\t\t<a href='https:\/\/apacame.org.br\/site\/wp-content\/uploads\/2015\/12\/ApimondiapremicaoCezarNatucentroSET-2.jpg'><img fetchpriority=\"high\" decoding=\"async\" width=\"226\" height=\"300\" src=\"https:\/\/apacame.org.br\/site\/wp-content\/uploads\/2015\/12\/ApimondiapremicaoCezarNatucentroSET-2-226x300.jpg\" class=\"attachment-medium size-medium\" alt=\"\" aria-describedby=\"gallery-1-944\" srcset=\"https:\/\/apacame.org.br\/site\/wp-content\/uploads\/2015\/12\/ApimondiapremicaoCezarNatucentroSET-2-226x300.jpg 226w, https:\/\/apacame.org.br\/site\/wp-content\/uploads\/2015\/12\/ApimondiapremicaoCezarNatucentroSET-2-150x199.jpg 150w, https:\/\/apacame.org.br\/site\/wp-content\/uploads\/2015\/12\/ApimondiapremicaoCezarNatucentroSET-2-377x500.jpg 377w, https:\/\/apacame.org.br\/site\/wp-content\/uploads\/2015\/12\/ApimondiapremicaoCezarNatucentroSET-2.jpg 480w\" sizes=\"(max-width: 226px) 100vw, 226px\" \/><\/a>\n\t\t\t<\/div>\n\t\t\t\t<figcaption class='wp-caption-text gallery-caption' id='gallery-1-944'>\n\t\t\t\tApimondia premia\u00e7\u00e3o de Cezar Ramos Jr. da Natucentro\n\t\t\t\t<\/figcaption><\/figure><figure class='gallery-item'>\n\t\t\t<div class='gallery-icon portrait'>\n\t\t\t\t<a href='https:\/\/apacame.org.br\/site\/wp-content\/uploads\/2015\/12\/Premia\u00e7\u00e3o-Tarciano-Apis-Nativa.jpg'><img decoding=\"async\" width=\"246\" height=\"300\" src=\"https:\/\/apacame.org.br\/site\/wp-content\/uploads\/2015\/12\/Premia\u00e7\u00e3o-Tarciano-Apis-Nativa-246x300.jpg\" class=\"attachment-medium size-medium\" alt=\"\" aria-describedby=\"gallery-1-947\" srcset=\"https:\/\/apacame.org.br\/site\/wp-content\/uploads\/2015\/12\/Premia\u00e7\u00e3o-Tarciano-Apis-Nativa-246x300.jpg 246w, https:\/\/apacame.org.br\/site\/wp-content\/uploads\/2015\/12\/Premia\u00e7\u00e3o-Tarciano-Apis-Nativa-838x1024.jpg 838w, https:\/\/apacame.org.br\/site\/wp-content\/uploads\/2015\/12\/Premia\u00e7\u00e3o-Tarciano-Apis-Nativa-150x183.jpg 150w, https:\/\/apacame.org.br\/site\/wp-content\/uploads\/2015\/12\/Premia\u00e7\u00e3o-Tarciano-Apis-Nativa-409x500.jpg 409w, https:\/\/apacame.org.br\/site\/wp-content\/uploads\/2015\/12\/Premia\u00e7\u00e3o-Tarciano-Apis-Nativa.jpg 934w\" sizes=\"(max-width: 246px) 100vw, 246px\" \/><\/a>\n\t\t\t<\/div>\n\t\t\t\t<figcaption class='wp-caption-text gallery-caption' id='gallery-1-947'>\n\t\t\t\tApimondia premia\u00e7\u00e3o Tarciano da Apis Nativa\n\t\t\t\t<\/figcaption><\/figure><figure class='gallery-item'>\n\t\t\t<div class='gallery-icon portrait'>\n\t\t\t\t<a href='https:\/\/apacame.org.br\/site\/wp-content\/uploads\/2015\/12\/Nivia-Essenciale.jpg'><img decoding=\"async\" width=\"71\" height=\"93\" src=\"https:\/\/apacame.org.br\/site\/wp-content\/uploads\/2015\/12\/Nivia-Essenciale.jpg\" class=\"attachment-medium size-medium\" alt=\"\" aria-describedby=\"gallery-1-945\" \/><\/a>\n\t\t\t<\/div>\n\t\t\t\t<figcaption class='wp-caption-text gallery-caption' id='gallery-1-945'>\n\t\t\t\tA farmac\u00eautica e diretora da Essenciale, N\u00edvia Alcici, atuou como moderadora e apresentadora no workshop.\n\t\t\t\t<\/figcaption><\/figure><figure class='gallery-item'>\n\t\t\t<div class='gallery-icon portrait'>\n\t\t\t\t<a href='https:\/\/apacame.org.br\/site\/wp-content\/uploads\/2015\/12\/Premia\u00e7\u00e3o-Celio-Apis-Nativa.jpg'><img loading=\"lazy\" decoding=\"async\" width=\"226\" height=\"300\" src=\"https:\/\/apacame.org.br\/site\/wp-content\/uploads\/2015\/12\/Premia\u00e7\u00e3o-Celio-Apis-Nativa-226x300.jpg\" class=\"attachment-medium size-medium\" alt=\"\" aria-describedby=\"gallery-1-946\" srcset=\"https:\/\/apacame.org.br\/site\/wp-content\/uploads\/2015\/12\/Premia\u00e7\u00e3o-Celio-Apis-Nativa-226x300.jpg 226w, https:\/\/apacame.org.br\/site\/wp-content\/uploads\/2015\/12\/Premia\u00e7\u00e3o-Celio-Apis-Nativa-150x199.jpg 150w, https:\/\/apacame.org.br\/site\/wp-content\/uploads\/2015\/12\/Premia\u00e7\u00e3o-Celio-Apis-Nativa-377x500.jpg 377w, https:\/\/apacame.org.br\/site\/wp-content\/uploads\/2015\/12\/Premia\u00e7\u00e3o-Celio-Apis-Nativa.jpg 709w\" sizes=\"(max-width: 226px) 100vw, 226px\" \/><\/a>\n\t\t\t<\/div>\n\t\t\t\t<figcaption class='wp-caption-text gallery-caption' id='gallery-1-946'>\n\t\t\t\tApimondia premia\u00e7\u00e3o de Celio Santos Silvia da Apis Nativa\n\t\t\t\t<\/figcaption><\/figure>\n\t\t<\/div>\n\n","protected":false},"excerpt":{"rendered":"<p>Empresas ap\u00edcolas brasileiras s\u00e3o premiadas na Apimondia Duas empresas brasileiras do setor ap\u00edcola foram premiadas com sete medalhas em categorias importantes durante a 44\u00aa Apimondia, principal evento da apicultura mundial. [&hellip;]<\/p>\n","protected":false},"author":1,"featured_media":0,"parent":867,"menu_order":0,"comment_status":"open","ping_status":"open","template":"","meta":{"pmpro_default_level":"","_price":"","_stock":"","_tribe_ticket_header":"","_tribe_default_ticket_provider":"","_tribe_ticket_capacity":"0","_ticket_start_date":"","_ticket_end_date":"","_tribe_ticket_show_description":"","_tribe_ticket_show_not_going":false,"_tribe_ticket_use_global_stock":"","_tribe_ticket_global_stock_level":"","_global_stock_mode":"","_global_stock_cap":"","_tribe_rsvp_for_event":"","_tribe_ticket_going_count":"","_tribe_ticket_not_going_count":"","_tribe_tickets_list":"[]","_tribe_ticket_has_attendee_info_fields":false,"cybocfi_hide_featured_image":"","footnotes":""},"class_list":["post-1062","page","type-page","status-publish","hentry","pmpro-has-access"],"_links":{"self":[{"href":"https:\/\/apacame.org.br\/site\/wp-json\/wp\/v2\/pages\/1062"}],"collection":[{"href":"https:\/\/apacame.org.br\/site\/wp-json\/wp\/v2\/pages"}],"about":[{"href":"https:\/\/apacame.org.br\/site\/wp-json\/wp\/v2\/types\/page"}],"author":[{"embeddable":true,"href":"https:\/\/apacame.org.br\/site\/wp-json\/wp\/v2\/users\/1"}],"replies":[{"embeddable":true,"href":"https:\/\/apacame.org.br\/site\/wp-json\/wp\/v2\/comments?post=1062"}],"version-history":[{"count":1,"href":"https:\/\/apacame.org.br\/site\/wp-json\/wp\/v2\/pages\/1062\/revisions"}],"predecessor-version":[{"id":1063,"href":"https:\/\/apacame.org.br\/site\/wp-json\/wp\/v2\/pages\/1062\/revisions\/1063"}],"up":[{"embeddable":true,"href":"https:\/\/apacame.org.br\/site\/wp-json\/wp\/v2\/pages\/867"}],"wp:attachment":[{"href":"https:\/\/apacame.org.br\/site\/wp-json\/wp\/v2\/media?parent=1062"}],"curies":[{"name":"wp","href":"https:\/\/api.w.org\/{rel}","templated":true}]}}

<h1 style="text-align: center;">Empresas apícolas brasileiras são premiadas na Apimondia</h1>
<p><span style="font-size: large;">Duas empresas brasileiras do setor apícola foram premiadas com sete medalhas em categorias importantes durante a 44ª Apimondia, principal evento da apicultura mundial. A participação brasileira na feira é uma iniciativa da Associação Brasileira dos Exportadores de Mel (ABEMEL) com o apoio da Agência Brasileira de Promoção de Exportações e Investimentos (Apex-Brasil), parceira no Projeto Brazil Let´s Bee.</span></p>
<p><span style="font-size: large;">A Apis Nativa conquistou medalha de ouro na categoria Variedades de Mel; medalhas de prata na categoria Mel Cremoso, Cera de Abelha e Mel Claro; e medalha de bronze na categoria Mel Escuro. “Foram premiações importantes para a empresa, mas mais importante ainda para o País e para o agronegócio apícola”, afirma Celio Santos da Silva, da Apis Nativa.</span></p>
<p><span style="font-size: large;">Já a Natucentro, que representou o Brasil no concurso World Beekeeping Awards Apimondia 2015, ganhou medalha de ouro na categoria Fotografia e prata na categoria Vídeo, apresentando o processo de produção da própolis verde. “Foi um momento de muita emoção e alegria, de grande importância para minha carreira como apicultor. Concorremos com profissionais de vários países do mundo e o Brasil se destacou mais um vez com seu ‘ouro verde’ descortinando novos horizontes para o produto brasileiro”, comemora o empresário Cezar Ramos Junior, da Natucentro.</span></p>
<div id='gallery-1' class='gallery galleryid-1062 gallery-columns-4 gallery-size-medium'><figure class='gallery-item'>
			<div class='gallery-icon portrait'>
				<a href='https://apacame.org.br/site/wp-content/uploads/2015/12/ApimondiapremicaoCezarNatucentroSET-2.jpg'><img fetchpriority="high" decoding="async" width="226" height="300" src="https://apacame.org.br/site/wp-content/uploads/2015/12/ApimondiapremicaoCezarNatucentroSET-2-226x300.jpg" class="attachment-medium size-medium" alt="" aria-describedby="gallery-1-944" srcset="https://apacame.org.br/site/wp-content/uploads/2015/12/ApimondiapremicaoCezarNatucentroSET-2-226x300.jpg 226w, https://apacame.org.br/site/wp-content/uploads/2015/12/ApimondiapremicaoCezarNatucentroSET-2-150x199.jpg 150w, https://apacame.org.br/site/wp-content/uploads/2015/12/ApimondiapremicaoCezarNatucentroSET-2-377x500.jpg 377w, https://apacame.org.br/site/wp-content/uploads/2015/12/ApimondiapremicaoCezarNatucentroSET-2.jpg 480w" sizes="(max-width: 226px) 100vw, 226px" /></a>
			</div>
				<figcaption class='wp-caption-text gallery-caption' id='gallery-1-944'>
				Apimondia premiação de Cezar Ramos Jr. da Natucentro
				</figcaption></figure><figure class='gallery-item'>
			<div class='gallery-icon portrait'>
				<a href='https://apacame.org.br/site/wp-content/uploads/2015/12/Premiação-Tarciano-Apis-Nativa.jpg'><img decoding="async" width="246" height="300" src="https://apacame.org.br/site/wp-content/uploads/2015/12/Premiação-Tarciano-Apis-Nativa-246x300.jpg" class="attachment-medium size-medium" alt="" aria-describedby="gallery-1-947" srcset="https://apacame.org.br/site/wp-content/uploads/2015/12/Premiação-Tarciano-Apis-Nativa-246x300.jpg 246w, https://apacame.org.br/site/wp-content/uploads/2015/12/Premiação-Tarciano-Apis-Nativa-838x1024.jpg 838w, https://apacame.org.br/site/wp-content/uploads/2015/12/Premiação-Tarciano-Apis-Nativa-150x183.jpg 150w, https://apacame.org.br/site/wp-content/uploads/2015/12/Premiação-Tarciano-Apis-Nativa-409x500.jpg 409w, https://apacame.org.br/site/wp-content/uploads/2015/12/Premiação-Tarciano-Apis-Nativa.jpg 934w" sizes="(max-width: 246px) 100vw, 246px" /></a>
			</div>
				<figcaption class='wp-caption-text gallery-caption' id='gallery-1-947'>
				Apimondia premiação Tarciano da Apis Nativa
				</figcaption></figure><figure class='gallery-item'>
			<div class='gallery-icon portrait'>
				<a href='https://apacame.org.br/site/wp-content/uploads/2015/12/Nivia-Essenciale.jpg'><img decoding="async" width="71" height="93" src="https://apacame.org.br/site/wp-content/uploads/2015/12/Nivia-Essenciale.jpg" class="attachment-medium size-medium" alt="" aria-describedby="gallery-1-945" /></a>
			</div>
				<figcaption class='wp-caption-text gallery-caption' id='gallery-1-945'>
				A farmacêutica e diretora da Essenciale, Nívia Alcici, atuou como moderadora e apresentadora no workshop.
				</figcaption></figure><figure class='gallery-item'>
			<div class='gallery-icon portrait'>
				<a href='https://apacame.org.br/site/wp-content/uploads/2015/12/Premiação-Celio-Apis-Nativa.jpg'><img loading="lazy" decoding="async" width="226" height="300" src="https://apacame.org.br/site/wp-content/uploads/2015/12/Premiação-Celio-Apis-Nativa-226x300.jpg" class="attachment-medium size-medium" alt="" aria-describedby="gallery-1-946" srcset="https://apacame.org.br/site/wp-content/uploads/2015/12/Premiação-Celio-Apis-Nativa-226x300.jpg 226w, https://apacame.org.br/site/wp-content/uploads/2015/12/Premiação-Celio-Apis-Nativa-150x199.jpg 150w, https://apacame.org.br/site/wp-content/uploads/2015/12/Premiação-Celio-Apis-Nativa-377x500.jpg 377w, https://apacame.org.br/site/wp-content/uploads/2015/12/Premiação-Celio-Apis-Nativa.jpg 709w" sizes="(max-width: 226px) 100vw, 226px" /></a>
			</div>
				<figcaption class='wp-caption-text gallery-caption' id='gallery-1-946'>
				Apimondia premiação de Celio Santos Silvia da Apis Nativa
				</figcaption></figure>
		</div>

<p>Empresas apícolas brasileiras são premiadas na Apimondia Duas empresas brasileiras do setor apícola foram premiadas com sete medalhas em categorias importantes durante a 44ª Apimondia, principal evento da apicultura mundial. [&hellip;]</p>
