{"id":1055,"date":"2015-12-16T23:21:18","date_gmt":"2015-12-16T23:21:18","guid":{"rendered":"http:\/\/apacame.org.br\/site\/?page_id=1055"},"modified":"2015-12-16T23:21:18","modified_gmt":"2015-12-16T23:21:18","slug":"flora-melifera","status":"publish","type":"page","link":"https:\/\/apacame.org.br\/site\/revista\/mensagem-doce-n-134-novembro-de-2015\/flora-melifera\/","title":{"rendered":"FLORA MEL\u00cdFERA"},"content":{"rendered":"<div style=\"text-align: center;\">\n<h1>Marianeira<br \/>\nAcnistus arborescens (L.) Schltdl.<\/h1>\n<\/div>\n<blockquote><p>Jos\u00e9 Luciano Panigassi<br \/>\nCoordenador Adjunto do Setor de Meliponicultura da APACAME<br \/>\ne-mail: <a href=\"mailto:jlpmelipona@hotmail.com\">jlpmelipona@hotmail.com<\/a><\/p><\/blockquote>\n<p><span style=\"font-size: large;\">Uma das plantas que possui uma enorme import\u00e2ncia para a manuten\u00e7\u00e3o da vida de muitas esp\u00e9cies de abelhas ind\u00edgenas sem ferr\u00e3o (melipon\u00edneos), abelhas africanizadas ( Apis mellifera), p\u00e1ssaros e peixes.<\/span><\/p>\n<p><span style=\"font-size: large;\">Conhecida por Marianeira ou Fruto de Sabi\u00e1 Acnistus arborescens, \u00e9 um arbusto da fam\u00edlia Solanaceae, que atinge 4m de altura, folhas simples, grandes, flores caulinares, fasciculatas, campanuladas e hermafroditas, de colora\u00e7\u00e3o branco esverdeado, com aproximadamente 3,2 cm de comprimento e 5,5 mm de di\u00e2metro.<\/span><\/p>\n<p><span style=\"font-size: large;\">As floradas da Marianeira Acnistus arborescens ocorrem varias vezes ao ano, proporcionando um espet\u00e1culo visual e nos presenteando com um perfume muito suave e agrad\u00e1vel, que \u00e9 poss\u00edvel sentir at\u00e9 alguns metros de dist\u00e2ncia da planta.<\/span><\/p>\n<p><span style=\"font-size: large;\">Cada flor dura apenas 1 dia, por\u00e9m as infloresc\u00eancias se apresentam em diferentes fases de desenvolvimento, permitindo com que a planta forne\u00e7a n\u00e9ctar e p\u00f3len \u00e0s abelhas por um bom per\u00edodo e, frutos com matura\u00e7\u00f5es tamb\u00e9m gradativas, proporcionando alimenta\u00e7\u00e3o excelente a diversas esp\u00e9cies de p\u00e1ssaros e peixes.<\/span><\/p>\n<p><span style=\"font-size: large;\"> As abelhas que observei nas floradas da Marianeira Acnistus arborescens, foram: Manda\u00e7aia Melipona quadrifasciata anthidioides, Jata\u00ed Tetragonisca angustula, Mirim Plebeia sp., Mirim pregui\u00e7a Friesella schrottkyi, Mandaguar\u00ed Scaptotrigona posti\u00e7a, Manduri Melipona marginata, mas outras abelhas ind\u00edgenas sem ferr\u00e3o as visitam tamb\u00e9m, sendo uma planta muito procurada pelo g\u00eanero Melipona.<\/span><\/p>\n<p><span style=\"font-size: large;\">A reprodu\u00e7\u00e3o da Marianeira Acnistus arborescens, \u00e9 feita atrav\u00e9s de sementes e estacas.<\/span><\/p>\n<p><span style=\"font-size: large;\">A mais interessante \u00e9, a reprodu\u00e7\u00e3o por estacas pois, permite um r\u00e1pido desenvolvimento das mudas em rela\u00e7\u00e3o as produzidas por sementes.<\/span><\/p>\n<p><span style=\"font-size: large;\">Um fator extraordin\u00e1rio \u00e9 observar que atrav\u00e9s da utiliza\u00e7\u00e3o de estacas na forma\u00e7\u00e3o das mudas, surgem em boa parte das vezes as flores primeiramente e, logo em seguida as folhas. As vezes brotam as folhas e flores ao mesmo tempo. Ent\u00e3o isso representa um fornecimento de n\u00e9ctar e p\u00f3len a curto prazo \u00e0s abelhas e, conseq\u00fcentemente frutos \u00e0 fauna.<\/span><\/p>\n<p><span style=\"font-size: large;\">\u00c9 necess\u00e1ria a procura por plantas mel\u00edferas de r\u00e1pido desenvolvimento, pois muitos melipon\u00e1rios est\u00e3o em \u00e1reas urbanas, onde o espa\u00e7o para plantas \u00e9 restrito e, o meliponicultor tem urg\u00eancia em fornecer \u00e0s suas abelhas, n\u00e9ctar e p\u00f3len de forma mais r\u00e1pida.<\/span><\/p>\n<p><span style=\"font-size: large;\">A Marianeira Acnistus arborescens pode tamb\u00e9m ser mantida em jardins, quintais e, em vasos grandes, conduzidas e monitoradas por podas.<\/span><\/p>\n<p><span style=\"font-size: large;\">\u00c9 fundamental que todo reflorestamento tenha em sua lista, essa ess\u00eancia vegetal de grande import\u00e2ncia para a manuten\u00e7\u00e3o da vida.<\/span><\/p>\n<div id='gallery-1' class='gallery galleryid-1055 gallery-columns-3 gallery-size-medium'><figure class='gallery-item'>\n\t\t\t<div class='gallery-icon landscape'>\n\t\t\t\t<a href='https:\/\/apacame.org.br\/site\/wp-content\/uploads\/2015\/12\/Florada-da-Marianeira.jpg'><img fetchpriority=\"high\" decoding=\"async\" width=\"300\" height=\"225\" src=\"https:\/\/apacame.org.br\/site\/wp-content\/uploads\/2015\/12\/Florada-da-Marianeira-300x225.jpg\" class=\"attachment-medium size-medium\" alt=\"\" aria-describedby=\"gallery-1-1056\" srcset=\"https:\/\/apacame.org.br\/site\/wp-content\/uploads\/2015\/12\/Florada-da-Marianeira-300x225.jpg 300w, https:\/\/apacame.org.br\/site\/wp-content\/uploads\/2015\/12\/Florada-da-Marianeira-150x113.jpg 150w, https:\/\/apacame.org.br\/site\/wp-content\/uploads\/2015\/12\/Florada-da-Marianeira-500x375.jpg 500w, https:\/\/apacame.org.br\/site\/wp-content\/uploads\/2015\/12\/Florada-da-Marianeira.jpg 560w\" sizes=\"(max-width: 300px) 100vw, 300px\" \/><\/a>\n\t\t\t<\/div>\n\t\t\t\t<figcaption class='wp-caption-text gallery-caption' id='gallery-1-1056'>\n\t\t\t\tAs floradas da Marianeira Acnistus arborescens ocorrem varias vezes ao ano\n\t\t\t\t<\/figcaption><\/figure><figure class='gallery-item'>\n\t\t\t<div class='gallery-icon portrait'>\n\t\t\t\t<a href='https:\/\/apacame.org.br\/site\/wp-content\/uploads\/2015\/12\/Muda-de-Marianeira.jpg'><img decoding=\"async\" width=\"219\" height=\"300\" src=\"https:\/\/apacame.org.br\/site\/wp-content\/uploads\/2015\/12\/Muda-de-Marianeira-219x300.jpg\" class=\"attachment-medium size-medium\" alt=\"\" aria-describedby=\"gallery-1-1058\" srcset=\"https:\/\/apacame.org.br\/site\/wp-content\/uploads\/2015\/12\/Muda-de-Marianeira-219x300.jpg 219w, https:\/\/apacame.org.br\/site\/wp-content\/uploads\/2015\/12\/Muda-de-Marianeira-150x206.jpg 150w, https:\/\/apacame.org.br\/site\/wp-content\/uploads\/2015\/12\/Muda-de-Marianeira-365x500.jpg 365w, https:\/\/apacame.org.br\/site\/wp-content\/uploads\/2015\/12\/Muda-de-Marianeira.jpg 561w\" sizes=\"(max-width: 219px) 100vw, 219px\" \/><\/a>\n\t\t\t<\/div>\n\t\t\t\t<figcaption class='wp-caption-text gallery-caption' id='gallery-1-1058'>\n\t\t\t\tUm fator extraordin\u00e1rio \u00e9 observar que atrav\u00e9s da utiliza\u00e7\u00e3o de estacas na forma\u00e7\u00e3o das mudas, surgem em boa parte das vezes as flores primeiramente e, logo em seguida as folhas.\n\t\t\t\t<\/figcaption><\/figure><figure class='gallery-item'>\n\t\t\t<div class='gallery-icon landscape'>\n\t\t\t\t<a href='https:\/\/apacame.org.br\/site\/wp-content\/uploads\/2015\/12\/Mel-da-florada-da-Marianeira_2.jpg'><img decoding=\"async\" width=\"300\" height=\"225\" src=\"https:\/\/apacame.org.br\/site\/wp-content\/uploads\/2015\/12\/Mel-da-florada-da-Marianeira_2-300x225.jpg\" class=\"attachment-medium size-medium\" alt=\"\" aria-describedby=\"gallery-1-1057\" srcset=\"https:\/\/apacame.org.br\/site\/wp-content\/uploads\/2015\/12\/Mel-da-florada-da-Marianeira_2-300x225.jpg 300w, https:\/\/apacame.org.br\/site\/wp-content\/uploads\/2015\/12\/Mel-da-florada-da-Marianeira_2.jpg 1024w, https:\/\/apacame.org.br\/site\/wp-content\/uploads\/2015\/12\/Mel-da-florada-da-Marianeira_2-150x113.jpg 150w, https:\/\/apacame.org.br\/site\/wp-content\/uploads\/2015\/12\/Mel-da-florada-da-Marianeira_2-500x375.jpg 500w\" sizes=\"(max-width: 300px) 100vw, 300px\" \/><\/a>\n\t\t\t<\/div>\n\t\t\t\t<figcaption class='wp-caption-text gallery-caption' id='gallery-1-1057'>\n\t\t\t\tColora\u00e7\u00e3o verde do mel de Marianeira\n\t\t\t\t<\/figcaption><\/figure>\n\t\t<\/div>\n\n","protected":false},"excerpt":{"rendered":"<p>Marianeira Acnistus arborescens (L.) Schltdl. Jos\u00e9 Luciano Panigassi Coordenador Adjunto do Setor de Meliponicultura da APACAME e-mail: jlpmelipona@hotmail.com Uma das plantas que possui uma enorme import\u00e2ncia para a manuten\u00e7\u00e3o da [&hellip;]<\/p>\n","protected":false},"author":1,"featured_media":0,"parent":867,"menu_order":0,"comment_status":"open","ping_status":"open","template":"","meta":{"pmpro_default_level":"","_price":"","_stock":"","_tribe_ticket_header":"","_tribe_default_ticket_provider":"","_tribe_ticket_capacity":"0","_ticket_start_date":"","_ticket_end_date":"","_tribe_ticket_show_description":"","_tribe_ticket_show_not_going":false,"_tribe_ticket_use_global_stock":"","_tribe_ticket_global_stock_level":"","_global_stock_mode":"","_global_stock_cap":"","_tribe_rsvp_for_event":"","_tribe_ticket_going_count":"","_tribe_ticket_not_going_count":"","_tribe_tickets_list":"[]","_tribe_ticket_has_attendee_info_fields":false,"cybocfi_hide_featured_image":"","footnotes":""},"class_list":["post-1055","page","type-page","status-publish","hentry","pmpro-has-access"],"_links":{"self":[{"href":"https:\/\/apacame.org.br\/site\/wp-json\/wp\/v2\/pages\/1055"}],"collection":[{"href":"https:\/\/apacame.org.br\/site\/wp-json\/wp\/v2\/pages"}],"about":[{"href":"https:\/\/apacame.org.br\/site\/wp-json\/wp\/v2\/types\/page"}],"author":[{"embeddable":true,"href":"https:\/\/apacame.org.br\/site\/wp-json\/wp\/v2\/users\/1"}],"replies":[{"embeddable":true,"href":"https:\/\/apacame.org.br\/site\/wp-json\/wp\/v2\/comments?post=1055"}],"version-history":[{"count":1,"href":"https:\/\/apacame.org.br\/site\/wp-json\/wp\/v2\/pages\/1055\/revisions"}],"predecessor-version":[{"id":1059,"href":"https:\/\/apacame.org.br\/site\/wp-json\/wp\/v2\/pages\/1055\/revisions\/1059"}],"up":[{"embeddable":true,"href":"https:\/\/apacame.org.br\/site\/wp-json\/wp\/v2\/pages\/867"}],"wp:attachment":[{"href":"https:\/\/apacame.org.br\/site\/wp-json\/wp\/v2\/media?parent=1055"}],"curies":[{"name":"wp","href":"https:\/\/api.w.org\/{rel}","templated":true}]}}

FLORA MELÍFERA

<div style="text-align: center;">
<h1>Marianeira<br />
Acnistus arborescens (L.) Schltdl.</h1>
</div>
<blockquote><p>José Luciano Panigassi<br />
Coordenador Adjunto do Setor de Meliponicultura da APACAME<br />
e-mail: <a href="mailto:jlpmelipona@hotmail.com">jlpmelipona@hotmail.com</a></p></blockquote>
<p><span style="font-size: large;">Uma das plantas que possui uma enorme importância para a manutenção da vida de muitas espécies de abelhas indígenas sem ferrão (meliponíneos), abelhas africanizadas ( Apis mellifera), pássaros e peixes.</span></p>
<p><span style="font-size: large;">Conhecida por Marianeira ou Fruto de Sabiá Acnistus arborescens, é um arbusto da família Solanaceae, que atinge 4m de altura, folhas simples, grandes, flores caulinares, fasciculatas, campanuladas e hermafroditas, de coloração branco esverdeado, com aproximadamente 3,2 cm de comprimento e 5,5 mm de diâmetro.</span></p>
<p><span style="font-size: large;">As floradas da Marianeira Acnistus arborescens ocorrem varias vezes ao ano, proporcionando um espetáculo visual e nos presenteando com um perfume muito suave e agradável, que é possível sentir até alguns metros de distância da planta.</span></p>
<p><span style="font-size: large;">Cada flor dura apenas 1 dia, porém as inflorescências se apresentam em diferentes fases de desenvolvimento, permitindo com que a planta forneça néctar e pólen às abelhas por um bom período e, frutos com maturações também gradativas, proporcionando alimentação excelente a diversas espécies de pássaros e peixes.</span></p>
<p><span style="font-size: large;"> As abelhas que observei nas floradas da Marianeira Acnistus arborescens, foram: Mandaçaia Melipona quadrifasciata anthidioides, Jataí Tetragonisca angustula, Mirim Plebeia sp., Mirim preguiça Friesella schrottkyi, Mandaguarí Scaptotrigona postiça, Manduri Melipona marginata, mas outras abelhas indígenas sem ferrão as visitam também, sendo uma planta muito procurada pelo gênero Melipona.</span></p>
<p><span style="font-size: large;">A reprodução da Marianeira Acnistus arborescens, é feita através de sementes e estacas.</span></p>
<p><span style="font-size: large;">A mais interessante é, a reprodução por estacas pois, permite um rápido desenvolvimento das mudas em relação as produzidas por sementes.</span></p>
<p><span style="font-size: large;">Um fator extraordinário é observar que através da utilização de estacas na formação das mudas, surgem em boa parte das vezes as flores primeiramente e, logo em seguida as folhas. As vezes brotam as folhas e flores ao mesmo tempo. Então isso representa um fornecimento de néctar e pólen a curto prazo às abelhas e, conseqüentemente frutos à fauna.</span></p>
<p><span style="font-size: large;">É necessária a procura por plantas melíferas de rápido desenvolvimento, pois muitos meliponários estão em áreas urbanas, onde o espaço para plantas é restrito e, o meliponicultor tem urgência em fornecer às suas abelhas, néctar e pólen de forma mais rápida.</span></p>
<p><span style="font-size: large;">A Marianeira Acnistus arborescens pode também ser mantida em jardins, quintais e, em vasos grandes, conduzidas e monitoradas por podas.</span></p>
<p><span style="font-size: large;">É fundamental que todo reflorestamento tenha em sua lista, essa essência vegetal de grande importância para a manutenção da vida.</span></p>
<div id='gallery-1' class='gallery galleryid-1055 gallery-columns-3 gallery-size-medium'><figure class='gallery-item'>
			<div class='gallery-icon landscape'>
				<a href='https://apacame.org.br/site/wp-content/uploads/2015/12/Florada-da-Marianeira.jpg'><img fetchpriority="high" decoding="async" width="300" height="225" src="https://apacame.org.br/site/wp-content/uploads/2015/12/Florada-da-Marianeira-300x225.jpg" class="attachment-medium size-medium" alt="" aria-describedby="gallery-1-1056" srcset="https://apacame.org.br/site/wp-content/uploads/2015/12/Florada-da-Marianeira-300x225.jpg 300w, https://apacame.org.br/site/wp-content/uploads/2015/12/Florada-da-Marianeira-150x113.jpg 150w, https://apacame.org.br/site/wp-content/uploads/2015/12/Florada-da-Marianeira-500x375.jpg 500w, https://apacame.org.br/site/wp-content/uploads/2015/12/Florada-da-Marianeira.jpg 560w" sizes="(max-width: 300px) 100vw, 300px" /></a>
			</div>
				<figcaption class='wp-caption-text gallery-caption' id='gallery-1-1056'>
				As floradas da Marianeira Acnistus arborescens ocorrem varias vezes ao ano
				</figcaption></figure><figure class='gallery-item'>
			<div class='gallery-icon portrait'>
				<a href='https://apacame.org.br/site/wp-content/uploads/2015/12/Muda-de-Marianeira.jpg'><img decoding="async" width="219" height="300" src="https://apacame.org.br/site/wp-content/uploads/2015/12/Muda-de-Marianeira-219x300.jpg" class="attachment-medium size-medium" alt="" aria-describedby="gallery-1-1058" srcset="https://apacame.org.br/site/wp-content/uploads/2015/12/Muda-de-Marianeira-219x300.jpg 219w, https://apacame.org.br/site/wp-content/uploads/2015/12/Muda-de-Marianeira-150x206.jpg 150w, https://apacame.org.br/site/wp-content/uploads/2015/12/Muda-de-Marianeira-365x500.jpg 365w, https://apacame.org.br/site/wp-content/uploads/2015/12/Muda-de-Marianeira.jpg 561w" sizes="(max-width: 219px) 100vw, 219px" /></a>
			</div>
				<figcaption class='wp-caption-text gallery-caption' id='gallery-1-1058'>
				Um fator extraordinário é observar que através da utilização de estacas na formação das mudas, surgem em boa parte das vezes as flores primeiramente e, logo em seguida as folhas.
				</figcaption></figure><figure class='gallery-item'>
			<div class='gallery-icon landscape'>
				<a href='https://apacame.org.br/site/wp-content/uploads/2015/12/Mel-da-florada-da-Marianeira_2.jpg'><img decoding="async" width="300" height="225" src="https://apacame.org.br/site/wp-content/uploads/2015/12/Mel-da-florada-da-Marianeira_2-300x225.jpg" class="attachment-medium size-medium" alt="" aria-describedby="gallery-1-1057" srcset="https://apacame.org.br/site/wp-content/uploads/2015/12/Mel-da-florada-da-Marianeira_2-300x225.jpg 300w, https://apacame.org.br/site/wp-content/uploads/2015/12/Mel-da-florada-da-Marianeira_2.jpg 1024w, https://apacame.org.br/site/wp-content/uploads/2015/12/Mel-da-florada-da-Marianeira_2-150x113.jpg 150w, https://apacame.org.br/site/wp-content/uploads/2015/12/Mel-da-florada-da-Marianeira_2-500x375.jpg 500w" sizes="(max-width: 300px) 100vw, 300px" /></a>
			</div>
				<figcaption class='wp-caption-text gallery-caption' id='gallery-1-1057'>
				Coloração verde do mel de Marianeira
				</figcaption></figure>
		</div>

<p>Marianeira Acnistus arborescens (L.) Schltdl. José Luciano Panigassi Coordenador Adjunto do Setor de Meliponicultura da APACAME e-mail: jlpmelipona@hotmail.com Uma das plantas que possui uma enorme importância para a manutenção da [&hellip;]</p>
